000
CDUS41 KLWX 232123
CLICHO


CLIMATE REPORT
NATIONAL WEATHER SERVICE BALTIMORE MD/WASHINGTON DC
523 PM EDT SUN APR 23 2017


...................................

...THE CHARLOTTESVILLE VA CLIMATE SUMMARY FOR APRIL 23 2017...
VALID TODAY AS OF 0500 PM LOCAL TIME.

CLIMATE NORMAL PERIOD 1981 TO 2010
CLIMATE RECORD PERIOD 1889 TO 2017


WEATHER ITEM   OBSERVED TIME   RECORD YEAR NORMAL DEPARTURE LAST
                VALUE   (LST)  VALUE       VALUE  FROM      YEAR
                                                  NORMAL
..................................................................
TEMPERATURE (F)
 TODAY
  MAXIMUM         58    341 PM  MM      MM  70    -12       75
  MINIMUM         49    741 AM  MM      MM  45      4       56
  AVERAGE         54                        57     -3       66

PRECIPITATION (IN)
  TODAY            T                         0.12  -0.12     0.02
  MONTH TO DATE    1.70                      2.62  -0.92     1.23
  SINCE MAR 1      4.43                      6.28  -1.85     2.72
  SINCE JAN 1      7.67                     11.75  -4.08     8.84

DEGREE DAYS
 HEATING
  TODAY           11                                         0
  MONTH TO DATE  102                                       225
  SINCE MAR 1    606                                       568
  SINCE JUL 1   2979                                      3326

 COOLING
  TODAY            0                                         1
  MONTH TO DATE   50                                        13
  SINCE MAR 1     54                                        17
  SINCE JAN 1     55                                        17
..................................................................


WIND (MPH)
  HIGHEST WIND SPEED    15   HIGHEST WIND DIRECTION    NE (30)
  HIGHEST GUST SPEED    19   HIGHEST GUST DIRECTION    NE (50)
  AVERAGE WIND SPEED     6.9


SKY COVER
  POSSIBLE SUNSHINE  MM
  AVERAGE SKY COVER 0.4


WEATHER CONDITIONS
 THE FOLLOWING WEATHER WAS RECORDED TODAY.
  LIGHT RAIN
  FOG


RELATIVE HUMIDITY (PERCENT)
 HIGHEST    96           200 AM
 LOWEST     55          1000 AM
 AVERAGE    76

..........................................................


THE CHARLOTTESVILLE VA CLIMATE NORMALS FOR TOMORROW
                         NORMAL    RECORD    YEAR
 MAXIMUM TEMPERATURE (F)   70        MM        MM
 MINIMUM TEMPERATURE (F)   45        MM        MM


SUNRISE AND SUNSET
APRIL 23 2017.........SUNRISE   627 AM EDT   SUNSET   758 PM EDT
APRIL 24 2017.........SUNRISE   626 AM EDT   SUNSET   759 PM EDT


-  INDICATES NEGATIVE NUMBERS.
R  INDICATES RECORD WAS SET OR TIED.
MM INDICATES DATA IS MISSING.
T  INDICATES TRACE AMOUNT.




$$
