000
CDUS41 KLWX 312130
CLICHO


CLIMATE REPORT
NATIONAL WEATHER SERVICE BALTIMORE MD/WASHINGTON DC
529 PM EDT THU JUL 31 2014


...................................

...THE CHARLOTTESVILLE VA CLIMATE SUMMARY FOR JULY 31 2014...
VALID TODAY AS OF 0500 PM LOCAL TIME.

CLIMATE NORMAL PERIOD 1981 TO 2010
CLIMATE RECORD PERIOD 1889 TO 2014


WEATHER ITEM   OBSERVED TIME   RECORD YEAR NORMAL DEPARTURE LAST
                VALUE   (LST)  VALUE       VALUE  FROM      YEAR
                                                  NORMAL
..................................................................
TEMPERATURE (F)
 TODAY
  MAXIMUM         85    124 PM  MM      MM  86     -1       79
  MINIMUM         57    527 AM  MM      MM  65     -8       63
  AVERAGE         71                        75     -4       71

PRECIPITATION (IN)
  TODAY            0.00                      0.14  -0.14     0.06
  MONTH TO DATE    3.05                      4.32  -1.27     3.71
  SINCE JUN 1      5.90                      8.05  -2.15    10.77
  SINCE JAN 1     24.17                     24.52  -0.35    27.40

DEGREE DAYS
 HEATING
  TODAY            0                                         0
  MONTH TO DATE    0                                         0
  SINCE JUN 1      2                                         2
  SINCE JUL 1      0                                         0

 COOLING
  TODAY            6                                         6
  MONTH TO DATE  305                                       374
  SINCE JUN 1    577                                       620
  SINCE JAN 1    693                                       767
..................................................................


WIND (MPH)
  HIGHEST WIND SPEED    13   HIGHEST WIND DIRECTION     S (180)
  HIGHEST GUST SPEED    20   HIGHEST GUST DIRECTION     S (190)
  AVERAGE WIND SPEED     4.0


SKY COVER
  POSSIBLE SUNSHINE  MM
  AVERAGE SKY COVER 0.0


WEATHER CONDITIONS
 THE FOLLOWING WEATHER WAS RECORDED TODAY.
  FOG


RELATIVE HUMIDITY (PERCENT)
 HIGHEST    93           300 AM
 LOWEST     37           200 PM
 AVERAGE    65

..........................................................


THE CHARLOTTESVILLE VA CLIMATE NORMALS FOR TOMORROW
                         NORMAL    RECORD    YEAR
 MAXIMUM TEMPERATURE (F)   86        MM        MM
 MINIMUM TEMPERATURE (F)   65        MM        MM


SUNRISE AND SUNSET
JULY 31 2014..........SUNRISE   616 AM EDT   SUNSET   824 PM EDT
AUGUST  1 2014........SUNRISE   616 AM EDT   SUNSET   823 PM EDT


-  INDICATES NEGATIVE NUMBERS.
R  INDICATES RECORD WAS SET OR TIED.
MM INDICATES DATA IS MISSING.
T  INDICATES TRACE AMOUNT.




$$
