000
CDUS41 KLWX 240540
CLICHO


CLIMATE REPORT
NATIONAL WEATHER SERVICE BALTIMORE MD/WASHINGTON DC
140 AM EDT MON JUL 24 2017


...................................

...THE CHARLOTTESVILLE VA CLIMATE SUMMARY FOR JULY 23 2017...

CLIMATE NORMAL PERIOD 1981 TO 2010
CLIMATE RECORD PERIOD 1998 TO 2017


WEATHER ITEM   OBSERVED TIME   RECORD YEAR NORMAL DEPARTURE LAST
                VALUE   (LST)  VALUE       VALUE  FROM      YEAR
                                                  NORMAL
..................................................................
TEMPERATURE (F)
 YESTERDAY
  MAXIMUM         94    321 PM  MM      MM  86      8       99
  MINIMUM         74    453 AM  MM      MM  65      9       72
  AVERAGE         84                        75      9       86

PRECIPITATION (IN)
  YESTERDAY        T                         0.16  -0.16     0.00
  MONTH TO DATE    1.43                      3.19  -1.76     1.09
  SINCE JUN 1      4.20                      6.92  -2.72     4.84
  SINCE JAN 1     21.75                     23.39  -1.64    21.35

DEGREE DAYS
 HEATING
  YESTERDAY        0                         0      0        0
  MONTH TO DATE    0                         0      0        0
  SINCE JUN 1      1                        11    -10        0
  SINCE JUL 1      0                         0      0        0

 COOLING
  YESTERDAY       19                        10      9       21
  MONTH TO DATE  387                       247    140      331
  SINCE JUN 1    679                       466    213      618
  SINCE JAN 1    889                       552    337      731
..................................................................


WIND (MPH)
  HIGHEST WIND SPEED    21   HIGHEST WIND DIRECTION     S (200)
  HIGHEST GUST SPEED    29   HIGHEST GUST DIRECTION     S (190)
  AVERAGE WIND SPEED     3.4


SKY COVER
  POSSIBLE SUNSHINE  MM
  AVERAGE SKY COVER 0.3


WEATHER CONDITIONS
 THE FOLLOWING WEATHER WAS RECORDED YESTERDAY.
  LIGHT RAIN
  FOG


RELATIVE HUMIDITY (PERCENT)
 HIGHEST    94          1200 AM
 LOWEST     41           400 PM
 AVERAGE    68

..........................................................


THE CHARLOTTESVILLE VA CLIMATE NORMALS FOR TODAY
                         NORMAL    RECORD    YEAR
 MAXIMUM TEMPERATURE (F)   86        MM        MM
 MINIMUM TEMPERATURE (F)   65        MM        MM


SUNRISE AND SUNSET
JULY 24 2017..........SUNRISE   610 AM EDT   SUNSET   830 PM EDT
JULY 25 2017..........SUNRISE   611 AM EDT   SUNSET   829 PM EDT


-  INDICATES NEGATIVE NUMBERS.
R  INDICATES RECORD WAS SET OR TIED.
MM INDICATES DATA IS MISSING.
T  INDICATES TRACE AMOUNT.




$$
