000
CDUS41 KLWX 010536
CLICHO


CLIMATE REPORT
NATIONAL WEATHER SERVICE BALTIMORE MD/WASHINGTON DC
129 AM EDT SAT OCT 1 2016


...................................

...THE CHARLOTTESVILLE VA CLIMATE SUMMARY FOR SEPTEMBER 30 2016...

CLIMATE NORMAL PERIOD 1981 TO 2010
CLIMATE RECORD PERIOD 1889 TO 2016


WEATHER ITEM   OBSERVED TIME   RECORD YEAR NORMAL DEPARTURE LAST
                VALUE   (LST)  VALUE       VALUE  FROM      YEAR
                                                  NORMAL
..................................................................
TEMPERATURE (F)
 YESTERDAY
  MAXIMUM         66    123 AM  MM      MM  73     -7       78
  MINIMUM         62    855 PM  MM      MM  50     12       66
  AVERAGE         64                        61      3       72

PRECIPITATION (IN)
  YESTERDAY        0.16                      0.20  -0.04      T
  MONTH TO DATE    3.66                      4.48  -0.82     6.87
  SINCE SEP 1      3.66                      4.48  -0.82     6.87
  SINCE JAN 1     29.62                     32.62  -3.00    34.20

DEGREE DAYS
 HEATING
  YESTERDAY        1                         5     -4        0
  MONTH TO DATE    1                        54    -53       12
  SINCE SEP 1      1                        55    -54       12
  SINCE JUL 1      1                        58    -57       12

 COOLING
  YESTERDAY        0                         1     -1        7
  MONTH TO DATE  294                       111    183      179
  SINCE SEP 1    294                       111    183      179
  SINCE JAN 1   1638                      1021    617     1337
..................................................................


WIND (MPH)
  HIGHEST WIND SPEED    20   HIGHEST WIND DIRECTION    NE (30)
  HIGHEST GUST SPEED    24   HIGHEST GUST DIRECTION    NE (40)
  AVERAGE WIND SPEED    12.6


SKY COVER
  POSSIBLE SUNSHINE  MM
  AVERAGE SKY COVER 1.0


WEATHER CONDITIONS
 THE FOLLOWING WEATHER WAS RECORDED YESTERDAY.
  LIGHT RAIN
  FOG


RELATIVE HUMIDITY (PERCENT)
 HIGHEST    93          1200 AM
 LOWEST     87           400 AM
 AVERAGE    90

..........................................................


THE CHARLOTTESVILLE VA CLIMATE NORMALS FOR TODAY
                         NORMAL    RECORD    YEAR
 MAXIMUM TEMPERATURE (F)   73        MM        MM
 MINIMUM TEMPERATURE (F)   49        MM        MM


SUNRISE AND SUNSET
OCTOBER  1 2016.......SUNRISE   710 AM EDT   SUNSET   656 PM EDT
OCTOBER  2 2016.......SUNRISE   711 AM EDT   SUNSET   654 PM EDT


-  INDICATES NEGATIVE NUMBERS.
R  INDICATES RECORD WAS SET OR TIED.
MM INDICATES DATA IS MISSING.
T  INDICATES TRACE AMOUNT.




$$
