362
CDUS42 KCHS 282107
CLICHS


CLIMATE REPORT
NATIONAL WEATHER SERVICE CHARLESTON SC
507 PM EDT FRI APR 28 2017


...................................

...THE NORTH CHARLESTON SC CLIMATE SUMMARY FOR APRIL 28 2017...
VALID TODAY AS OF 0500 PM LOCAL TIME.

CLIMATE NORMAL PERIOD 1981 TO 2010
CLIMATE RECORD PERIOD 1938 TO 2017


WEATHER ITEM   OBSERVED TIME   RECORD YEAR NORMAL DEPARTURE LAST
                VALUE   (LST)  VALUE       VALUE  FROM      YEAR
                                                  NORMAL
..................................................................
TEMPERATURE (F)
 TODAY
  MAXIMUM         86    102 PM  93    1981  79      7       87
                                      1942
  MINIMUM         72    612 AM  40    1967  56     16       68
  AVERAGE         79                        68     11       78

PRECIPITATION (IN)
  TODAY            0.00          3.73 1997   0.09  -0.09     1.47
  MONTH TO DATE    6.22                      2.72   3.50     2.61
  SINCE MAR 1      7.24                      6.43   0.81     5.80
  SINCE JAN 1     11.42                     13.10  -1.68    14.09

SNOWFALL (IN)
  TODAY            0.0                       0.0    0.0
  SINCE MAR 1      T                         0.0    0.0
  SINCE JUL 1      T                         0.5   -0.5

DEGREE DAYS
 HEATING
  TODAY            0                         1     -1        0
  MONTH TO DATE   23                        86    -63       68
  SINCE MAR 1    257                       325    -68      176
  SINCE JUL 1   1225                      1961   -736     1353

 COOLING
  TODAY           14                         4     10       13
  MONTH TO DATE  153                        76     77       80
  SINCE MAR 1    212                       103    109      176
  SINCE JAN 1    247                       110    137      184
..................................................................


WIND (MPH)
  HIGHEST WIND SPEED    21   HIGHEST WIND DIRECTION     S (190)
  HIGHEST GUST SPEED    25   HIGHEST GUST DIRECTION     S (190)
  AVERAGE WIND SPEED    11.6


SKY COVER
  POSSIBLE SUNSHINE  MM
  AVERAGE SKY COVER 0.6


WEATHER CONDITIONS
 THE FOLLOWING WEATHER WAS RECORDED TODAY.
  FOG


RELATIVE HUMIDITY (PERCENT)
 HIGHEST    93           400 AM
 LOWEST     57          1200 PM
 AVERAGE    75

..........................................................


THE NORTH CHARLESTON SC CLIMATE NORMALS FOR TOMORROW
                         NORMAL    RECORD    YEAR
 MAXIMUM TEMPERATURE (F)   80        92      2002
                                             1970
 MINIMUM TEMPERATURE (F)   57        36      1967


SUNRISE AND SUNSET
APRIL 28 2017.........SUNRISE   636 AM EDT   SUNSET   800 PM EDT
APRIL 29 2017.........SUNRISE   635 AM EDT   SUNSET   801 PM EDT


-  INDICATES NEGATIVE NUMBERS.
R  INDICATES RECORD WAS SET OR TIED.
MM INDICATES DATA IS MISSING.
T  INDICATES TRACE AMOUNT.




$$
