000
CDUS42 KCHS 300623
CLICHS


CLIMATE REPORT
NATIONAL WEATHER SERVICE CHARLESTON SC
223 AM EDT TUE AUG 30 2016


...................................

...THE NORTH CHARLESTON SC CLIMATE SUMMARY FOR AUGUST 29 2016...

CLIMATE NORMAL PERIOD 1981 TO 2010
CLIMATE RECORD PERIOD 1938 TO 2016


WEATHER ITEM   OBSERVED TIME   RECORD YEAR NORMAL DEPARTURE LAST
                VALUE   (LST)  VALUE       VALUE  FROM      YEAR
                                                  NORMAL
..................................................................
TEMPERATURE (F)
 YESTERDAY
  MAXIMUM         91    114 PM  97    1990  88      3       85
  MINIMUM         75   1041 PM  57    1986  71      4       71
  AVERAGE         83                        80      3       78

PRECIPITATION (IN)
  YESTERDAY        0.01          3.98 2004   0.24  -0.23      T
  MONTH TO DATE    3.65                      6.67  -3.02     3.82
  SINCE JUN 1     11.17                     18.85  -7.68    19.23
  SINCE JAN 1     31.92                     35.16  -3.24    34.45

DEGREE DAYS
 HEATING
  YESTERDAY        0                         0      0        0
  MONTH TO DATE    0                         0      0        0
  SINCE JUN 1      0                         1     -1        0
  SINCE JUL 1      0                         0      0        0

 COOLING
  YESTERDAY       18                        15      3       13
  MONTH TO DATE  557                       465     92      485
  SINCE JUN 1   1748                      1415    333     1587
  SINCE JAN 1   2243                      1777    466     2020
..................................................................


WIND (MPH)
  HIGHEST WIND SPEED    18   HIGHEST WIND DIRECTION    NE (50)
  HIGHEST GUST SPEED    23   HIGHEST GUST DIRECTION    NE (50)
  AVERAGE WIND SPEED     5.9


SKY COVER
  POSSIBLE SUNSHINE  MM
  AVERAGE SKY COVER 0.6


WEATHER CONDITIONS
 THE FOLLOWING WEATHER WAS RECORDED YESTERDAY.
  THUNDERSTORM
  LIGHT RAIN
  FOG


RELATIVE HUMIDITY (PERCENT)
 HIGHEST    94           200 AM
 LOWEST     59           100 PM
 AVERAGE    77

..........................................................


THE NORTH CHARLESTON SC CLIMATE NORMALS FOR TODAY
                         NORMAL    RECORD    YEAR
 MAXIMUM TEMPERATURE (F)   88        96      1948
 MINIMUM TEMPERATURE (F)   71        59      1986


SUNRISE AND SUNSET
AUGUST 30 2016........SUNRISE   654 AM EDT   SUNSET   747 PM EDT
AUGUST 31 2016........SUNRISE   654 AM EDT   SUNSET   746 PM EDT


-  INDICATES NEGATIVE NUMBERS.
R  INDICATES RECORD WAS SET OR TIED.
MM INDICATES DATA IS MISSING.
T  INDICATES TRACE AMOUNT.




$$
