000
CDUS42 KCHS 020520
CLICHS


CLIMATE REPORT
NATIONAL WEATHER SERVICE CHARLESTON SC
1219 AM EST MON MAR 2 2015


...................................

...THE NORTH CHARLESTON SC CLIMATE SUMMARY FOR MARCH 1 2015...

CLIMATE NORMAL PERIOD 1981 TO 2010
CLIMATE RECORD PERIOD 1938 TO 2015


WEATHER ITEM   OBSERVED TIME   RECORD YEAR NORMAL DEPARTURE LAST
                VALUE   (LST)  VALUE       VALUE  FROM      YEAR
                                                  NORMAL
..................................................................
TEMPERATURE (F)
 YESTERDAY
  MAXIMUM         45    519 PM  82    1997  66    -21       59
                                      1951
  MINIMUM         39    712 AM  23    2002  43     -4       45
  AVERAGE         42                        55    -13       52

PRECIPITATION (IN)
  YESTERDAY        0.14          1.44 2009   0.11   0.03      T
  MONTH TO DATE    0.14                      0.11   0.03      T
  SINCE MAR 1      0.14                      0.11   0.03      T
  SINCE JAN 1      8.07                      6.78   1.29     4.85

SNOWFALL (IN)
  YESTERDAY       MM                         0.0   MM
  SINCE MAR 1     MM                         0.0   MM
  SINCE JUL 1      T                         0.5   -0.5

DEGREE DAYS
 HEATING
  YESTERDAY       23                        11     12       13
  MONTH TO DATE   23                        11     12       13
  SINCE MAR 1     23                        11     12       13
  SINCE JUL 1   1760                      1647    113     1536

 COOLING
  YESTERDAY        0                         0      0        0
  MONTH TO DATE    0                         0      0        0
  SINCE MAR 1      0                         0      0        0
  SINCE JAN 1      4                         7     -3       10
..................................................................


WIND (MPH)
  HIGHEST WIND SPEED    15   HIGHEST WIND DIRECTION     N (20)
  HIGHEST GUST SPEED    18   HIGHEST GUST DIRECTION     N (20)
  AVERAGE WIND SPEED     7.5


SKY COVER
  POSSIBLE SUNSHINE  MM
  AVERAGE SKY COVER 1.0


WEATHER CONDITIONS
 THE FOLLOWING WEATHER WAS RECORDED YESTERDAY.
  RAIN
  LIGHT RAIN
  FOG
  FOG W/VISIBILITY <= 1/4 MILE


RELATIVE HUMIDITY (PERCENT)
 HIGHEST   100           900 PM
 LOWEST     62          1200 AM
 AVERAGE    81

..........................................................


THE NORTH CHARLESTON SC CLIMATE NORMALS FOR TODAY
                         NORMAL    RECORD    YEAR
 MAXIMUM TEMPERATURE (F)   66        85      1997
                                             1976
 MINIMUM TEMPERATURE (F)   44        22      1980


SUNRISE AND SUNSET
MARCH  2 2015.........SUNRISE   647 AM EST   SUNSET   618 PM EST
MARCH  3 2015.........SUNRISE   646 AM EST   SUNSET   619 PM EST


-  INDICATES NEGATIVE NUMBERS.
R  INDICATES RECORD WAS SET OR TIED.
MM INDICATES DATA IS MISSING.
T  INDICATES TRACE AMOUNT.




$$
