000
CDUS42 KCHS 240610
CLICHS


CLIMATE REPORT
NATIONAL WEATHER SERVICE CHARLESTON SC
110 AM EST FRI FEB 24 2017


...................................

...THE NORTH CHARLESTON SC CLIMATE SUMMARY FOR FEBRUARY 23 2017...

CLIMATE NORMAL PERIOD 1981 TO 2010
CLIMATE RECORD PERIOD 1938 TO 2017


WEATHER ITEM   OBSERVED TIME   RECORD YEAR NORMAL DEPARTURE LAST
                VALUE   (LST)  VALUE       VALUE  FROM      YEAR
                                                  NORMAL
..................................................................
TEMPERATURE (F)
 YESTERDAY
  MAXIMUM         79    211 PM  81    2012  65     14       75
                                      1980
  MINIMUM         59   1159 PM  22    1978  42     17       56
  AVERAGE         69                        53     16       66

PRECIPITATION (IN)
  YESTERDAY        T             2.44 2013   0.10  -0.10     0.19
  MONTH TO DATE    0.40                      2.43  -2.03     4.70
  SINCE DEC 1      8.96                      9.25  -0.29    11.24
  SINCE JAN 1      4.18                      6.14  -1.96     8.10

SNOWFALL (IN)
  YESTERDAY        0.0                       0.0    0.0
  SINCE DEC 1      T                         0.5   -0.5
  SINCE JUL 1      T                         0.5   -0.5

DEGREE DAYS
 HEATING
  YESTERDAY        0                        12    -12        0
  MONTH TO DATE  154                       321   -167      306
  SINCE DEC 1    734                      1288   -554      964
  SINCE JUL 1    952                      1580   -628     1110

 COOLING
  YESTERDAY        4                         0      4        1
  MONTH TO DATE   10                         0     10        7
  SINCE DEC 1     32                         9     23      104
  SINCE JAN 1     25                         2     23        7
..................................................................


WIND (MPH)
  HIGHEST WIND SPEED    22   HIGHEST WIND DIRECTION     E (110)
  HIGHEST GUST SPEED    27   HIGHEST GUST DIRECTION    SE (120)
  AVERAGE WIND SPEED    10.4


SKY COVER
  POSSIBLE SUNSHINE  MM
  AVERAGE SKY COVER 0.5


WEATHER CONDITIONS
 THE FOLLOWING WEATHER WAS RECORDED YESTERDAY.
  LIGHT RAIN


RELATIVE HUMIDITY (PERCENT)
 HIGHEST    90          1200 AM
 LOWEST     48           100 PM
 AVERAGE    69

..........................................................


THE NORTH CHARLESTON SC CLIMATE NORMALS FOR TODAY
                         NORMAL    RECORD    YEAR
 MAXIMUM TEMPERATURE (F)   65        81      2012
                                             1996
 MINIMUM TEMPERATURE (F)   42        21      1939


SUNRISE AND SUNSET
FEBRUARY 24 2017......SUNRISE   654 AM EST   SUNSET   613 PM EST
FEBRUARY 25 2017......SUNRISE   652 AM EST   SUNSET   614 PM EST


-  INDICATES NEGATIVE NUMBERS.
R  INDICATES RECORD WAS SET OR TIED.
MM INDICATES DATA IS MISSING.
T  INDICATES TRACE AMOUNT.




$$
