000
CDUS42 KCHS 270602
CLICHS


CLIMATE REPORT
NATIONAL WEATHER SERVICE CHARLESTON SC
202 AM EDT TUE JUN 27 2017


...................................

...THE NORTH CHARLESTON SC CLIMATE SUMMARY FOR JUNE 26 2017...

CLIMATE NORMAL PERIOD 1981 TO 2010
CLIMATE RECORD PERIOD 1938 TO 2017


WEATHER ITEM   OBSERVED TIME   RECORD YEAR NORMAL DEPARTURE LAST
                VALUE   (LST)  VALUE       VALUE  FROM      YEAR
                                                  NORMAL
..................................................................
TEMPERATURE (F)
 YESTERDAY
  MAXIMUM         86    320 PM 101    1952  90     -4       90
  MINIMUM         71   1159 PM  62    1946  72     -1       76
  AVERAGE         79                        81     -2       83

PRECIPITATION (IN)
  YESTERDAY        T             2.33 1964   0.21  -0.21     0.00
  MONTH TO DATE    4.33                      4.79  -0.46     2.80
  SINCE JUN 1      4.33                      4.79  -0.46     2.80
  SINCE JAN 1     19.49                     21.10  -1.61    23.55

DEGREE DAYS
 HEATING
  YESTERDAY        0                         0      0        0
  MONTH TO DATE    0                         0      0        0
  SINCE JUN 1      0                         0      0        0
  SINCE JUL 1   1228                      1975   -747     1357

 COOLING
  YESTERDAY       14                        16     -2       18
  MONTH TO DATE  357                       357      0      457
  SINCE JUN 1    357                       357      0      457
  SINCE JAN 1    932                       719    213      952
..................................................................


WIND (MPH)
  HIGHEST WIND SPEED    15   HIGHEST WIND DIRECTION    NE (40)
  HIGHEST GUST SPEED    22   HIGHEST GUST DIRECTION     E (80)
  AVERAGE WIND SPEED     6.2


SKY COVER
  POSSIBLE SUNSHINE  MM
  AVERAGE SKY COVER 0.6


WEATHER CONDITIONS
 THE FOLLOWING WEATHER WAS RECORDED YESTERDAY.
  LIGHT RAIN


RELATIVE HUMIDITY (PERCENT)
 HIGHEST    94          1200 AM
 LOWEST     51           400 PM
 AVERAGE    73

..........................................................


THE NORTH CHARLESTON SC CLIMATE NORMALS FOR TODAY
                         NORMAL    RECORD    YEAR
 MAXIMUM TEMPERATURE (F)   90       101      1954
 MINIMUM TEMPERATURE (F)   72        62      2012


SUNRISE AND SUNSET
JUNE 27 2017..........SUNRISE   614 AM EDT   SUNSET   832 PM EDT
JUNE 28 2017..........SUNRISE   614 AM EDT   SUNSET   833 PM EDT


-  INDICATES NEGATIVE NUMBERS.
R  INDICATES RECORD WAS SET OR TIED.
MM INDICATES DATA IS MISSING.
T  INDICATES TRACE AMOUNT.




$$
