000
CDUS42 KCHS 310609
CLICHS


CLIMATE REPORT
NATIONAL WEATHER SERVICE CHARLESTON SC
207 AM EDT MON AUG 31 2015


...................................

...THE NORTH CHARLESTON SC CLIMATE SUMMARY FOR AUGUST 30 2015...

CLIMATE NORMAL PERIOD 1981 TO 2010
CLIMATE RECORD PERIOD 1938 TO 2015


WEATHER ITEM   OBSERVED TIME   RECORD YEAR NORMAL DEPARTURE LAST
                VALUE   (LST)  VALUE       VALUE  FROM      YEAR
                                                  NORMAL
..................................................................
TEMPERATURE (F)
 YESTERDAY
  MAXIMUM         79   1021 AM  96    1948  88     -9       92
  MINIMUM         73    625 AM  59    1986  71      2       74
  AVERAGE         76                        80     -4       83

PRECIPITATION (IN)
  YESTERDAY        0.97          3.75 1985   0.24   0.73     0.00
  MONTH TO DATE    4.79                      6.91  -2.12     7.08
  SINCE JUN 1     20.20                     19.09   1.11    18.08
  SINCE JAN 1     35.42                     35.40   0.02    35.33

DEGREE DAYS
 HEATING
  YESTERDAY        0                         0      0        0
  MONTH TO DATE    0                         0      0        0
  SINCE JUN 1      0                         1     -1        0
  SINCE JUL 1      0                         0      0        0

 COOLING
  YESTERDAY       11                        14     -3       18
  MONTH TO DATE  496                       479     17      549
  SINCE JUN 1   1598                      1429    169     1633
  SINCE JAN 1   2031                      1791    240     2143
..................................................................


WIND (MPH)
  HIGHEST WIND SPEED    15   HIGHEST WIND DIRECTION     E (110)
  HIGHEST GUST SPEED    19   HIGHEST GUST DIRECTION     S (180)
  AVERAGE WIND SPEED     6.6


SKY COVER
  POSSIBLE SUNSHINE  MM
  AVERAGE SKY COVER 0.9


WEATHER CONDITIONS
 THE FOLLOWING WEATHER WAS RECORDED YESTERDAY.
  THUNDERSTORM
  HEAVY RAIN
  RAIN
  LIGHT RAIN
  FOG


RELATIVE HUMIDITY (PERCENT)
 HIGHEST    94           900 PM
 LOWEST     87          1200 AM
 AVERAGE    91

..........................................................


THE NORTH CHARLESTON SC CLIMATE NORMALS FOR TODAY
                         NORMAL    RECORD    YEAR
 MAXIMUM TEMPERATURE (F)   88        97      1954
 MINIMUM TEMPERATURE (F)   71        61      1999


SUNRISE AND SUNSET
AUGUST 31 2015........SUNRISE   654 AM EDT   SUNSET   747 PM EDT
SEPTEMBER  1 2015.....SUNRISE   655 AM EDT   SUNSET   745 PM EDT


-  INDICATES NEGATIVE NUMBERS.
R  INDICATES RECORD WAS SET OR TIED.
MM INDICATES DATA IS MISSING.
T  INDICATES TRACE AMOUNT.

$$
