000
CDUS42 KCHS 192116
CLICHS


CLIMATE REPORT
NATIONAL WEATHER SERVICE CHARLESTON SC
515 PM EDT SAT AUG 19 2017


...................................

...THE NORTH CHARLESTON SC CLIMATE SUMMARY FOR AUGUST 19 2017...
VALID TODAY AS OF 0500 PM LOCAL TIME.

CLIMATE NORMAL PERIOD 1981 TO 2010
CLIMATE RECORD PERIOD 1938 TO 2017


WEATHER ITEM   OBSERVED TIME   RECORD YEAR NORMAL DEPARTURE LAST
                VALUE   (LST)  VALUE       VALUE  FROM      YEAR
                                                  NORMAL
..................................................................
TEMPERATURE (F)
 TODAY
  MAXIMUM         94   1254 PM  98    1983  89      5       94
  MINIMUM         78    608 AM  61    1965  72      6       74
  AVERAGE         86                        81      5       84

PRECIPITATION (IN)
  TODAY            0.00          3.94 1981   0.22  -0.22      T
  MONTH TO DATE    4.55                      4.16   0.39     3.26
  SINCE JUN 1     19.66                     16.34   3.32    10.78
  SINCE JAN 1     34.82                     32.65   2.17    31.53

SNOWFALL (IN)
  TODAY            0.0                       0.0    0.0
  SINCE JUN 1      0.0                       0.0    0.0
  SINCE JUL 1      0.0                       0.0    0.0

DEGREE DAYS
 HEATING
  TODAY            0                         0      0        0
  MONTH TO DATE    0                         0      0        0
  SINCE JUN 1      0                         1     -1        0
  SINCE JUL 1      0                         0      0        0

 COOLING
  TODAY           21                        16      5       19
  MONTH TO DATE  337                       313     24      376
  SINCE JUN 1   1285                      1263     22     1567
  SINCE JAN 1   1860                      1625    235     2062
..................................................................


WIND (MPH)
  HIGHEST WIND SPEED    16   HIGHEST WIND DIRECTION     S (180)
  HIGHEST GUST SPEED    18   HIGHEST GUST DIRECTION     S (200)
  AVERAGE WIND SPEED     6.4


SKY COVER
  POSSIBLE SUNSHINE  MM
  AVERAGE SKY COVER 0.3


WEATHER CONDITIONS
 THE FOLLOWING WEATHER WAS RECORDED TODAY.
  THUNDERSTORM


RELATIVE HUMIDITY (PERCENT)
 HIGHEST    94           100 AM
 LOWEST     56           100 PM
 AVERAGE    75

..........................................................


THE NORTH CHARLESTON SC CLIMATE NORMALS FOR TOMORROW
                         NORMAL    RECORD    YEAR
 MAXIMUM TEMPERATURE (F)   89        97      2005
                                             1979
                                             1954
 MINIMUM TEMPERATURE (F)   72        63      1943


SUNRISE AND SUNSET
AUGUST 19 2017........SUNRISE   646 AM EDT   SUNSET   801 PM EDT
AUGUST 20 2017........SUNRISE   647 AM EDT   SUNSET   759 PM EDT


-  INDICATES NEGATIVE NUMBERS.
R  INDICATES RECORD WAS SET OR TIED.
MM INDICATES DATA IS MISSING.
T  INDICATES TRACE AMOUNT.




$$
