000
CDUS42 KCHS 300604
CLICHS


CLIMATE REPORT
NATIONAL WEATHER SERVICE CHARLESTON SC
204 AM EDT THU JUL 30 2015


...................................

...THE NORTH CHARLESTON SC CLIMATE SUMMARY FOR JULY 29 2015...

CLIMATE NORMAL PERIOD 1981 TO 2010
CLIMATE RECORD PERIOD 1938 TO 2015


WEATHER ITEM   OBSERVED TIME   RECORD YEAR NORMAL DEPARTURE LAST
                VALUE   (LST)  VALUE       VALUE  FROM      YEAR
                                                  NORMAL
..................................................................
TEMPERATURE (F)
 YESTERDAY
  MAXIMUM         93    254 PM 100    1993  91      2       92
  MINIMUM         74    423 AM  63    1954  73      1       72
  AVERAGE         84                        82      2       82

PRECIPITATION (IN)
  YESTERDAY        T             4.51 1960   0.20  -0.20     0.00
  MONTH TO DATE    7.72                      6.11   1.61     5.36
  SINCE JUN 1     15.41                     11.76   3.65     8.95
  SINCE JAN 1     30.63                     28.07   2.56    26.20

DEGREE DAYS
 HEATING
  YESTERDAY        0                         0      0        0
  MONTH TO DATE    0                         0      0        0
  SINCE JUN 1      0                         1     -1        0
  SINCE JUL 1      0                         0      0        0

 COOLING
  YESTERDAY       19                        17      2       17
  MONTH TO DATE  535                       490     45      534
  SINCE JUN 1   1063                       911    152     1052
  SINCE JAN 1   1496                      1273    223     1562
..................................................................


WIND (MPH)
  HIGHEST WIND SPEED    16   HIGHEST WIND DIRECTION     E (70)
  HIGHEST GUST SPEED    20   HIGHEST GUST DIRECTION     E (70)
  AVERAGE WIND SPEED     5.5


SKY COVER
  POSSIBLE SUNSHINE  MM
  AVERAGE SKY COVER 0.4


WEATHER CONDITIONS
 THE FOLLOWING WEATHER WAS RECORDED YESTERDAY.
  LIGHT RAIN


RELATIVE HUMIDITY (PERCENT)
 HIGHEST    94           200 AM
 LOWEST     49           200 PM
 AVERAGE    72

..........................................................


THE NORTH CHARLESTON SC CLIMATE NORMALS FOR TODAY
                         NORMAL    RECORD    YEAR
 MAXIMUM TEMPERATURE (F)   91       100      1999
 MINIMUM TEMPERATURE (F)   73        65      1960


SUNRISE AND SUNSET
JULY 30 2015..........SUNRISE   632 AM EDT   SUNSET   821 PM EDT
JULY 31 2015..........SUNRISE   633 AM EDT   SUNSET   820 PM EDT


-  INDICATES NEGATIVE NUMBERS.
R  INDICATES RECORD WAS SET OR TIED.
MM INDICATES DATA IS MISSING.
T  INDICATES TRACE AMOUNT.

$$
