000
CDUS42 KCHS 052107
CLICHS


CLIMATE REPORT
NATIONAL WEATHER SERVICE CHARLESTON SC
507 PM EDT SUN JUL 5 2015


...................................

...THE NORTH CHARLESTON SC CLIMATE SUMMARY FOR JULY 5 2015...
VALID TODAY AS OF 0500 PM LOCAL TIME.

CLIMATE NORMAL PERIOD 1981 TO 2010
CLIMATE RECORD PERIOD 1938 TO 2015


WEATHER ITEM   OBSERVED TIME   RECORD YEAR NORMAL DEPARTURE LAST
                VALUE   (LST)  VALUE       VALUE  FROM      YEAR
                                                  NORMAL
..................................................................
TEMPERATURE (F)
 TODAY
  MAXIMUM         90    203 PM 100    1993  91     -1       87
  MINIMUM         72    109 AM  58    1952  73     -1       74
  AVERAGE         81                        82     -1       81

PRECIPITATION (IN)
  TODAY            0.00          1.60 1982   0.20  -0.20     0.00
  MONTH TO DATE    1.90                      1.04   0.86     0.16
  SINCE JUN 1      9.59                      6.69   2.90     3.75
  SINCE JAN 1     24.81                     23.00   1.81    21.00

SNOWFALL (IN)
  TODAY            0.0                       0.0    0.0
  SINCE JUN 1      0.0                       0.0    0.0
  SINCE JUL 1      0.0                       0.0    0.0

DEGREE DAYS
 HEATING
  TODAY            0                         0      0        0
  MONTH TO DATE    0                         0      0        0
  SINCE JUN 1      0                         1     -1        0
  SINCE JUL 1      0                         0      0        0

 COOLING
  TODAY           16                        17     -1       16
  MONTH TO DATE   78                        82     -4       91
  SINCE JUN 1    606                       503    103      609
  SINCE JAN 1   1039                       865    174     1119
..................................................................


WIND (MPH)
  HIGHEST WIND SPEED    20   HIGHEST WIND DIRECTION     S (180)
  HIGHEST GUST SPEED    24   HIGHEST GUST DIRECTION    NW (320)
  AVERAGE WIND SPEED     5.9


SKY COVER
  POSSIBLE SUNSHINE  MM
  AVERAGE SKY COVER 0.5


WEATHER CONDITIONS
 THE FOLLOWING WEATHER WAS RECORDED TODAY.
  NO SIGNIFICANT WEATHER WAS OBSERVED.


RELATIVE HUMIDITY (PERCENT)
 HIGHEST    93          1200 AM
 LOWEST     56           100 PM
 AVERAGE    75

..........................................................


THE NORTH CHARLESTON SC CLIMATE NORMALS FOR TOMORROW
                         NORMAL    RECORD    YEAR
 MAXIMUM TEMPERATURE (F)   91       100      1990
 MINIMUM TEMPERATURE (F)   73        60      1947


SUNRISE AND SUNSET
JULY  5 2015..........SUNRISE   617 AM EDT   SUNSET   832 PM EDT
JULY  6 2015..........SUNRISE   618 AM EDT   SUNSET   832 PM EDT


-  INDICATES NEGATIVE NUMBERS.
R  INDICATES RECORD WAS SET OR TIED.
MM INDICATES DATA IS MISSING.
T  INDICATES TRACE AMOUNT.




$$
