000
CDUS43 KDVN 240923
CLICID


CLIMATE REPORT
NATIONAL WEATHER SERVICE QUAD CITIES IA IL
422 AM CDT SUN JUL 24 2016


...................................

...THE CEDAR RAPIDS IA CLIMATE SUMMARY FOR JULY 23 2016...

CLIMATE NORMAL PERIOD 1981 TO 2010
CLIMATE RECORD PERIOD 1891 TO 2016


WEATHER ITEM   OBSERVED TIME   RECORD YEAR NORMAL DEPARTURE LAST
                VALUE   (LST)  VALUE       VALUE  FROM      YEAR
                                                  NORMAL
..................................................................
TEMPERATURE (F)
 YESTERDAY
  MAXIMUM         89    114 PM 104    1901  83      6       83
  MINIMUM         74    825 PM  44    1925  63     11       59
  AVERAGE         82                        73      9       71

PRECIPITATION (IN)
  YESTERDAY        0.03         MM      MM   0.13  -0.10     0.00
  MONTH TO DATE    3.75                      3.43   0.32     1.42
  SINCE JUN 1     12.08                      8.35   3.73    10.27
  SINCE JAN 1     20.74                     19.79   0.95    19.47

DEGREE DAYS
 HEATING
  YESTERDAY        0                         0      0        0
  MONTH TO DATE    3                         0      3        4
  SINCE JUN 1      8                        29    -21       13
  SINCE JUL 1      3                         0      3        4

 COOLING
  YESTERDAY       17                         8      9        6
  MONTH TO DATE  183                       184     -1      146
  SINCE JUN 1    420                       350     70      291
  SINCE JAN 1    480                       399     81      341
..................................................................


WIND (MPH)
  HIGHEST WIND SPEED    20   HIGHEST WIND DIRECTION     N (20)
  HIGHEST GUST SPEED    24   HIGHEST GUST DIRECTION     N (20)
  AVERAGE WIND SPEED     7.8


SKY COVER
  POSSIBLE SUNSHINE  MM
  AVERAGE SKY COVER 0.1


WEATHER CONDITIONS
 THE FOLLOWING WEATHER WAS RECORDED YESTERDAY.
  LIGHT RAIN
  FOG


RELATIVE HUMIDITY (PERCENT)
 HIGHEST   100          1200 AM
 LOWEST     80          1200 PM
 AVERAGE    90

..........................................................


THE CEDAR RAPIDS IA CLIMATE NORMALS FOR TODAY
                         NORMAL    RECORD    YEAR
 MAXIMUM TEMPERATURE (F)   83       107      1901
 MINIMUM TEMPERATURE (F)   62        50      1927


SUNRISE AND SUNSET
JULY 24 2016..........SUNRISE   553 AM CDT   SUNSET   833 PM CDT
JULY 25 2016..........SUNRISE   554 AM CDT   SUNSET   832 PM CDT


-  INDICATES NEGATIVE NUMBERS.
R  INDICATES RECORD WAS SET OR TIED.
MM INDICATES DATA IS MISSING.
T  INDICATES TRACE AMOUNT.




$$
