000
CDUS43 KDVN 230921
CLICID


CLIMATE REPORT
NATIONAL WEATHER SERVICE QUAD CITIES IA IL
420 AM CDT THU OCT 23 2014


...................................

...THE CEDAR RAPIDS IA CLIMATE SUMMARY FOR OCTOBER 22 2014...

CLIMATE NORMAL PERIOD 1981 TO 2010
CLIMATE RECORD PERIOD 1891 TO 2014


WEATHER ITEM   OBSERVED TIME   RECORD YEAR NORMAL DEPARTURE LAST
                VALUE   (LST)  VALUE       VALUE  FROM      YEAR
                                                  NORMAL
..................................................................
TEMPERATURE (F)
 YESTERDAY
  MAXIMUM         60    341 PM  88    1899  59      1       38
  MINIMUM         34    655 AM  19    1976  38     -4       25
  AVERAGE         47                        48     -1       32

PRECIPITATION (IN)
  YESTERDAY        0.00         MM      MM   0.09  -0.09     0.19
  MONTH TO DATE    2.57                      1.89   0.68     2.44
  SINCE SEP 1      6.12                      5.05   1.07     4.63
  SINCE JAN 1     36.60                     30.35   6.25    34.03

DEGREE DAYS
 HEATING
  YESTERDAY       18                        17      1       33
  MONTH TO DATE  314                       289     25      251
  SINCE SEP 1    455                       427     28      331
  SINCE JUL 1    474                       446     28      350

 COOLING
  YESTERDAY        0                         0      0        0
  MONTH TO DATE    0                         8     -8       19
  SINCE SEP 1     53                        80    -27      164
  SINCE JAN 1    670                       748    -78      884
..................................................................


WIND (MPH)
  HIGHEST WIND SPEED    16   HIGHEST WIND DIRECTION    SE (140)
  HIGHEST GUST SPEED    20   HIGHEST GUST DIRECTION    SE (130)
  AVERAGE WIND SPEED     8.9


SKY COVER
  POSSIBLE SUNSHINE  MM
  AVERAGE SKY COVER 0.0


WEATHER CONDITIONS
 THE FOLLOWING WEATHER WAS RECORDED YESTERDAY.
  FOG


RELATIVE HUMIDITY (PERCENT)
 HIGHEST   100           100 AM
 LOWEST     47           400 PM
 AVERAGE    74

..........................................................


THE CEDAR RAPIDS IA CLIMATE NORMALS FOR TODAY
                         NORMAL    RECORD    YEAR
 MAXIMUM TEMPERATURE (F)   59        88      1899
 MINIMUM TEMPERATURE (F)   38        19      1981


SUNRISE AND SUNSET
OCTOBER 23 2014.......SUNRISE   728 AM CDT   SUNSET   613 PM CDT
OCTOBER 24 2014.......SUNRISE   730 AM CDT   SUNSET   612 PM CDT


-  INDICATES NEGATIVE NUMBERS.
R  INDICATES RECORD WAS SET OR TIED.
MM INDICATES DATA IS MISSING.
T  INDICATES TRACE AMOUNT.




$$
