000
CDUS43 KDVN 122130
CLICID


CLIMATE REPORT
NATIONAL WEATHER SERVICE QUAD CITIES IA IL
430 PM CDT SAT JUL 12 2014


...................................

...THE CEDAR RAPIDS IA CLIMATE SUMMARY FOR JULY 12 2014...
VALID TODAY AS OF 0400 PM LOCAL TIME.

CLIMATE NORMAL PERIOD 1981 TO 2010
CLIMATE RECORD PERIOD 1891 TO 2014


WEATHER ITEM   OBSERVED TIME   RECORD YEAR NORMAL DEPARTURE LAST
                VALUE   (LST)  VALUE       VALUE  FROM      YEAR
                                                  NORMAL
..................................................................
TEMPERATURE (F)
 TODAY
  MAXIMUM         84    257 PM 106    1936  84      0       81
  MINIMUM         68    457 AM  48    1975  63      5       59
  AVERAGE         76                        73      3       70

PRECIPITATION (IN)
  TODAY            2.08         MM      MM   0.16   1.92     0.00
  MONTH TO DATE    2.84                      1.85   0.99     1.11
  SINCE JUN 1     16.13                      6.77   9.36     7.43
  SINCE JAN 1     27.37                     18.21   9.16    27.62

DEGREE DAYS
 HEATING
  TODAY            0                         0      0        0
  MONTH TO DATE   10                         0     10        0
  SINCE JUN 1     15                        29    -14       28
  SINCE JUL 1     10                         0     10        0

 COOLING
  TODAY           11                         8      3        5
  MONTH TO DATE   51                        96    -45       93
  SINCE JUN 1    234                       262    -28      265
  SINCE JAN 1    314                       311      3      339
..................................................................


WIND (MPH)
  HIGHEST WIND SPEED    38   HIGHEST WIND DIRECTION    NW (300)
  HIGHEST GUST SPEED    48   HIGHEST GUST DIRECTION     W (270)
  AVERAGE WIND SPEED     5.1


SKY COVER
  POSSIBLE SUNSHINE  MM
  AVERAGE SKY COVER 0.7


WEATHER CONDITIONS
 THE FOLLOWING WEATHER WAS RECORDED TODAY.
  THUNDERSTORM
  HEAVY RAIN
  RAIN
  LIGHT RAIN
  FOG
  FOG W/VISIBILITY <= 1/4 MILE


RELATIVE HUMIDITY (PERCENT)
 HIGHEST   100           500 AM
 LOWEST     70           300 PM
 AVERAGE    85

..........................................................


THE CEDAR RAPIDS IA CLIMATE NORMALS FOR TOMORROW
                         NORMAL    RECORD    YEAR
 MAXIMUM TEMPERATURE (F)   84       108      1936
 MINIMUM TEMPERATURE (F)   63        45      1940


SUNRISE AND SUNSET
JULY 12 2014..........SUNRISE   543 AM CDT   SUNSET   842 PM CDT
JULY 13 2014..........SUNRISE   543 AM CDT   SUNSET   841 PM CDT


-  INDICATES NEGATIVE NUMBERS.
R  INDICATES RECORD WAS SET OR TIED.
MM INDICATES DATA IS MISSING.
T  INDICATES TRACE AMOUNT.




$$
