000
CDUS43 KDVN 270917
CLICID


CLIMATE REPORT
NATIONAL WEATHER SERVICE QUAD CITIES IA IL
417 AM CDT TUE JUN 27 2017


...................................

...THE CEDAR RAPIDS IA CLIMATE SUMMARY FOR JUNE 26 2017...

CLIMATE NORMAL PERIOD 1981 TO 2010
CLIMATE RECORD PERIOD 1891 TO 2017


WEATHER ITEM   OBSERVED TIME   RECORD YEAR NORMAL DEPARTURE LAST
                VALUE   (LST)  VALUE       VALUE  FROM      YEAR
                                                  NORMAL
..................................................................
TEMPERATURE (F)
 YESTERDAY
  MAXIMUM         73    208 PM 103    1931  83    -10       87
  MINIMUM         47    136 AM  46    1928  61    -14       70
  AVERAGE         60                        72    -12       79

PRECIPITATION (IN)
  YESTERDAY        T            MM      MM   0.18  -0.18     0.90
  MONTH TO DATE    2.16                      4.22  -2.06     7.72
  SINCE JUN 1      2.16                      4.22  -2.06     7.72
  SINCE JAN 1     14.54                     15.66  -1.12    16.38

DEGREE DAYS
 HEATING
  YESTERDAY        5                         0      5        0
  MONTH TO DATE   17                        29    -12        4
  SINCE JUN 1     17                        29    -12        4
  SINCE JUL 1   5751                      6866  -1115     5653

 COOLING
  YESTERDAY        0                         7     -7       14
  MONTH TO DATE  188                       135     53      225
  SINCE JUN 1    188                       135     53      225
  SINCE JAN 1    226                       184     42      285
..................................................................


WIND (MPH)
  HIGHEST WIND SPEED    21   HIGHEST WIND DIRECTION     N (350)
  HIGHEST GUST SPEED    30   HIGHEST GUST DIRECTION    NW (300)
  AVERAGE WIND SPEED    10.4


SKY COVER
  POSSIBLE SUNSHINE  MM
  AVERAGE SKY COVER 0.4


WEATHER CONDITIONS
 THE FOLLOWING WEATHER WAS RECORDED YESTERDAY.
  NO SIGNIFICANT WEATHER WAS OBSERVED.


RELATIVE HUMIDITY (PERCENT)
 HIGHEST    89           400 AM
 LOWEST     37           600 PM
 AVERAGE    63

..........................................................


THE CEDAR RAPIDS IA CLIMATE NORMALS FOR TODAY
                         NORMAL    RECORD    YEAR
 MAXIMUM TEMPERATURE (F)   83       103      1934
 MINIMUM TEMPERATURE (F)   62        42      1926


SUNRISE AND SUNSET
JUNE 27 2017..........SUNRISE   534 AM CDT   SUNSET   846 PM CDT
JUNE 28 2017..........SUNRISE   534 AM CDT   SUNSET   846 PM CDT


-  INDICATES NEGATIVE NUMBERS.
R  INDICATES RECORD WAS SET OR TIED.
MM INDICATES DATA IS MISSING.
T  INDICATES TRACE AMOUNT.




$$
