384
CDUS43 KDVN 212122
CLICID


CLIMATE REPORT
NATIONAL WEATHER SERVICE QUAD CITIES IA IL
422 PM CDT MON AUG 21 2017


...................................

...THE CEDAR RAPIDS IA CLIMATE SUMMARY FOR AUGUST 21 2017...
VALID TODAY AS OF 0400 PM LOCAL TIME.

CLIMATE NORMAL PERIOD 1981 TO 2010
CLIMATE RECORD PERIOD 1891 TO 2017


WEATHER ITEM   OBSERVED TIME   RECORD YEAR NORMAL DEPARTURE LAST
                VALUE   (LST)  VALUE       VALUE  FROM      YEAR
                                                  NORMAL
..................................................................
TEMPERATURE (F)
 TODAY
  MAXIMUM         76    259 PM  99    1916  81     -5       74
  MINIMUM         62   1220 AM  45    1950  60      2       53
  AVERAGE         69                        71     -2       64

PRECIPITATION (IN)
  TODAY            0.20         MM      MM   0.15   0.05     0.00
  MONTH TO DATE    0.79                      3.08  -2.29     6.66
  SINCE JUN 1      6.83                     12.46  -5.63    18.85
  SINCE JAN 1     19.21                     23.90  -4.69    27.51

DEGREE DAYS
 HEATING
  TODAY            0                         1     -1        1
  MONTH TO DATE    6                         2      4        1
  SINCE JUN 1     28                        35     -7        9
  SINCE JUL 1      6                         6      0        4

 COOLING
  TODAY            4                         6     -2        0
  MONTH TO DATE   83                       145    -62      187
  SINCE JUN 1    555                       563     -8      678
  SINCE JAN 1    593                       612    -19      738
..................................................................


WIND (MPH)
  HIGHEST WIND SPEED    21   HIGHEST WIND DIRECTION    NW (310)
  HIGHEST GUST SPEED    31   HIGHEST GUST DIRECTION    NW (300)
  AVERAGE WIND SPEED     5.7


SKY COVER
  POSSIBLE SUNSHINE  MM
  AVERAGE SKY COVER 0.2


WEATHER CONDITIONS
 THE FOLLOWING WEATHER WAS RECORDED TODAY.
  THUNDERSTORM
  RAIN
  LIGHT RAIN
  FOG


RELATIVE HUMIDITY (PERCENT)
 HIGHEST   100          1200 AM
 LOWEST     82           200 PM
 AVERAGE    91

..........................................................


THE CEDAR RAPIDS IA CLIMATE NORMALS FOR TOMORROW
                         NORMAL    RECORD    YEAR
 MAXIMUM TEMPERATURE (F)   81       100      1936
 MINIMUM TEMPERATURE (F)   60        47      1891


SUNRISE AND SUNSET
AUGUST 21 2017........SUNRISE   621 AM CDT   SUNSET   757 PM CDT
AUGUST 22 2017........SUNRISE   622 AM CDT   SUNSET   756 PM CDT


-  INDICATES NEGATIVE NUMBERS.
R  INDICATES RECORD WAS SET OR TIED.
MM INDICATES DATA IS MISSING.
T  INDICATES TRACE AMOUNT.




$$
