000
CDUS43 KDVN 010913
CLICID


CLIMATE REPORT
NATIONAL WEATHER SERVICE QUAD CITIES IA IL
412 AM CDT SAT AUG 1 2015


...................................

...THE CEDAR RAPIDS IA CLIMATE SUMMARY FOR JULY 31 2015...

CLIMATE NORMAL PERIOD 1981 TO 2010
CLIMATE RECORD PERIOD 1891 TO 2015


WEATHER ITEM   OBSERVED TIME   RECORD YEAR NORMAL DEPARTURE LAST
                VALUE   (LST)  VALUE       VALUE  FROM      YEAR
                                                  NORMAL
..................................................................
TEMPERATURE (F)
 YESTERDAY
  MAXIMUM         84    222 PM 104    1988  83      1       81
  MINIMUM         61   1157 PM  48    1971  62     -1       56
  AVERAGE         73                        72      1       69

PRECIPITATION (IN)
  YESTERDAY        0.00         MM      MM   0.13  -0.13     0.00
  MONTH TO DATE    5.58                      4.46   1.12     3.57
  SINCE JUN 1     14.43                      9.38   5.05    16.86
  SINCE JAN 1     23.63                     20.82   2.81    28.10

DEGREE DAYS
 HEATING
  YESTERDAY        0                         0      0        0
  MONTH TO DATE    4                         0      4       19
  SINCE JUN 1     13                        33    -20       24
  SINCE JUL 1      4                         4      0       19

 COOLING
  YESTERDAY        8                         8      0        4
  MONTH TO DATE  221                       252    -31      134
  SINCE JUN 1    366                       418    -52      317
  SINCE JAN 1    416                       467    -51      397
..................................................................


WIND (MPH)
  HIGHEST WIND SPEED    17   HIGHEST WIND DIRECTION    NW (300)
  HIGHEST GUST SPEED    22   HIGHEST GUST DIRECTION     W (290)
  AVERAGE WIND SPEED     7.6


SKY COVER
  POSSIBLE SUNSHINE  MM
  AVERAGE SKY COVER 0.0


WEATHER CONDITIONS
 THE FOLLOWING WEATHER WAS RECORDED YESTERDAY.
  NO SIGNIFICANT WEATHER WAS OBSERVED.


RELATIVE HUMIDITY (PERCENT)
 HIGHEST   100          1200 AM
 LOWEST     47           400 PM
 AVERAGE    74

..........................................................


THE CEDAR RAPIDS IA CLIMATE NORMALS FOR TODAY
                         NORMAL    RECORD    YEAR
 MAXIMUM TEMPERATURE (F)   83       101      1987
 MINIMUM TEMPERATURE (F)   62        48      1895


SUNRISE AND SUNSET
AUGUST  1 2015........SUNRISE   600 AM CDT   SUNSET   825 PM CDT
AUGUST  2 2015........SUNRISE   601 AM CDT   SUNSET   824 PM CDT


-  INDICATES NEGATIVE NUMBERS.
R  INDICATES RECORD WAS SET OR TIED.
MM INDICATES DATA IS MISSING.
T  INDICATES TRACE AMOUNT.




$$
