000
CDUS43 KDVN 010921
CLICID


CLIMATE REPORT
NATIONAL WEATHER SERVICE QUAD CITIES IA IL
420 AM CDT SUN MAY 1 2016


...................................

...THE CEDAR RAPIDS IA CLIMATE SUMMARY FOR APRIL 30 2016...

CLIMATE NORMAL PERIOD 1981 TO 2010
CLIMATE RECORD PERIOD 1891 TO 2016


WEATHER ITEM   OBSERVED TIME   RECORD YEAR NORMAL DEPARTURE LAST
                VALUE   (LST)  VALUE       VALUE  FROM      YEAR
                                                  NORMAL
..................................................................
TEMPERATURE (F)
 YESTERDAY
  MAXIMUM         49    218 PM  90    1952  66    -17       65
  MINIMUM         44    545 AM  27    2005  43      1       38
  AVERAGE         47                        55     -8       52

PRECIPITATION (IN)
  YESTERDAY        0.65         MM      MM   0.12   0.53     0.00
  MONTH TO DATE    2.96                      3.05  -0.09     3.72
  SINCE MAR 1      4.76                      5.15  -0.39     4.24
  SINCE JAN 1      5.36                      7.29  -1.93     5.57

DEGREE DAYS
 HEATING
  YESTERDAY       18                        11      7       13
  MONTH TO DATE  459                       482    -23      420
  SINCE MAR 1   1151                      1362   -211     1291
  SINCE JUL 1   5462                      6645  -1183     6818

 COOLING
  YESTERDAY        0                         0      0        0
  MONTH TO DATE    3                         7     -4        0
  SINCE MAR 1      3                         7     -4        0
  SINCE JAN 1      3                         7     -4        0
..................................................................


WIND (MPH)
  HIGHEST WIND SPEED    28   HIGHEST WIND DIRECTION     E (90)
  HIGHEST GUST SPEED    38   HIGHEST GUST DIRECTION     E (80)
  AVERAGE WIND SPEED    18.6


SKY COVER
  POSSIBLE SUNSHINE  MM
  AVERAGE SKY COVER 0.9


WEATHER CONDITIONS
 THE FOLLOWING WEATHER WAS RECORDED YESTERDAY.
  HEAVY RAIN
  RAIN
  LIGHT RAIN
  FOG


RELATIVE HUMIDITY (PERCENT)
 HIGHEST   100           700 AM
 LOWEST     92          1200 AM
 AVERAGE    96

..........................................................


THE CEDAR RAPIDS IA CLIMATE NORMALS FOR TODAY
                         NORMAL    RECORD    YEAR
 MAXIMUM TEMPERATURE (F)   67        89      1901
 MINIMUM TEMPERATURE (F)   44        27      1950


SUNRISE AND SUNSET
MAY  1 2016...........SUNRISE   602 AM CDT   SUNSET   806 PM CDT
MAY  2 2016...........SUNRISE   601 AM CDT   SUNSET   807 PM CDT


-  INDICATES NEGATIVE NUMBERS.
R  INDICATES RECORD WAS SET OR TIED.
MM INDICATES DATA IS MISSING.
T  INDICATES TRACE AMOUNT.




$$
