000
CDUS43 KDVN 261011
CLICID


CLIMATE REPORT
NATIONAL WEATHER SERVICE QUAD CITIES IA IL
407 AM CST MON JAN 26 2015


...................................

...THE CEDAR RAPIDS IA CLIMATE SUMMARY FOR JANUARY 25 2015...

CLIMATE NORMAL PERIOD 1981 TO 2010
CLIMATE RECORD PERIOD 1891 TO 2015


WEATHER ITEM   OBSERVED TIME   RECORD YEAR NORMAL DEPARTURE LAST
                VALUE   (LST)  VALUE       VALUE  FROM      YEAR
                                                  NORMAL
..................................................................
TEMPERATURE (F)
 YESTERDAY
  MAXIMUM         36    239 AM  61    1981  29      7       36
  MINIMUM         18   1139 PM -23    1894  11      7        7
  AVERAGE         27                        20      7       22

PRECIPITATION (IN)
  YESTERDAY        0.08         MM      MM   0.03   0.05      T
  MONTH TO DATE    0.47                      0.72  -0.25     0.37
  SINCE DEC 1      1.12                      2.14  -1.02     1.05
  SINCE JAN 1      0.47                      0.72  -0.25     0.37

DEGREE DAYS
 HEATING
  YESTERDAY       38                        45     -7       43
  MONTH TO DATE 1125                      1142    -17     1292
  SINCE DEC 1   2172                      2435   -263     2767
  SINCE JUL 1   3833                      3881    -48     4210

 COOLING
  YESTERDAY        0                         0      0        0
  MONTH TO DATE    0                         0      0        0
  SINCE DEC 1      0                         0      0        0
  SINCE JAN 1      0                         0      0        0
..................................................................


WIND (MPH)
  HIGHEST WIND SPEED    26   HIGHEST WIND DIRECTION    NE (50)
  HIGHEST GUST SPEED    35   HIGHEST GUST DIRECTION    NE (50)
  AVERAGE WIND SPEED    12.5


SKY COVER
  POSSIBLE SUNSHINE  MM
  AVERAGE SKY COVER 0.9


WEATHER CONDITIONS
 THE FOLLOWING WEATHER WAS RECORDED YESTERDAY.
  LIGHT RAIN
  SNOW
  LIGHT SNOW
  FOG


RELATIVE HUMIDITY (PERCENT)
 HIGHEST   100           600 AM
 LOWEST     75           300 PM
 AVERAGE    88

..........................................................


THE CEDAR RAPIDS IA CLIMATE NORMALS FOR TODAY
                         NORMAL    RECORD    YEAR
 MAXIMUM TEMPERATURE (F)   29        63      2002
 MINIMUM TEMPERATURE (F)   11       -18      1936


SUNRISE AND SUNSET
JANUARY 26 2015.......SUNRISE   725 AM CST   SUNSET   514 PM CST
JANUARY 27 2015.......SUNRISE   724 AM CST   SUNSET   515 PM CST


-  INDICATES NEGATIVE NUMBERS.
R  INDICATES RECORD WAS SET OR TIED.
MM INDICATES DATA IS MISSING.
T  INDICATES TRACE AMOUNT.




$$
