000
CDUS43 KDVN 212120
CLICID


CLIMATE REPORT
NATIONAL WEATHER SERVICE QUAD CITIES IA IL
419 PM CDT SAT OCT 21 2017


...................................

...THE CEDAR RAPIDS IA CLIMATE SUMMARY FOR OCTOBER 21 2017...
VALID TODAY AS OF 0400 PM LOCAL TIME.

CLIMATE NORMAL PERIOD 1981 TO 2010
CLIMATE RECORD PERIOD 1891 TO 2017


WEATHER ITEM   OBSERVED TIME   RECORD YEAR NORMAL DEPARTURE LAST
                VALUE   (LST)  VALUE       VALUE  FROM      YEAR
                                                  NORMAL
..................................................................
TEMPERATURE (F)
 TODAY
  MAXIMUM         79   1256 PM  85    1947  60     19       54
  MINIMUM         60    700 AM  17    1930  38     22       30
  AVERAGE         70                        49     21       42

PRECIPITATION (IN)
  TODAY            T            MM      MM   0.08  -0.08     0.00
  MONTH TO DATE    3.43                      1.80   1.63     1.35
  SINCE SEP 1      4.40                      4.96  -0.56     8.27
  SINCE JAN 1     24.42                     30.26  -5.84    36.80

DEGREE DAYS
 HEATING
  TODAY            0                        16    -16       23
  MONTH TO DATE  109                       272   -163      161
  SINCE SEP 1    173                       410   -237      196
  SINCE JUL 1    184                       429   -245      200

 COOLING
  TODAY            5                         0      5        0
  MONTH TO DATE   20                         8     12       22
  SINCE SEP 1    150                        80     70      158
  SINCE JAN 1    749                       748      1      969
..................................................................


WIND (MPH)
  HIGHEST WIND SPEED    28   HIGHEST WIND DIRECTION     S (190)
  HIGHEST GUST SPEED    35   HIGHEST GUST DIRECTION     S (180)
  AVERAGE WIND SPEED    15.2


SKY COVER
  POSSIBLE SUNSHINE  MM
  AVERAGE SKY COVER 0.2


WEATHER CONDITIONS
 THE FOLLOWING WEATHER WAS RECORDED TODAY.
  NO SIGNIFICANT WEATHER WAS OBSERVED.


RELATIVE HUMIDITY (PERCENT)
 HIGHEST    78           600 AM
 LOWEST     54           100 PM
 AVERAGE    66

..........................................................


THE CEDAR RAPIDS IA CLIMATE NORMALS FOR TOMORROW
                         NORMAL    RECORD    YEAR
 MAXIMUM TEMPERATURE (F)   59        88      1899
 MINIMUM TEMPERATURE (F)   38        19      1976


SUNRISE AND SUNSET
OCTOBER 21 2017.......SUNRISE   726 AM CDT   SUNSET   616 PM CDT
OCTOBER 22 2017.......SUNRISE   728 AM CDT   SUNSET   614 PM CDT


-  INDICATES NEGATIVE NUMBERS.
R  INDICATES RECORD WAS SET OR TIED.
MM INDICATES DATA IS MISSING.
T  INDICATES TRACE AMOUNT.




$$
