000
CDUS41 KCLE 050546
CLICLE


CLIMATE REPORT
NATIONAL WEATHER SERVICE CLEVELAND OH
145 AM EDT SUN JUL 5 2015


...................................

...THE CLEVELAND OH CLIMATE SUMMARY FOR JULY 4 2015...

CLIMATE NORMAL PERIOD 1981 TO 2010
CLIMATE RECORD PERIOD 1871 TO 2015


WEATHER ITEM   OBSERVED TIME   RECORD YEAR NORMAL DEPARTURE LAST
                VALUE   (LST)  VALUE       VALUE  FROM      YEAR
                                                  NORMAL
..................................................................
TEMPERATURE (F)
 YESTERDAY
  MAXIMUM         76    228 PM  98    1990  83     -7       72
                                      1949
  MINIMUM         55    527 AM  41    1968  64     -9       54
  AVERAGE         66                        73     -7       63

PRECIPITATION (IN)
  YESTERDAY        0.00                      0.11  -0.11     0.00
  MONTH TO DATE    T                         0.45  -0.45      T
  SINCE JUN 1      8.52                      3.88   4.64     6.26
  SINCE JAN 1     22.15                     19.02   3.13    22.53

SNOWFALL (IN)
  YESTERDAY        0.0                       0.0    0.0      0.0
  MONTH TO DATE    0.0                       0.0    0.0      0.0
  SINCE JUN 1      0.0                       0.0    0.0      0.0
  SINCE JUL 1      0.0                       0.0    0.0      0.0
  SNOW DEPTH       0

DEGREE DAYS
 HEATING
  YESTERDAY        0                         0      0        2
  MONTH TO DATE    1                         0      1        2
  SINCE JUN 1     31                        42    -11       22
  SINCE JUL 1      1                         0      1        2

 COOLING
  YESTERDAY        1                         8     -7        0
  MONTH TO DATE    6                        32    -26       33
  SINCE JUN 1    153                       200    -47      215
  SINCE JAN 1    274                       259     15      281
..................................................................


WIND (MPH)
  HIGHEST WIND SPEED    13   HIGHEST WIND DIRECTION     N (10)
  HIGHEST GUST SPEED    16   HIGHEST GUST DIRECTION     N (10)
  AVERAGE WIND SPEED     4.1


SKY COVER
  POSSIBLE SUNSHINE  MM
  AVERAGE SKY COVER 0.0


WEATHER CONDITIONS
 THE FOLLOWING WEATHER WAS RECORDED YESTERDAY.
  HAZE


RELATIVE HUMIDITY (PERCENT)
 HIGHEST    93           600 AM
 LOWEST     41           500 PM
 AVERAGE    67

..........................................................


THE CLEVELAND OH CLIMATE NORMALS FOR TODAY
                         NORMAL    RECORD    YEAR
 MAXIMUM TEMPERATURE (F)   83        96      1949
                                             1911
 MINIMUM TEMPERATURE (F)   64        48      1979
                                             1972
                                             1963


SUNRISE AND SUNSET
JULY  5 2015..........SUNRISE   600 AM EDT   SUNSET   904 PM EDT
JULY  6 2015..........SUNRISE   600 AM EDT   SUNSET   904 PM EDT


-  INDICATES NEGATIVE NUMBERS.
R  INDICATES RECORD WAS SET OR TIED.
MM INDICATES DATA IS MISSING.
T  INDICATES TRACE AMOUNT.




$$
