000
CDUS41 KCLE 290527
CLICLE


CLIMATE REPORT
NATIONAL WEATHER SERVICE CLEVELAND OH
126 AM EDT THU SEP 29 2016


...................................

...THE CLEVELAND OH CLIMATE SUMMARY FOR SEPTEMBER 28 2016...

CLIMATE NORMAL PERIOD 1981 TO 2010
CLIMATE RECORD PERIOD 1871 TO 2016


WEATHER ITEM   OBSERVED TIME   RECORD YEAR NORMAL DEPARTURE LAST
                VALUE   (LST)  VALUE       VALUE  FROM      YEAR
                                                  NORMAL
..................................................................
TEMPERATURE (F)
 YESTERDAY
  MAXIMUM         66   1220 PM  89    1959  69     -3       79
  MINIMUM         56    333 AM  34    1984  51      5       65
                                      1942
  AVERAGE         61                        60      1       72

PRECIPITATION (IN)
  YESTERDAY        0.26                      0.12   0.14      T
  MONTH TO DATE    3.93                      3.56   0.37     4.70
  SINCE SEP 1      3.93                      3.56   0.37     4.70
  SINCE JAN 1     27.30                     29.10  -1.80    32.42

SNOWFALL (IN)
  YESTERDAY        0.0                       0.0    0.0      0.0
  MONTH TO DATE    0.0                       0.0    0.0      0.0
  SINCE SEP 1      0.0                       0.0    0.0      0.0
  SINCE JUL 1      0.0                       0.0    0.0      0.0
  SNOW DEPTH       0

DEGREE DAYS
 HEATING
  YESTERDAY        4                         6     -2        0
  MONTH TO DATE    7                        77    -70       30
  SINCE SEP 1      7                        77    -70       30
  SINCE JUL 1      7                        89    -82       44

 COOLING
  YESTERDAY        0                         1     -1        7
  MONTH TO DATE  185                        85    100      155
  SINCE SEP 1    185                        85    100      155
  SINCE JAN 1   1269                       800    469      824
..................................................................


WIND (MPH)
  HIGHEST WIND SPEED    14   HIGHEST WIND DIRECTION    SW (240)
  HIGHEST GUST SPEED    17   HIGHEST GUST DIRECTION     S (180)
  AVERAGE WIND SPEED     6.4


SKY COVER
  POSSIBLE SUNSHINE  MM
  AVERAGE SKY COVER 0.8


WEATHER CONDITIONS
 THE FOLLOWING WEATHER WAS RECORDED YESTERDAY.
  RAIN
  LIGHT RAIN
  FOG


RELATIVE HUMIDITY (PERCENT)
 HIGHEST    80          1000 PM
 LOWEST     48          1200 AM
 AVERAGE    64

..........................................................


THE CLEVELAND OH CLIMATE NORMALS FOR TODAY
                         NORMAL    RECORD    YEAR
 MAXIMUM TEMPERATURE (F)   69        95      1953
 MINIMUM TEMPERATURE (F)   51        32      1942


SUNRISE AND SUNSET
SEPTEMBER 29 2016.....SUNRISE   723 AM EDT   SUNSET   712 PM EDT
SEPTEMBER 30 2016.....SUNRISE   724 AM EDT   SUNSET   710 PM EDT


-  INDICATES NEGATIVE NUMBERS.
R  INDICATES RECORD WAS SET OR TIED.
MM INDICATES DATA IS MISSING.
T  INDICATES TRACE AMOUNT.




$$
