000
CDUS41 KCLE 180527
CLICLE


CLIMATE REPORT
NATIONAL WEATHER SERVICE CLEVELAND OH
1227 AM EST MON DEC 18 2017


...................................

...THE CLEVELAND OH CLIMATE SUMMARY FOR DECEMBER 17 2017...

CLIMATE NORMAL PERIOD 1981 TO 2010
CLIMATE RECORD PERIOD 1871 TO 2017


WEATHER ITEM   OBSERVED TIME   RECORD YEAR NORMAL DEPARTURE LAST
                VALUE   (LST)  VALUE       VALUE  FROM      YEAR
                                                  NORMAL
..................................................................
TEMPERATURE (F)
 YESTERDAY
  MAXIMUM         39    527 PM  61    1984  38      1       39
  MINIMUM         23    547 AM  -7    1989  26     -3       22
  AVERAGE         31                        32     -1       31

PRECIPITATION (IN)
  YESTERDAY        T                         0.10  -0.10     0.63
  MONTH TO DATE    0.71                      1.73  -1.02     1.80
  SINCE DEC 1      0.71                      1.73  -1.02     1.80
  SINCE JAN 1     42.78                     37.77   5.01    35.62

SNOWFALL (IN)
  YESTERDAY        0.0                       0.4   -0.4      0.3
  MONTH TO DATE    6.9                       6.8    0.1      6.6
  SINCE DEC 1      6.9                       6.8    0.1      6.6
  SINCE JUL 1      7.7                      11.3   -3.6      7.5
  SNOW DEPTH       2

DEGREE DAYS
 HEATING
  YESTERDAY       34                        33      1       34
  MONTH TO DATE  565                       519     46      584
  SINCE DEC 1    565                       519     46      584
  SINCE JUL 1   1455                      1614   -159     1300

 COOLING
  YESTERDAY        0                         0      0        0
  MONTH TO DATE    0                         0      0        0
  SINCE DEC 1      0                         0      0        0
  SINCE JAN 1   1113                       817    296     1320
..................................................................


WIND (MPH)
  HIGHEST WIND SPEED    13   HIGHEST WIND DIRECTION     S (190)
  HIGHEST GUST SPEED    17   HIGHEST GUST DIRECTION     S (190)
  AVERAGE WIND SPEED     3.9


SKY COVER
  POSSIBLE SUNSHINE  MM
  AVERAGE SKY COVER 0.8


WEATHER CONDITIONS
 THE FOLLOWING WEATHER WAS RECORDED YESTERDAY.
  LIGHT RAIN
  FOG
  HAZE


RELATIVE HUMIDITY (PERCENT)
 HIGHEST    92           100 AM
 LOWEST     70           400 PM
 AVERAGE    81

..........................................................


THE CLEVELAND OH CLIMATE NORMALS FOR TODAY
                         NORMAL    RECORD    YEAR
 MAXIMUM TEMPERATURE (F)   37        62      1939
 MINIMUM TEMPERATURE (F)   25        -5      1989


SUNRISE AND SUNSET
DECEMBER 18 2017......SUNRISE   749 AM EST   SUNSET   500 PM EST
DECEMBER 19 2017......SUNRISE   749 AM EST   SUNSET   500 PM EST


-  INDICATES NEGATIVE NUMBERS.
R  INDICATES RECORD WAS SET OR TIED.
MM INDICATES DATA IS MISSING.
T  INDICATES TRACE AMOUNT.




$$
