000
CDUS41 KCLE 170527
CLICLE


CLIMATE REPORT
NATIONAL WEATHER SERVICE CLEVELAND OH
1227 AM EST WED DEC 17 2014


...................................

...THE CLEVELAND OH CLIMATE SUMMARY FOR DECEMBER 16 2014...

CLIMATE NORMAL PERIOD 1981 TO 2010
CLIMATE RECORD PERIOD 1871 TO 2014


WEATHER ITEM   OBSERVED TIME   RECORD YEAR NORMAL DEPARTURE LAST
                VALUE   (LST)  VALUE       VALUE  FROM      YEAR
                                                  NORMAL
..................................................................
TEMPERATURE (F)
 YESTERDAY
  MAXIMUM         49    243 PM  64    1984  38     11       23
  MINIMUM         43   1159 PM  -9    1951  26     17       10
  AVERAGE         46                        32     14       17

PRECIPITATION (IN)
  YESTERDAY        0.41                      0.10   0.31     0.05
  MONTH TO DATE    1.37                      1.63  -0.26     0.94
  SINCE DEC 1      1.37                      1.63  -0.26     0.94
  SINCE JAN 1     43.47                     37.67   5.80    38.69

SNOWFALL (IN)
  YESTERDAY        0.0                       0.5   -0.5      0.5
  MONTH TO DATE    T                         6.4   -6.4     11.2
  SINCE DEC 1      T                         6.4   -6.4     11.2
  SINCE JUL 1     19.4                      10.9    8.5     15.9
  SNOW DEPTH       0

DEGREE DAYS
 HEATING
  YESTERDAY       19                        33    -14       48
  MONTH TO DATE  453                       486    -33      549
  SINCE DEC 1    453                       486    -33      549
  SINCE JUL 1   1787                      1581    206     1698

 COOLING
  YESTERDAY        0                         0      0        0
  MONTH TO DATE    0                         0      0        0
  SINCE DEC 1      0                         0      0        0
  SINCE JAN 1    657                       817   -160      889
..................................................................


WIND (MPH)
  HIGHEST WIND SPEED    23   HIGHEST WIND DIRECTION     W (250)
  HIGHEST GUST SPEED    30   HIGHEST GUST DIRECTION    SW (240)
  AVERAGE WIND SPEED    12.5


SKY COVER
  POSSIBLE SUNSHINE  MM
  AVERAGE SKY COVER 1.0


WEATHER CONDITIONS
 THE FOLLOWING WEATHER WAS RECORDED YESTERDAY.
  RAIN
  LIGHT RAIN
  FOG


RELATIVE HUMIDITY (PERCENT)
 HIGHEST    96           200 AM
 LOWEST     83          1200 AM
 AVERAGE    90

..........................................................


THE CLEVELAND OH CLIMATE NORMALS FOR TODAY
                         NORMAL    RECORD    YEAR
 MAXIMUM TEMPERATURE (F)   38        61      1984
 MINIMUM TEMPERATURE (F)   26        -7      1989


SUNRISE AND SUNSET
DECEMBER 17 2014......SUNRISE   748 AM EST   SUNSET   459 PM EST
DECEMBER 18 2014......SUNRISE   748 AM EST   SUNSET   500 PM EST


-  INDICATES NEGATIVE NUMBERS.
R  INDICATES RECORD WAS SET OR TIED.
MM INDICATES DATA IS MISSING.
T  INDICATES TRACE AMOUNT.




$$
