000
CDUS44 KHGX 260718
CLICLL


CLIMATE REPORT
NATIONAL WEATHER SERVICE HOUSTON/GALVESTON TX
118 AM CST SUN FEB 26 2017


...................................

...THE COLLEGE STATION CLIMATE SUMMARY FOR FEBRUARY 25 2017...

CLIMATE NORMAL PERIOD 1981 TO 2010
CLIMATE RECORD PERIOD 1902 TO 2017


WEATHER ITEM   OBSERVED TIME   RECORD YEAR NORMAL DEPARTURE LAST
                VALUE   (LST)  VALUE       VALUE  FROM      YEAR
                                                  NORMAL
..................................................................
TEMPERATURE (F)
 YESTERDAY
  MAXIMUM         65    400 PM  89    1918  67     -2       68
  MINIMUM         43    726 AM  22    1974  47     -4       38
  AVERAGE         54                        57     -3       53

PRECIPITATION (IN)
  YESTERDAY        0.00          2.76 1924   0.09  -0.09     0.00
  MONTH TO DATE    3.26                      2.56   0.70     1.32
  SINCE DEC 1      9.77                      9.03   0.74    10.70
  SINCE JAN 1      7.00                      5.80   1.20     2.62

SNOWFALL (IN)
  YESTERDAY        0.0
  MONTH TO DATE    0.0
  SINCE JUL 1      T

DEGREE DAYS
 HEATING
  YESTERDAY       11                         9      2       12
  MONTH TO DATE   97                       282   -185      189
  SINCE DEC 1    694                      1135   -441      875
  SINCE JUL 1    763                      1360   -597     1022

 COOLING
  YESTERDAY        0                         1     -1        0
  MONTH TO DATE   73                        22     51       18
  SINCE DEC 1    152                        49    103       58
  SINCE JAN 1    108                        33     75       22
..................................................................


WIND (MPH)
  HIGHEST WIND SPEED    17   HIGHEST WIND DIRECTION    NE (30)
  HIGHEST GUST SPEED    22   HIGHEST GUST DIRECTION     N (10)
  AVERAGE WIND SPEED     9.8


SKY COVER
  AVERAGE SKY COVER 0.1


WEATHER CONDITIONS
 THE FOLLOWING WEATHER WAS RECORDED YESTERDAY.
  NO SIGNIFICANT WEATHER WAS OBSERVED.


RELATIVE HUMIDITY (PERCENT)
 HIGHEST    58           500 AM
 LOWEST     24           500 PM
 AVERAGE    41

..........................................................


THE COLLEGE STATION CLIMATE NORMALS FOR TODAY
                         NORMAL    RECORD    YEAR
 MAXIMUM TEMPERATURE (F)   67        88      1954
                                             1918
                                             1917
 MINIMUM TEMPERATURE (F)   47        24      1960


SUNRISE AND SUNSET
FEBRUARY 26 2017......SUNRISE   655 AM CST   SUNSET   622 PM CST
FEBRUARY 27 2017......SUNRISE   654 AM CST   SUNSET   623 PM CST


-  INDICATES NEGATIVE NUMBERS.
R  INDICATES RECORD WAS SET OR TIED.
MM INDICATES DATA IS MISSING.
T  INDICATES TRACE AMOUNT.




$$
