000
CDUS44 KHGX 140835
CLICLL


CLIMATE REPORT
NATIONAL WEATHER SERVICE HOUSTON/GALVESTON TX
235 AM CST SUN FEB 14 2016


...................................

...THE COLLEGE STATION CLIMATE SUMMARY FOR FEBRUARY 13 2016...

CLIMATE NORMAL PERIOD 1981 TO 2010
CLIMATE RECORD PERIOD 1902 TO 2016


WEATHER ITEM   OBSERVED TIME   RECORD YEAR NORMAL DEPARTURE LAST
                VALUE   (LST)  VALUE       VALUE  FROM      YEAR
                                                  NORMAL
..................................................................
TEMPERATURE (F)
 YESTERDAY
  MAXIMUM         73    429 PM  84    2000  64      9       65
  MINIMUM         52    730 AM  22    1958  44      8       41
  AVERAGE         63                        54      9       53

PRECIPITATION (IN)
  YESTERDAY        0.00          1.07 1912   0.10  -0.10     0.00
  MONTH TO DATE    0.10                      1.34  -1.24     0.32
  SINCE DEC 1      9.48                      7.81   1.67     9.55
  SINCE JAN 1      1.40                      4.58  -3.18     6.98

SNOWFALL (IN)
  YESTERDAY        0.0
  MONTH TO DATE    0.0
  SINCE JUL 1      0.0

DEGREE DAYS
 HEATING
  YESTERDAY        2                        11     -9       12
  MONTH TO DATE  139                       161    -22      148
  SINCE DEC 1    825                      1014   -189      997
  SINCE JUL 1    972                      1239   -267     1292

 COOLING
  YESTERDAY        0                         1     -1        0
  MONTH TO DATE    4                        10     -6        0
  SINCE DEC 1     44                        37      7       10
  SINCE JAN 1      8                        21    -13        0
..................................................................


WIND (MPH)
  HIGHEST WIND SPEED    18   HIGHEST WIND DIRECTION    SE (150)
  HIGHEST GUST SPEED    23   HIGHEST GUST DIRECTION    SE (140)
  AVERAGE WIND SPEED     9.7


SKY COVER
  AVERAGE SKY COVER 0.5


WEATHER CONDITIONS
 THE FOLLOWING WEATHER WAS RECORDED YESTERDAY.
  NO SIGNIFICANT WEATHER WAS OBSERVED.


RELATIVE HUMIDITY (PERCENT)
 HIGHEST    80          1100 PM
 LOWEST     48          1100 AM
 AVERAGE    64

..........................................................


THE COLLEGE STATION CLIMATE NORMALS FOR TODAY
                         NORMAL    RECORD    YEAR
 MAXIMUM TEMPERATURE (F)   65        83      1945
 MINIMUM TEMPERATURE (F)   44        26      1951


SUNRISE AND SUNSET
FEBRUARY 14 2016......SUNRISE   707 AM CST   SUNSET   612 PM CST
FEBRUARY 15 2016......SUNRISE   706 AM CST   SUNSET   613 PM CST


-  INDICATES NEGATIVE NUMBERS.
R  INDICATES RECORD WAS SET OR TIED.
MM INDICATES DATA IS MISSING.
T  INDICATES TRACE AMOUNT.




$$
