000
CDUS44 KHGX 300749
CLICLL


CLIMATE REPORT
NATIONAL WEATHER SERVICE HOUSTON/GALVESTON TX
239 AM CDT MON MAY 30 2016


...................................

...THE COLLEGE STATION CLIMATE SUMMARY FOR MAY 29 2016...

CLIMATE NORMAL PERIOD 1981 TO 2010
CLIMATE RECORD PERIOD 1902 TO 2016


WEATHER ITEM   OBSERVED TIME   RECORD YEAR NORMAL DEPARTURE LAST
                VALUE   (LST)  VALUE       VALUE  FROM      YEAR
                                                  NORMAL
..................................................................
TEMPERATURE (F)
 YESTERDAY
  MAXIMUM         89    426 PM 100    1996  89      0       87
  MINIMUM         73    401 AM  54    1947  70      3       67
  AVERAGE         81                        79      2       77

PRECIPITATION (IN)
  YESTERDAY        0.00          3.17 1987   0.14  -0.14     0.57
  MONTH TO DATE   12.78                      4.04   8.74     9.73
  SINCE MAR 1     22.63                      9.87  12.76    20.36
  SINCE JAN 1     25.25                     15.96   9.29    27.77

SNOWFALL (IN)
  YESTERDAY        0.0
  MONTH TO DATE    0.0
  SINCE JUL 1      0.0

DEGREE DAYS
 HEATING
  YESTERDAY        0                         0      0        0
  MONTH TO DATE    2                         0      2        0
  SINCE MAR 1    101                       219   -118      227
  SINCE JUL 1   1148                      1606   -458     1768

 COOLING
  YESTERDAY       16                        14      2       12
  MONTH TO DATE  257                       321    -64      306
  SINCE MAR 1    503                       532    -29      544
  SINCE JAN 1    528                       560    -32      545
..................................................................


WIND (MPH)
  HIGHEST WIND SPEED    17   HIGHEST WIND DIRECTION    SW (240)
  HIGHEST GUST SPEED    22   HIGHEST GUST DIRECTION     W (260)
  AVERAGE WIND SPEED     6.8


SKY COVER
  AVERAGE SKY COVER 0.1


WEATHER CONDITIONS
 THE FOLLOWING WEATHER WAS RECORDED YESTERDAY.
  NO SIGNIFICANT WEATHER WAS OBSERVED.


RELATIVE HUMIDITY (PERCENT)
 HIGHEST   100           500 AM
 LOWEST     52           400 PM
 AVERAGE    76

..........................................................


THE COLLEGE STATION CLIMATE NORMALS FOR TODAY
                         NORMAL    RECORD    YEAR
 MAXIMUM TEMPERATURE (F)   89        99      2003
 MINIMUM TEMPERATURE (F)   70        54      1984


SUNRISE AND SUNSET
MAY 30 2016...........SUNRISE   624 AM CDT   SUNSET   823 PM CDT
MAY 31 2016...........SUNRISE   624 AM CDT   SUNSET   823 PM CDT


-  INDICATES NEGATIVE NUMBERS.
R  INDICATES RECORD WAS SET OR TIED.
MM INDICATES DATA IS MISSING.
T  INDICATES TRACE AMOUNT.




$$
