000
CDUS42 KGSP 272034 RRA
CLICLT

CLIMATE REPORT
NATIONAL WEATHER SERVICE GREENVILLE-SPARTANBURG SC
432 PM EDT SAT AUG 27 2016


...................................

...THE CHARLOTTE NC CLIMATE SUMMARY FOR AUGUST 27 2016...
VALID TODAY AS OF 430 PM LOCAL TIME.

CLIMATE NORMAL PERIOD 1981 TO 2010
CLIMATE RECORD PERIOD 1878 TO 2016


WEATHER ITEM   OBSERVED TIME   RECORD YEAR NORMAL DEPARTURE LAST
                VALUE   (LST)  VALUE       VALUE  FROM      YEAR
                                                  NORMAL
..................................................................
TEMPERATURE (F)
 TODAY
  MAXIMUM         96    258 PM 101    1954  86     10       86
  MINIMUM         71    417 AM  55    1952  66      5       66
                                      1944
                                      1904
  AVERAGE         84                        76      8       76

PRECIPITATION (IN)
  TODAY            0.00          4.39 1995   0.13  -0.13     0.00
  MONTH TO DATE    1.49                      3.72  -2.23     3.73
  SINCE JUN 1      5.86                     11.14  -5.28     7.84
  SINCE JAN 1     21.15                     28.10  -6.95    22.31

SNOWFALL (IN)
  TODAY            0.0           0.0    MM   0.0    0.0      0.0
  MONTH TO DATE    0.0                       0.0    0.0      0.0
  SINCE JUN 1      0.0                       0.0    0.0      0.0
  SINCE JUL 1      0.0                       0.0    0.0      0.0
  SNOW DEPTH       0

DEGREE DAYS
 HEATING
  TODAY            0                         0      0        0
  MONTH TO DATE    0                         0      0        0
  SINCE JUN 1      0                         3     -3        0
  SINCE JUL 1      0                         0      0        0

 COOLING
  TODAY           19                        11      8       11
  MONTH TO DATE  484                       339    145      412
  SINCE JUN 1   1457                      1070    387     1407
  SINCE JAN 1   1702                      1233    469     1700
..................................................................


WIND (MPH)
  HIGHEST WIND SPEED    28   HIGHEST WIND DIRECTION    SE (140)
  HIGHEST GUST SPEED    33   HIGHEST GUST DIRECTION     S (159)
  AVERAGE WIND SPEED     4.2


SKY COVER
  POSSIBLE SUNSHINE  MM
  AVERAGE SKY COVER 0.3


WEATHER CONDITIONS
 THE FOLLOWING WEATHER WAS RECORDED TODAY.
  NO SIGNIFICANT WEATHER WAS OBSERVED.


RELATIVE HUMIDITY (PERCENT)
 HIGHEST    87           400 AM
 LOWEST     41           100 PM
 AVERAGE    64

..........................................................


THE CHARLOTTE NC CLIMATE NORMALS FOR TOMORROW
                         NORMAL    RECORD    YEAR
 MAXIMUM TEMPERATURE (F)   86        98      1924
 MINIMUM TEMPERATURE (F)   66        55      1905


SUNRISE AND SUNSET
AUGUST 27 2016........SUNRISE   653 AM EDT   SUNSET   757 PM EDT
AUGUST 28 2016........SUNRISE   654 AM EDT   SUNSET   755 PM EDT


-  INDICATES NEGATIVE NUMBERS.
R  INDICATES RECORD WAS SET OR TIED.
MM INDICATES DATA IS MISSING.
T  INDICATES TRACE AMOUNT.




$$
