000
CDUS42 KGSP 230629
CLICLT

CLIMATE REPORT
NATIONAL WEATHER SERVICE GREENVILLE-SPARTANBURG SC
228 AM EDT THU MAR 23 2017


...................................

...THE CHARLOTTE NC CLIMATE SUMMARY FOR MARCH 22 2017...

CLIMATE NORMAL PERIOD 1981 TO 2010
CLIMATE RECORD PERIOD 1878 TO 2017


WEATHER ITEM   OBSERVED TIME   RECORD YEAR NORMAL DEPARTURE LAST
                VALUE   (LST)  VALUE       VALUE  FROM      YEAR
                                                  NORMAL
..................................................................
TEMPERATURE (F)
 YESTERDAY
  MAXIMUM         64   1207 AM  89    1907  65     -1       69
  MINIMUM         41   1104 PM  24    1965  41      0       33
  AVERAGE         53                        53      0       51

PRECIPITATION (IN)
  YESTERDAY        0.03          0.88 1879   0.12  -0.09     0.00
  MONTH TO DATE    1.93                      2.91  -0.98     0.40
  SINCE MAR 1      1.93                      2.91  -0.98     0.40
  SINCE JAN 1      8.84                      9.64  -0.80     7.18

SNOWFALL (IN)
  YESTERDAY        0.0           2.1  1885   0.0    0.0      0.0
  MONTH TO DATE    1.1                       0.5    0.6      0.0
  SINCE MAR 1      1.1                       0.5    0.6      0.0
  SINCE JUL 1      2.2                       4.2   -2.0      3.3
  SNOW DEPTH       0

DEGREE DAYS
 HEATING
  YESTERDAY       12                        12      0       14
  MONTH TO DATE  352                       334     18      193
  SINCE MAR 1    352                       334     18      193
  SINCE JUL 1   2250                      3033   -783     2335

 COOLING
  YESTERDAY        0                         0      0        0
  MONTH TO DATE    6                         0      6       31
  SINCE MAR 1      6                         0      6       31
  SINCE JAN 1     11                         0     11       31
..................................................................


WIND (MPH)
  HIGHEST WIND SPEED    20   HIGHEST WIND DIRECTION     N (360)
  HIGHEST GUST SPEED    24   HIGHEST GUST DIRECTION     N (10)
  AVERAGE WIND SPEED     9.4


SKY COVER
  POSSIBLE SUNSHINE  MM
  AVERAGE SKY COVER 0.7


WEATHER CONDITIONS
 THE FOLLOWING WEATHER WAS RECORDED YESTERDAY.
  RAIN
  LIGHT RAIN
  FOG


RELATIVE HUMIDITY (PERCENT)
 HIGHEST    86           400 AM
 LOWEST     19           500 PM
 AVERAGE    53

..........................................................


THE CHARLOTTE NC CLIMATE NORMALS FOR TODAY
                         NORMAL    RECORD    YEAR
 MAXIMUM TEMPERATURE (F)   65        91      1907
 MINIMUM TEMPERATURE (F)   41        20      1888


SUNRISE AND SUNSET
MARCH 23 2017.........SUNRISE   723 AM EDT   SUNSET   738 PM EDT
MARCH 24 2017.........SUNRISE   721 AM EDT   SUNSET   739 PM EDT


-  INDICATES NEGATIVE NUMBERS.
R  INDICATES RECORD WAS SET OR TIED.
MM INDICATES DATA IS MISSING.
T  INDICATES TRACE AMOUNT.




$$
