000
CDUS42 KGSP 180634 CCA
CLICLT

CLIMATE REPORT
NATIONAL WEATHER SERVICE GREENVILLE-SPARTANBURG SC
232 AM EDT WED OCT 18 2017


...................................

...THE CHARLOTTE NC CLIMATE SUMMARY FOR OCTOBER 17 2017...

CLIMATE NORMAL PERIOD 1981 TO 2010
CLIMATE RECORD PERIOD 1878 TO 2017


WEATHER ITEM   OBSERVED TIME   RECORD YEAR NORMAL DEPARTURE LAST
                VALUE   (LST)  VALUE       VALUE  FROM      YEAR
                                                  NORMAL
..................................................................
TEMPERATURE (F)
 YESTERDAY
  MAXIMUM         67    354 PM  85    1962  71     -4       81
                                      1928
                                      1925
  MINIMUM         43    629 AM  35    2001  48     -5       54
  AVERAGE         55                        60     -5       68

PRECIPITATION (IN)
  YESTERDAY        0.00          1.90 2006   0.11  -0.11     0.00
  MONTH TO DATE    1.92                      1.97  -0.05     2.78
  SINCE SEP 1      4.64                      5.21  -0.57     8.22
  SINCE JAN 1     39.60                     33.81   5.79    29.76

SNOWFALL (IN)
  YESTERDAY        0.0           0.0    MM   0.0    0.0      0.0
  MONTH TO DATE    0.0                       0.0    0.0      0.0
  SINCE SEP 1      0.0                       0.0    0.0      0.0
  SINCE JUL 1      0.0                       0.0    0.0      0.0
  SNOW DEPTH       0

DEGREE DAYS
 HEATING
  YESTERDAY       10                         6      4        0
  MONTH TO DATE   18                        72    -54       27
  SINCE SEP 1     27                        95    -68       27
  SINCE JUL 1     27                        95    -68       27

 COOLING
  YESTERDAY        0                         1     -1        3
  MONTH TO DATE  100                        30     70       30
  SINCE SEP 1    338                       228    110      393
  SINCE JAN 1   1899                      1505    394     2160
..................................................................


WIND (MPH)
  HIGHEST WIND SPEED    15   HIGHEST WIND DIRECTION    NE (50)
  HIGHEST GUST SPEED    26   HIGHEST GUST DIRECTION     E (70)
  AVERAGE WIND SPEED     7.5


SKY COVER
  POSSIBLE SUNSHINE  MM
  AVERAGE SKY COVER 0.1


WEATHER CONDITIONS
 THE FOLLOWING WEATHER WAS RECORDED YESTERDAY.
  NO SIGNIFICANT WEATHER WAS OBSERVED.


RELATIVE HUMIDITY (PERCENT)
 HIGHEST    89           600 AM
 LOWEST     34           200 PM
 AVERAGE    62

..........................................................


THE CHARLOTTE NC CLIMATE NORMALS FOR TODAY
                         NORMAL    RECORD    YEAR
 MAXIMUM TEMPERATURE (F)   71        87      1938
 MINIMUM TEMPERATURE (F)   48        31      2001


SUNRISE AND SUNSET
OCTOBER 18 2017.......SUNRISE   733 AM EDT   SUNSET   645 PM EDT
OCTOBER 19 2017.......SUNRISE   734 AM EDT   SUNSET   643 PM EDT


-  INDICATES NEGATIVE NUMBERS.
R  INDICATES RECORD WAS SET OR TIED.
MM INDICATES DATA IS MISSING.
T  INDICATES TRACE AMOUNT.




$$
