000
CDUS42 KGSP 270630
CLICLT

CLIMATE REPORT
NATIONAL WEATHER SERVICE GREENVILLE-SPARTANBURG SC
128 AM EST FRI FEB 27 2015


...................................

...THE CHARLOTTE NC CLIMATE SUMMARY FOR FEBRUARY 26 2015...

CLIMATE NORMAL PERIOD 1981 TO 2010
CLIMATE RECORD PERIOD 1878 TO 2015


WEATHER ITEM   OBSERVED TIME   RECORD YEAR NORMAL DEPARTURE LAST
                VALUE   (LST)  VALUE       VALUE  FROM      YEAR
                                                  NORMAL
..................................................................
TEMPERATURE (F)
 YESTERDAY
  MAXIMUM         42    354 PM  81    1977  58    -16       51
  MINIMUM         31   1159 PM   7    1967  35     -4       34
  AVERAGE         37                        46     -9       43

PRECIPITATION (IN)
  YESTERDAY        0.21          1.82 1890   0.12   0.09     0.00
  MONTH TO DATE    3.02                      3.06  -0.04     4.01
  SINCE DEC 1      8.39                      9.72  -1.33    14.05
  SINCE JAN 1      5.82                      6.47  -0.65     6.92

SNOWFALL (IN)
  YESTERDAY        0.2          11.6  2004   0.0    0.2      0.0
  MONTH TO DATE    3.1                       1.1    2.0      8.4
  SINCE DEC 1      3.1                       3.5   -0.4      9.3
  SINCE JUL 1      3.1                       3.6   -0.5      9.3
  SNOW DEPTH       2

DEGREE DAYS
 HEATING
  YESTERDAY       28                        19      9       22
  MONTH TO DATE  709                       556    153      496
  SINCE DEC 1   2058                      2027     31     1979
  SINCE JUL 1   2716                      2663     53     2629

 COOLING
  YESTERDAY        0                         0      0        0
  MONTH TO DATE    0                         0      0        1
  SINCE DEC 1      0                         1     -1        9
  SINCE JAN 1      0                         0      0        1
..................................................................


WIND (MPH)
  HIGHEST WIND SPEED    17   HIGHEST WIND DIRECTION     N (360)
  HIGHEST GUST SPEED    23   HIGHEST GUST DIRECTION     N (20)
  AVERAGE WIND SPEED     7.0


SKY COVER
  POSSIBLE SUNSHINE  MM
  AVERAGE SKY COVER 0.9


WEATHER CONDITIONS
 THE FOLLOWING WEATHER WAS RECORDED YESTERDAY.
  RAIN
  LIGHT RAIN
  SNOW
  LIGHT SNOW
  SLEET
  FOG


RELATIVE HUMIDITY (PERCENT)
 HIGHEST    89          1200 AM
 LOWEST     62           400 PM
 AVERAGE    76

..........................................................


THE CHARLOTTE NC CLIMATE NORMALS FOR TODAY
                         NORMAL    RECORD    YEAR
 MAXIMUM TEMPERATURE (F)   58        82      2011
 MINIMUM TEMPERATURE (F)   35         7      1963


SUNRISE AND SUNSET
FEBRUARY 27 2015......SUNRISE   656 AM EST   SUNSET   617 PM EST
FEBRUARY 28 2015......SUNRISE   655 AM EST   SUNSET   618 PM EST


-  INDICATES NEGATIVE NUMBERS.
R  INDICATES RECORD WAS SET OR TIED.
MM INDICATES DATA IS MISSING.
T  INDICATES TRACE AMOUNT.

$$
07
