000
CDUS42 KGSP 280629
CLICLT

CLIMATE REPORT
NATIONAL WEATHER SERVICE GREENVILLE-SPARTANBURG SC
228 AM EDT WED SEP 28 2016

...THE CHARLOTTE NC CLIMATE SUMMARY FOR SEPTEMBER 27 2016...

CLIMATE NORMAL PERIOD 1981 TO 2010
CLIMATE RECORD PERIOD 1878 TO 2016


WEATHER ITEM   OBSERVED TIME   RECORD YEAR NORMAL DEPARTURE LAST
                VALUE   (LST)  VALUE       VALUE  FROM      YEAR
                                                  NORMAL
..................................................................
TEMPERATURE (F)
 YESTERDAY
  MAXIMUM         85    336 PM  93    1900  78      7       71
  MINIMUM         67    619 AM  43    1940  56     11       63
  AVERAGE         76                        67      9       67

PRECIPITATION (IN)
  YESTERDAY        0.03          1.94 2004   0.11  -0.08     0.15
  MONTH TO DATE    5.18                      2.89   2.29     2.14
  SINCE SEP 1      5.18                      2.89   2.29     2.14
  SINCE JAN 1     26.72                     31.49  -4.77    24.56

SNOWFALL (IN)
  YESTERDAY        0.0           0.0    MM   0.0    0.0      0.0
  MONTH TO DATE    0.0                       0.0    0.0      0.0
  SINCE SEP 1      0.0                       0.0    0.0      0.0
  SINCE JUL 1      0.0                       0.0    0.0      0.0
  SNOW DEPTH       0

DEGREE DAYS
 HEATING
  YESTERDAY        0                         2     -2        0
  MONTH TO DATE    0                        15    -15        4
  SINCE SEP 1      0                        15    -15        4
  SINCE JUL 1      0                        15    -15        4

 COOLING
  YESTERDAY       11                         4      7        2
  MONTH TO DATE  335                       189    146      217
  SINCE SEP 1    335                       189    146      217
  SINCE JAN 1   2102                      1466    636     1958
..................................................................


WIND (MPH)
  HIGHEST WIND SPEED    12   HIGHEST WIND DIRECTION    SW (210)
  HIGHEST GUST SPEED    17   HIGHEST GUST DIRECTION    SW (210)
  AVERAGE WIND SPEED     3.6


SKY COVER
  POSSIBLE SUNSHINE  MM
  AVERAGE SKY COVER 0.7


WEATHER CONDITIONS
 THE FOLLOWING WEATHER WAS RECORDED YESTERDAY.
  LIGHT RAIN


RELATIVE HUMIDITY (PERCENT)
 HIGHEST    93           700 AM
 LOWEST     55           300 PM
 AVERAGE    74

..........................................................


THE CHARLOTTE NC CLIMATE NORMALS FOR TODAY
                         NORMAL    RECORD    YEAR
 MAXIMUM TEMPERATURE (F)   77        93      1954
 MINIMUM TEMPERATURE (F)   56        41      1947


SUNRISE AND SUNSET
SEPTEMBER 28 2016.....SUNRISE   717 AM EDT   SUNSET   711 PM EDT
SEPTEMBER 29 2016.....SUNRISE   717 AM EDT   SUNSET   710 PM EDT


-  INDICATES NEGATIVE NUMBERS.
R  INDICATES RECORD WAS SET OR TIED.
MM INDICATES DATA IS MISSING.
T  INDICATES TRACE AMOUNT.

$$
