051
CDUS42 KGSP 220639
CLICLT

CLIMATE REPORT
NATIONAL WEATHER SERVICE GREENVILLE-SPARTANBURG SC
236 AM EDT FRI MAY 22 2015


...................................

...THE CHARLOTTE NC CLIMATE SUMMARY FOR MAY 21 2015...

CLIMATE NORMAL PERIOD 1981 TO 2010
CLIMATE RECORD PERIOD 1878 TO 2015


WEATHER ITEM   OBSERVED TIME   RECORD YEAR NORMAL DEPARTURE LAST
                VALUE   (LST)  VALUE       VALUE  FROM      YEAR
                                                  NORMAL
..................................................................
TEMPERATURE (F)
 YESTERDAY
  MAXIMUM         86    354 PM  97    1941  80      6       85
  MINIMUM         64   1159 PM  41    1894  57      7       58
  AVERAGE         75                        69      6       72

PRECIPITATION (IN)
  YESTERDAY        0.00          2.41 1942   0.10  -0.10     0.00
  MONTH TO DATE    T                         2.07  -2.07     2.70
  SINCE MAR 1      8.33                      9.12  -0.79    14.52
  SINCE JAN 1     14.15                     15.85  -1.70    21.44

SNOWFALL (IN)
  YESTERDAY        0.0           0.0    MM   0.0    0.0      0.0
  MONTH TO DATE    0.0                       0.0    0.0       T
  SINCE MAR 1      0.0                       0.6   -0.6       T
  SINCE JUL 1      3.1                       4.3   -1.2      9.3
  SNOW DEPTH       0

DEGREE DAYS
 HEATING
  YESTERDAY        0                         1     -1        0
  MONTH TO DATE   14                        45    -31       35
  SINCE MAR 1    482                       678   -196      721
  SINCE JUL 1   3253                      3377   -124     3397

 COOLING
  YESTERDAY       10                         5      5        7
  MONTH TO DATE  146                        66     80       92
  SINCE MAR 1    209                       103    106      130
  SINCE JAN 1    209                       103    106      131
..................................................................


WIND (MPH)
  HIGHEST WIND SPEED    17   HIGHEST WIND DIRECTION     N (350)
  HIGHEST GUST SPEED    22   HIGHEST GUST DIRECTION     N (360)
  AVERAGE WIND SPEED     7.4


SKY COVER
  POSSIBLE SUNSHINE  MM
  AVERAGE SKY COVER 0.7


WEATHER CONDITIONS
 THE FOLLOWING WEATHER WAS RECORDED YESTERDAY.
  NO SIGNIFICANT WEATHER WAS OBSERVED.


RELATIVE HUMIDITY (PERCENT)
 HIGHEST    90           400 AM
 LOWEST     36           800 PM
 AVERAGE    63

..........................................................


THE CHARLOTTE NC CLIMATE NORMALS FOR TODAY
                         NORMAL    RECORD    YEAR
 MAXIMUM TEMPERATURE (F)   80        98      1941
 MINIMUM TEMPERATURE (F)   58        42      2002


SUNRISE AND SUNSET
MAY 22 2015...........SUNRISE   615 AM EDT   SUNSET   826 PM EDT
MAY 23 2015...........SUNRISE   615 AM EDT   SUNSET   827 PM EDT


-  INDICATES NEGATIVE NUMBERS.
R  INDICATES RECORD WAS SET OR TIED.
MM INDICATES DATA IS MISSING.
T  INDICATES TRACE AMOUNT.




$$
