000
CDUS42 KGSP 170628
CLICLT

CLIMATE REPORT
NATIONAL WEATHER SERVICE GREENVILLE-SPARTANBURG SC
126 AM EST SUN DEC 17 2017


...................................

...THE CHARLOTTE NC CLIMATE SUMMARY FOR DECEMBER 16 2017...

CLIMATE NORMAL PERIOD 1981 TO 2010
CLIMATE RECORD PERIOD 1878 TO 2017


WEATHER ITEM   OBSERVED TIME   RECORD YEAR NORMAL DEPARTURE LAST
                VALUE   (LST)  VALUE       VALUE  FROM      YEAR
                                                  NORMAL
..................................................................
TEMPERATURE (F)
 YESTERDAY
  MAXIMUM         50    315 PM  75    1971  53     -3       32
  MINIMUM         23    415 AM  12    1958  32     -9       23
  AVERAGE         37                        42     -5       28

PRECIPITATION (IN)
  YESTERDAY        0.00          1.58 1970   0.10  -0.10      T
  MONTH TO DATE    1.21                      1.69  -0.48     1.64
  SINCE DEC 1      1.21                      1.69  -0.48     1.64
  SINCE JAN 1     43.78                     40.07   3.71    32.28

SNOWFALL (IN)
  YESTERDAY        0.0           3.0  1973   0.0    0.0       T
  MONTH TO DATE    0.1                       0.0    0.1       T
  SINCE DEC 1      0.1                       0.0    0.1       T
  SINCE JUL 1      0.1                       0.1    0.0       T
  SNOW DEPTH       0

DEGREE DAYS
 HEATING
  YESTERDAY       28                        23      5       37
  MONTH TO DATE  314                       339    -25      367
  SINCE DEC 1    314                       339    -25      367
  SINCE JUL 1    840                       975   -135      785

 COOLING
  YESTERDAY        0                         0      0        0
  MONTH TO DATE    0                         0      0        0
  SINCE DEC 1      0                         0      0        0
  SINCE JAN 1   1905                      1517    388     2193
..................................................................


WIND (MPH)
  HIGHEST WIND SPEED    12   HIGHEST WIND DIRECTION     S (200)
  HIGHEST GUST SPEED    15   HIGHEST GUST DIRECTION    SW (240)
  AVERAGE WIND SPEED     3.4


SKY COVER
  POSSIBLE SUNSHINE  MM
  AVERAGE SKY COVER 0.4


WEATHER CONDITIONS
 THE FOLLOWING WEATHER WAS RECORDED YESTERDAY.
  NO SIGNIFICANT WEATHER WAS OBSERVED.


RELATIVE HUMIDITY (PERCENT)
 HIGHEST    92           800 AM
 LOWEST     34           200 PM
 AVERAGE    63

..........................................................


THE CHARLOTTE NC CLIMATE NORMALS FOR TODAY
                         NORMAL    RECORD    YEAR
 MAXIMUM TEMPERATURE (F)   52        73      1956
 MINIMUM TEMPERATURE (F)   32        14      1901
                                             1882


SUNRISE AND SUNSET
DECEMBER 17 2017......SUNRISE   726 AM EST   SUNSET   514 PM EST
DECEMBER 18 2017......SUNRISE   727 AM EST   SUNSET   514 PM EST


-  INDICATES NEGATIVE NUMBERS.
R  INDICATES RECORD WAS SET OR TIED.
MM INDICATES DATA IS MISSING.
T  INDICATES TRACE AMOUNT.




$$
