000
CDUS46 KLOX 280114
CLICMA


CLIMATE REPORT
NATIONAL WEATHER SERVICE LOS ANGELES/OXNARD CA
513 PM PST MON FEB 27 2017


...................................

...THE CAMARILLO CLIMATE SUMMARY FOR FEBRUARY 27 2017...
VALID TODAY AS OF 500 PM LOCAL TIME.

CLIMATE NORMAL PERIOD 1981 TO 2010
CLIMATE RECORD PERIOD 1948 TO 2017


WEATHER ITEM   OBSERVED TIME   RECORD YEAR NORMAL DEPARTURE LAST
                VALUE   (LST)  VALUE       VALUE  FROM      YEAR
                                                  NORMAL
..................................................................
TEMPERATURE (F)
 TODAY
  MAXIMUM         58    315 PM  83    1992  65     -7       76
  MINIMUM         51    643 AM  30    1962  44      7       48
  AVERAGE         55                        54      1       62

PRECIPITATION (IN)
  TODAY            0.00          1.58 2006   0.12  -0.12     0.00
  MONTH TO DATE    6.10                      3.60   2.50     0.31
  SINCE OCT 1     19.01                     11.07   7.94     3.50
  SINCE JAN 1     14.35                      7.07   7.28     2.94

SNOWFALL (IN)
  TODAY            0.0
  MONTH TO DATE    0.0
  SINCE DEC 1      0.0
  SINCE JUL 1      0.0

DEGREE DAYS
 HEATING
  TODAY           10                        11     -1        3
  MONTH TO DATE  221                       307    -86      114
  SINCE DEC 1    807                       994   -187      662
  SINCE JUL 1    970                      1326   -356      807

 COOLING
  TODAY            0                         0      0        0
  MONTH TO DATE    0                         0      0       58
  SINCE DEC 1      6                         9     -3       62
  SINCE JAN 1      1                         7     -6       58
..................................................................


WIND (MPH)
  HIGHEST WIND SPEED    10   HIGHEST WIND DIRECTION     W (280)
  HIGHEST GUST SPEED    30   HIGHEST GUST DIRECTION    SW (220)
  AVERAGE WIND SPEED     6.1


SKY COVER
  POSSIBLE SUNSHINE  MM
  AVERAGE SKY COVER 1.0


WEATHER CONDITIONS
 THE FOLLOWING WEATHER WAS RECORDED TODAY.
  NO SIGNIFICANT WEATHER WAS OBSERVED.


RELATIVE HUMIDITY (PERCENT)
 HIGHEST    83          1200 AM
 LOWEST     66          1000 AM
 AVERAGE    75

..........................................................


THE CAMARILLO CLIMATE NORMALS FOR TOMORROW
                         NORMAL    RECORD    YEAR
 MAXIMUM TEMPERATURE (F)   65        83      1992
 MINIMUM TEMPERATURE (F)   44        31      1962


SUNRISE AND SUNSET
FEBRUARY 27 2017......SUNRISE   627 AM PST   SUNSET   551 PM PST
FEBRUARY 28 2017......SUNRISE   626 AM PST   SUNSET   552 PM PST


-  INDICATES NEGATIVE NUMBERS.
R  INDICATES RECORD WAS SET OR TIED.
MM INDICATES DATA IS MISSING.
T  INDICATES TRACE AMOUNT.




$$
