000
CDUS46 KLOX 120111
CLICMA


CLIMATE REPORT
NATIONAL WEATHER SERVICE LOS ANGELES/OXNARD CA
511 PM PST MON DEC 11 2017


...................................

...THE CAMARILLO CLIMATE SUMMARY FOR DECEMBER 11 2017...
VALID TODAY AS OF 0500 PM LOCAL TIME.

CLIMATE NORMAL PERIOD 1981 TO 2010
CLIMATE RECORD PERIOD 1923 TO 2017


WEATHER ITEM   OBSERVED TIME   RECORD YEAR NORMAL DEPARTURE LAST
                VALUE   (LST)  VALUE       VALUE  FROM      YEAR
                                                  NORMAL
..................................................................
TEMPERATURE (F)
 TODAY
  MAXIMUM         86R   131 PM  85    1958  66     20       67
                                      1924
  MINIMUM         58    504 AM  32    1923  42     16       58
  AVERAGE         72                        54     18       63

PRECIPITATION (IN)
  TODAY            0.00          0.94 1993   0.03  -0.03     0.00
  MONTH TO DATE    0.00                      0.42  -0.42     0.00
  SINCE OCT 1      0.07                      2.36  -2.29     1.48
  SINCE JAN 1     14.87                     13.58   1.29     6.90

SNOWFALL (IN)
  TODAY            0.0
  MONTH TO DATE    0.0
  SINCE DEC 1      0.0
  SINCE JUL 1      0.0

DEGREE DAYS
 HEATING
  TODAY            0                        11    -11        2
  MONTH TO DATE   31                       118    -87       90
  SINCE DEC 1     31                       118    -87       90
  SINCE JUL 1    118                       450   -332      253

 COOLING
  TODAY            7                         0      7        0
  MONTH TO DATE   29                         0     29        0
  SINCE DEC 1     29                         0     29        0
  SINCE JAN 1    900                       330    570      729
..................................................................


WIND (MPH)
  HIGHEST WIND SPEED    21   HIGHEST WIND DIRECTION     E (70)
  HIGHEST GUST SPEED    25   HIGHEST GUST DIRECTION     E (70)
  AVERAGE WIND SPEED    10.9


SKY COVER
  POSSIBLE SUNSHINE  MM
  AVERAGE SKY COVER 0.0


WEATHER CONDITIONS
 THE FOLLOWING WEATHER WAS RECORDED TODAY.
  HAZE


RELATIVE HUMIDITY (PERCENT)
 HIGHEST    31           200 PM
 LOWEST      3          1100 AM
 AVERAGE    17

..........................................................


THE CAMARILLO CLIMATE NORMALS FOR TOMORROW
                         NORMAL    RECORD    YEAR
 MAXIMUM TEMPERATURE (F)   66        88      2010
 MINIMUM TEMPERATURE (F)   42        30      1932


SUNRISE AND SUNSET
DECEMBER 11 2017......SUNRISE   652 AM PST   SUNSET   447 PM PST
DECEMBER 12 2017......SUNRISE   653 AM PST   SUNSET   447 PM PST


-  INDICATES NEGATIVE NUMBERS.
R  INDICATES RECORD WAS SET OR TIED.
MM INDICATES DATA IS MISSING.
T  INDICATES TRACE AMOUNT.




$$
