000
CDUS46 KLOX 310118
CLICMA


CLIMATE REPORT
NATIONAL WEATHER SERVICE LOS ANGELES/OXNARD CA
518 PM PST FRI JAN 30 2015


...................................

...THE CAMARILLO CLIMATE SUMMARY FOR JANUARY 30 2015...
VALID TODAY AS OF 0500 PM LOCAL TIME.

CLIMATE NORMAL PERIOD 1981 TO 2010
CLIMATE RECORD PERIOD 1948 TO 2015


WEATHER ITEM   OBSERVED TIME   RECORD YEAR NORMAL DEPARTURE LAST
                VALUE   (LST)  VALUE       VALUE  FROM      YEAR
                                                  NORMAL
..................................................................
TEMPERATURE (F)
 TODAY
  MAXIMUM         68   1218 PM  85    1953  66      2       60
  MINIMUM         58    752 AM  30    1969  42     16       53
  AVERAGE         63                        54      9       57

PRECIPITATION (IN)
  TODAY            0.00          1.42 1966   0.08  -0.08     0.01
  MONTH TO DATE    2.09                      3.39  -1.30     0.01
  SINCE OCT 1      7.00                      7.39  -0.39     0.79
  SINCE JAN 1      2.09                      3.39  -1.30     0.01

SNOWFALL (IN)
  TODAY            0.0
  MONTH TO DATE    0.0
  SINCE DEC 1      0.0
  SINCE JUL 1      0.0

DEGREE DAYS
 HEATING
  TODAY            2                        11     -9        8
  MONTH TO DATE  178                       330   -152      197
  SINCE DEC 1    406                       679   -273      484
  SINCE JUL 1    493                      1011   -518      708

 COOLING
  TODAY            0                         0      0        0
  MONTH TO DATE   24                         0     24       27
  SINCE DEC 1     28                         2     26       48
  SINCE JAN 1     24                         0     24       27
..................................................................


WIND (MPH)
  HIGHEST WIND SPEED    13   HIGHEST WIND DIRECTION     W (250)
  HIGHEST GUST SPEED    15   HIGHEST GUST DIRECTION     W (280)
  AVERAGE WIND SPEED     5.8


SKY COVER
  POSSIBLE SUNSHINE  MM
  AVERAGE SKY COVER 0.5


WEATHER CONDITIONS
 THE FOLLOWING WEATHER WAS RECORDED TODAY.
  NO SIGNIFICANT WEATHER WAS OBSERVED.


RELATIVE HUMIDITY (PERCENT)
 HIGHEST    84          1200 AM
 LOWEST     55          1200 PM
 AVERAGE    70

..........................................................


THE CAMARILLO CLIMATE NORMALS FOR TOMORROW
                         NORMAL    RECORD    YEAR
 MAXIMUM TEMPERATURE (F)   66        94      2003
 MINIMUM TEMPERATURE (F)   42        31      2002


SUNRISE AND SUNSET
JANUARY 30 2015.......SUNRISE   655 AM PST   SUNSET   524 PM PST
JANUARY 31 2015.......SUNRISE   655 AM PST   SUNSET   525 PM PST


-  INDICATES NEGATIVE NUMBERS.
R  INDICATES RECORD WAS SET OR TIED.
MM INDICATES DATA IS MISSING.
T  INDICATES TRACE AMOUNT.




$$
