000
CDUS46 KLOX 300910
CLICMA


CLIMATE REPORT
NATIONAL WEATHER SERVICE LOS ANGELES/OXNARD CA
209 AM PDT MON MAR 30 2015


...................................

...THE CAMARILLO AIRPORT CA CLIMATE SUMMARY FOR MARCH 29 2015...

CLIMATE NORMAL PERIOD 1981 TO 2010
CLIMATE RECORD PERIOD 1948 TO 2015


WEATHER ITEM   OBSERVED TIME   RECORD YEAR NORMAL DEPARTURE LAST
                VALUE   (LST)  VALUE       VALUE  FROM      YEAR
                                                  NORMAL
..................................................................
TEMPERATURE (F)
 YESTERDAY
  MAXIMUM         75    245 PM  93    2004  67      8       72
  MINIMUM         50    618 AM  38    1998  48      2       47
  AVERAGE         63                        57      6       60

PRECIPITATION (IN)
  YESTERDAY        0.00          0.78 1954   0.04  -0.04     0.00
  MONTH TO DATE    0.52                      2.60  -2.08     0.71
  SINCE OCT 1      8.01                     13.78  -5.77     4.81
  SINCE JAN 1      3.10                      9.78  -6.68     4.03

SNOWFALL (IN)
  YESTERDAY        0.0
  MONTH TO DATE    0.0
  SINCE MAR 1      0.0
  SINCE JUL 1      0.0

DEGREE DAYS
 HEATING
  YESTERDAY        2                         8     -6        5
  MONTH TO DATE   87                       261   -174      137
  SINCE MAR 1     87                       261   -174      137
  SINCE JUL 1    744                      1597   -853     1090

 COOLING
  YESTERDAY        0                         0      0        0
  MONTH TO DATE   56                         0     56       12
  SINCE MAR 1     56                         0     56       12
  SINCE JAN 1     95                         9     86       40
..................................................................


WIND (MPH)
  HIGHEST WIND SPEED    13   HIGHEST WIND DIRECTION    SW (230)
  HIGHEST GUST SPEED    17   HIGHEST GUST DIRECTION    SW (230)
  AVERAGE WIND SPEED     4.1


SKY COVER
  POSSIBLE SUNSHINE  MM
  AVERAGE SKY COVER 0.2


WEATHER CONDITIONS
 THE FOLLOWING WEATHER WAS RECORDED YESTERDAY.
  FOG
  FOG W/VISIBILITY <= 1/4 MILE
  HAZE


RELATIVE HUMIDITY (PERCENT)
 HIGHEST    93           300 AM
 LOWEST     46           400 PM
 AVERAGE    70

..........................................................


THE CAMARILLO AIRPORT CA CLIMATE NORMALS FOR TODAY
                         NORMAL    RECORD    YEAR
 MAXIMUM TEMPERATURE (F)   67        90      2003
 MINIMUM TEMPERATURE (F)   48        32      1967


SUNRISE AND SUNSET
MARCH 30 2015.........SUNRISE   647 AM PDT   SUNSET   716 PM PDT
MARCH 31 2015.........SUNRISE   645 AM PDT   SUNSET   716 PM PDT


-  INDICATES NEGATIVE NUMBERS.
R  INDICATES RECORD WAS SET OR TIED.
MM INDICATES DATA IS MISSING.
T  INDICATES TRACE AMOUNT.




$$
