000
CDUS46 KLOX 240114
CLICMA


CLIMATE REPORT
NATIONAL WEATHER SERVICE LOS ANGELES/OXNARD CA
614 PM PDT WED JUL 23 2014


...................................

...THE CAMARILLO CLIMATE SUMMARY FOR JULY 23 2014...
VALID TODAY AS OF 0600 PM LOCAL TIME.

CLIMATE NORMAL PERIOD 1981 TO 2010
CLIMATE RECORD PERIOD 1948 TO 2014


WEATHER ITEM   OBSERVED TIME   RECORD YEAR NORMAL DEPARTURE LAST
                VALUE   (LST)  VALUE       VALUE  FROM      YEAR
                                                  NORMAL
..................................................................
TEMPERATURE (F)
 TODAY
  MAXIMUM         83    245 PM  91    2006  76      7       77
  MINIMUM         61    511 AM  53    2002  58      3       63
  AVERAGE         72                        67      5       70

PRECIPITATION (IN)
  TODAY            0.00          T    2006   0.00   0.00     0.00
  MONTH TO DATE    T                         0.02  -0.02     0.04
  SINCE JUL 1      T                         0.02  -0.02     0.04
  SINCE JAN 1      4.19                     11.00  -6.81     2.19

SNOWFALL (IN)
  TODAY            0.0
  MONTH TO DATE    0.0
  SINCE JUN 1      0.0
  SINCE JUL 1      0.0

DEGREE DAYS
 HEATING
  TODAY            0                         0      0        0
  MONTH TO DATE    0                         1     -1        0
  SINCE JUN 1     12                        44    -32        0
  SINCE JUL 1      0                         1     -1        0

 COOLING
  TODAY            7                         3      4        5
  MONTH TO DATE  151                        52     99      107
  SINCE JUN 1    196                        75    121      253
  SINCE JAN 1    344                       106    238      359
..................................................................


WIND (MPH)
  HIGHEST WIND SPEED    13   HIGHEST WIND DIRECTION     W (270)
  HIGHEST GUST SPEED    16   HIGHEST GUST DIRECTION     W (250)
  AVERAGE WIND SPEED     5.0


SKY COVER
  POSSIBLE SUNSHINE  MM
  AVERAGE SKY COVER 0.0


WEATHER CONDITIONS
 THE FOLLOWING WEATHER WAS RECORDED TODAY.
  NO SIGNIFICANT WEATHER WAS OBSERVED.


RELATIVE HUMIDITY (PERCENT)
 HIGHEST    84           500 AM
 LOWEST     43          1100 AM
 AVERAGE    64

..........................................................


THE CAMARILLO CLIMATE NORMALS FOR TOMORROW
                         NORMAL    RECORD    YEAR
 MAXIMUM TEMPERATURE (F)   77        86      1974
 MINIMUM TEMPERATURE (F)   58        52      1949


SUNRISE AND SUNSET
JULY 23 2014..........SUNRISE   601 AM PDT   SUNSET   804 PM PDT
JULY 24 2014..........SUNRISE   602 AM PDT   SUNSET   804 PM PDT


-  INDICATES NEGATIVE NUMBERS.
R  INDICATES RECORD WAS SET OR TIED.
MM INDICATES DATA IS MISSING.
T  INDICATES TRACE AMOUNT.




$$
