000
CDUS46 KLOX 310926
CLICMA


CLIMATE REPORT
NATIONAL WEATHER SERVICE LOS ANGELES/OXNARD CA
225 AM PDT TUE MAY 31 2016


...................................

...THE CAMARILLO AIRPORT CA CLIMATE SUMMARY FOR MAY 30 2016...

CLIMATE NORMAL PERIOD 1981 TO 2010
CLIMATE RECORD PERIOD 1948 TO 2016


WEATHER ITEM   OBSERVED TIME   RECORD YEAR NORMAL DEPARTURE LAST
                VALUE   (LST)  VALUE       VALUE  FROM      YEAR
                                                  NORMAL
..................................................................
TEMPERATURE (F)
 YESTERDAY
  MAXIMUM         70   1127 AM  86    1978  71     -1       71
  MINIMUM         58    549 AM  44    2011  54      4       57
  AVERAGE         64                        63      1       64

PRECIPITATION (IN)
  YESTERDAY        0.00          0.02 1950   0.00   0.00     0.00
  MONTH TO DATE    T                         0.31  -0.31     0.22
  SINCE OCT 1      5.98                     14.93  -8.95     8.35
  SINCE JAN 1      5.42                     10.93  -5.51     3.44

SNOWFALL (IN)
  YESTERDAY        0.0
  MONTH TO DATE    0.0
  SINCE MAR 1      0.0
  SINCE JUL 1      0.0

DEGREE DAYS
 HEATING
  YESTERDAY        1                         3     -2        1
  MONTH TO DATE   83                       121    -38      107
  SINCE MAR 1    377                       605   -228      315
  SINCE JUL 1   1194                      1941   -747      972

 COOLING
  YESTERDAY        0                         0      0        0
  MONTH TO DATE    0                         0      0        1
  SINCE MAR 1     13                        11      2       70
  SINCE JAN 1     71                        20     51      109
..................................................................


WIND (MPH)
  HIGHEST WIND SPEED    15   HIGHEST WIND DIRECTION    SW (240)
  HIGHEST GUST SPEED    20   HIGHEST GUST DIRECTION    SW (210)
  AVERAGE WIND SPEED     6.8


SKY COVER
  POSSIBLE SUNSHINE  MM
  AVERAGE SKY COVER 0.8


WEATHER CONDITIONS
 THE FOLLOWING WEATHER WAS RECORDED YESTERDAY.
  HAZE


RELATIVE HUMIDITY (PERCENT)
 HIGHEST    86           400 AM
 LOWEST     57          1200 PM
 AVERAGE    72

..........................................................


THE CAMARILLO AIRPORT CA CLIMATE NORMALS FOR TODAY
                         NORMAL    RECORD    YEAR
 MAXIMUM TEMPERATURE (F)   71        80      2004
 MINIMUM TEMPERATURE (F)   54        44      1949


SUNRISE AND SUNSET
MAY 31 2016...........SUNRISE   546 AM PDT   SUNSET   803 PM PDT
JUNE  1 2016..........SUNRISE   545 AM PDT   SUNSET   803 PM PDT


-  INDICATES NEGATIVE NUMBERS.
R  INDICATES RECORD WAS SET OR TIED.
MM INDICATES DATA IS MISSING.
T  INDICATES TRACE AMOUNT.




$$
