062
CDUS46 KLOX 250939
CLICMA


CLIMATE REPORT
NATIONAL WEATHER SERVICE LOS ANGELES/OXNARD CA
239 AM PDT MON JUL 25 2016


...................................

...THE CAMARILLO AIRPORT CA CLIMATE SUMMARY FOR JULY 24 2016...

CLIMATE NORMAL PERIOD 1981 TO 2010
CLIMATE RECORD PERIOD 1948 TO 2016


WEATHER ITEM   OBSERVED TIME   RECORD YEAR NORMAL DEPARTURE LAST
                VALUE   (LST)  VALUE       VALUE  FROM      YEAR
                                                  NORMAL
..................................................................
TEMPERATURE (F)
 YESTERDAY
  MAXIMUM         82   1127 AM  87    2014  77      5       81
  MINIMUM         62    523 AM  52    1949  58      4       63
  AVERAGE         72                        67      5       72

PRECIPITATION (IN)
  YESTERDAY        0.00          T    1956   0.00   0.00     0.00
  MONTH TO DATE    0.00                      0.02  -0.02     0.53
  SINCE OCT 1      5.98                     15.00  -9.02     8.96
  SINCE JAN 1      5.42                     11.00  -5.58     4.05

SNOWFALL (IN)
  YESTERDAY        0.0
  MONTH TO DATE    0.0
  SINCE JUN 1      0.0
  SINCE JUL 1      0.0

DEGREE DAYS
 HEATING
  YESTERDAY        0                         0      0        0
  MONTH TO DATE    0                         1     -1        0
  SINCE JUN 1     17                        44    -27        4
  SINCE JUL 1      0                         1     -1        0

 COOLING
  YESTERDAY        7                         3      4        7
  MONTH TO DATE  116                        55     61      126
  SINCE JUN 1    185                        78    107      186
  SINCE JAN 1    256                       109    147      295
..................................................................


WIND (MPH)
  HIGHEST WIND SPEED    16   HIGHEST WIND DIRECTION     W (260)
  HIGHEST GUST SPEED    21   HIGHEST GUST DIRECTION    SW (230)
  AVERAGE WIND SPEED     6.0


SKY COVER
  POSSIBLE SUNSHINE  MM
  AVERAGE SKY COVER 0.3


WEATHER CONDITIONS
 THE FOLLOWING WEATHER WAS RECORDED YESTERDAY.
  FOG
  FOG W/VISIBILITY <= 1/4 MILE
  HAZE


RELATIVE HUMIDITY (PERCENT)
 HIGHEST   100           300 AM
 LOWEST     62          1100 AM
 AVERAGE    81

..........................................................


THE CAMARILLO AIRPORT CA CLIMATE NORMALS FOR TODAY
                         NORMAL    RECORD    YEAR
 MAXIMUM TEMPERATURE (F)   77        87      1959
 MINIMUM TEMPERATURE (F)   58        51      1948


SUNRISE AND SUNSET
JULY 25 2016..........SUNRISE   603 AM PDT   SUNSET   803 PM PDT
JULY 26 2016..........SUNRISE   604 AM PDT   SUNSET   802 PM PDT


-  INDICATES NEGATIVE NUMBERS.
R  INDICATES RECORD WAS SET OR TIED.
MM INDICATES DATA IS MISSING.
T  INDICATES TRACE AMOUNT.




$$
