000
CDUS46 KLOX 240113
CLICMA


CLIMATE REPORT
NATIONAL WEATHER SERVICE LOS ANGELES/OXNARD CA
512 PM PST FRI FEB 23 2018


...................................

...THE CAMARILLO CLIMATE SUMMARY FOR FEBRUARY 23 2018...
VALID TODAY AS OF 0500 PM LOCAL TIME.

CLIMATE NORMAL PERIOD 1981 TO 2010
CLIMATE RECORD PERIOD 1923 TO 2018


WEATHER ITEM   OBSERVED TIME   RECORD YEAR NORMAL DEPARTURE LAST
                VALUE   (LST)  VALUE       VALUE  FROM      YEAR
                                                  NORMAL
..................................................................
TEMPERATURE (F)
 TODAY
  MAXIMUM         63    340 PM  89    1954  65     -2       60
  MINIMUM         36    644 AM  31    1960  43     -7       40
  AVERAGE         50                        54     -4       50

PRECIPITATION (IN)
  TODAY            0.00          2.03 1998   0.15  -0.15     0.00
  MONTH TO DATE    0.12                      3.03  -2.91     5.92
  SINCE OCT 1      1.21                     10.50  -9.29    18.83
  SINCE JAN 1      1.14                      6.50  -5.36    14.17

SNOWFALL (IN)
  TODAY            0.0
  MONTH TO DATE    0.0
  SINCE DEC 1      0.0
  SINCE JUL 1      0.0

DEGREE DAYS
 HEATING
  TODAY           15                        11      4       15
  MONTH TO DATE  172                       263    -91      165
  SINCE DEC 1    511                       950   -439      751
  SINCE JUL 1    598                      1282   -684      914

 COOLING
  TODAY            0                         0      0        0
  MONTH TO DATE    3                         0      3        0
  SINCE DEC 1     69                         9     60        6
  SINCE JAN 1     42                         7     35        1
..................................................................


WIND (MPH)
  HIGHEST WIND SPEED    23   HIGHEST WIND DIRECTION     W (270)
  HIGHEST GUST SPEED    28   HIGHEST GUST DIRECTION     W (260)
  AVERAGE WIND SPEED     9.7


SKY COVER
  POSSIBLE SUNSHINE  MM
  AVERAGE SKY COVER 0.0


WEATHER CONDITIONS
 THE FOLLOWING WEATHER WAS RECORDED TODAY.
  NO SIGNIFICANT WEATHER WAS OBSERVED.


RELATIVE HUMIDITY (PERCENT)
 HIGHEST    76           700 AM
 LOWEST     16           300 PM
 AVERAGE    46

..........................................................


THE CAMARILLO CLIMATE NORMALS FOR TOMORROW
                         NORMAL    RECORD    YEAR
 MAXIMUM TEMPERATURE (F)   65        84      2016
 MINIMUM TEMPERATURE (F)   43        34      1964
                                             1953


SUNRISE AND SUNSET
FEBRUARY 23 2018......SUNRISE   632 AM PST   SUNSET   547 PM PST
FEBRUARY 24 2018......SUNRISE   631 AM PST   SUNSET   548 PM PST


-  INDICATES NEGATIVE NUMBERS.
R  INDICATES RECORD WAS SET OR TIED.
MM INDICATES DATA IS MISSING.
T  INDICATES TRACE AMOUNT.




$$
