000
CDUS46 KLOX 080913
CLICMA


CLIMATE REPORT
NATIONAL WEATHER SERVICE LOS ANGELES/OXNARD CA
112 AM PST MON FEB 8 2016


...................................

...THE CAMARILLO AIRPORT CA CLIMATE SUMMARY FOR FEBRUARY 7 2016...

CLIMATE NORMAL PERIOD 1981 TO 2010
CLIMATE RECORD PERIOD 1948 TO 2016


WEATHER ITEM   OBSERVED TIME   RECORD YEAR NORMAL DEPARTURE LAST
                VALUE   (LST)  VALUE       VALUE  FROM      YEAR
                                                  NORMAL
..................................................................
TEMPERATURE (F)
 YESTERDAY
  MAXIMUM         84    344 PM  86    1954  66     18       61
  MINIMUM         65    506 AM  35    1955  42     23       49
  AVERAGE         75                        54     21       55

PRECIPITATION (IN)
  YESTERDAY        0.00          1.52 1998   0.13  -0.13     0.16
  MONTH TO DATE    0.00                      0.68  -0.68     0.16
  SINCE OCT 1      3.19                      8.15  -4.96     7.16
  SINCE JAN 1      2.63                      4.15  -1.52     2.25

SNOWFALL (IN)
  YESTERDAY        0.0
  MONTH TO DATE    0.0
  SINCE DEC 1      0.0
  SINCE JUL 1      0.0

DEGREE DAYS
 HEATING
  YESTERDAY        0                        12    -12       10
  MONTH TO DATE   54                        78    -24       53
  SINCE DEC 1    602                       765   -163      468
  SINCE JUL 1    747                      1097   -350      555

 COOLING
  YESTERDAY       10                         0     10        0
  MONTH TO DATE   10                         0     10        0
  SINCE DEC 1     14                         9      5       28
  SINCE JAN 1     10                         7      3       24
..................................................................


WIND (MPH)
  HIGHEST WIND SPEED    41   HIGHEST WIND DIRECTION    NE (60)
  HIGHEST GUST SPEED    51   HIGHEST GUST DIRECTION    NE (60)
  AVERAGE WIND SPEED    22.2


SKY COVER
  POSSIBLE SUNSHINE  MM
  AVERAGE SKY COVER 0.0


WEATHER CONDITIONS
 THE FOLLOWING WEATHER WAS RECORDED YESTERDAY.
  NO SIGNIFICANT WEATHER WAS OBSERVED.


RELATIVE HUMIDITY (PERCENT)
 HIGHEST    20           400 AM
 LOWEST      9           300 PM
 AVERAGE    15

..........................................................


THE CAMARILLO AIRPORT CA CLIMATE NORMALS FOR TODAY
                         NORMAL    RECORD    YEAR
 MAXIMUM TEMPERATURE (F)   66        87      1954
 MINIMUM TEMPERATURE (F)   42        33      1966


SUNRISE AND SUNSET
FEBRUARY  8 2016......SUNRISE   648 AM PST   SUNSET   533 PM PST
FEBRUARY  9 2016......SUNRISE   648 AM PST   SUNSET   534 PM PST


-  INDICATES NEGATIVE NUMBERS.
R  INDICATES RECORD WAS SET OR TIED.
MM INDICATES DATA IS MISSING.
T  INDICATES TRACE AMOUNT.




$$
