000
CDUS46 KLOX 160117
CLICMA


CLIMATE REPORT
NATIONAL WEATHER SERVICE LOS ANGELES/OXNARD CA
616 PM PDT TUE APR 15 2014


...................................

...THE CAMARILLO CLIMATE SUMMARY FOR APRIL 15 2014...
VALID TODAY AS OF 0600 PM LOCAL TIME.

CLIMATE NORMAL PERIOD 1981 TO 2010
CLIMATE RECORD PERIOD 1948 TO 2014


WEATHER ITEM   OBSERVED TIME   RECORD YEAR NORMAL DEPARTURE LAST
                VALUE   (LST)  VALUE       VALUE  FROM      YEAR
                                                  NORMAL
..................................................................
TEMPERATURE (F)
 TODAY
  MAXIMUM         68    104 PM  97    1966  69     -1       66
  MINIMUM         50    310 AM  40    1970  48      2       52
  AVERAGE         59                        58      1       59

PRECIPITATION (IN)
  TODAY            0.00          0.52 1995   0.02  -0.02     0.00
  MONTH TO DATE    0.05                      0.30  -0.25     0.00
  SINCE JUL 1      5.00                     14.37  -9.37     4.78
  SINCE JAN 1      4.18                     10.13  -5.95     2.07

SNOWFALL (IN)
  TODAY            0.0
  MONTH TO DATE    0.0
  SINCE MAR 1      0.0
  SINCE JUL 1      0.0

DEGREE DAYS
 HEATING
  TODAY            6                         7     -1        6
  MONTH TO DATE   93                       110    -17       50
  SINCE MAR 1    244                       387   -143      252
  SINCE JUL 1   1197                      1723   -526     1392

 COOLING
  TODAY            0                         0      0        0
  MONTH TO DATE    2                         0      2        0
  SINCE MAR 1     14                         4     10        4
  SINCE JAN 1     42                        13     29       24
..................................................................


WIND (MPH)
  HIGHEST WIND SPEED    13   HIGHEST WIND DIRECTION     W (270)
  HIGHEST GUST SPEED    17   HIGHEST GUST DIRECTION    SW (240)
  AVERAGE WIND SPEED     6.0


SKY COVER
  POSSIBLE SUNSHINE  MM
  AVERAGE SKY COVER 0.2


WEATHER CONDITIONS
 THE FOLLOWING WEATHER WAS RECORDED TODAY.
  FOG
  FOG W/VISIBILITY <= 1/4 MILE
  HAZE


RELATIVE HUMIDITY (PERCENT)
 HIGHEST    93           300 AM
 LOWEST     55           100 PM
 AVERAGE    74

..........................................................


THE CAMARILLO CLIMATE NORMALS FOR TOMORROW
                         NORMAL    RECORD    YEAR
 MAXIMUM TEMPERATURE (F)   69        88      1999
 MINIMUM TEMPERATURE (F)   48        36      2009


SUNRISE AND SUNSET
APRIL 15 2014.........SUNRISE   625 AM PDT   SUNSET   728 PM PDT
APRIL 16 2014.........SUNRISE   624 AM PDT   SUNSET   729 PM PDT


-  INDICATES NEGATIVE NUMBERS.
R  INDICATES RECORD WAS SET OR TIED.
MM INDICATES DATA IS MISSING.
T  INDICATES TRACE AMOUNT.




$$
