000
CDUS41 KILN 010554
CLICMH


CLIMATE REPORT
NATIONAL WEATHER SERVICE WILMINGTON OH
1253 AM EST SUN MAR 1 2015


...................................

...THE COLUMBUS OH CLIMATE SUMMARY FOR FEBRUARY 28 2015...

CLIMATE NORMAL PERIOD 1981 TO 2010
CLIMATE RECORD PERIOD 1869 TO 2015


WEATHER ITEM   OBSERVED TIME   RECORD YEAR NORMAL DEPARTURE LAST
                VALUE   (LST)  VALUE       VALUE  FROM      YEAR
                                                  NORMAL
..................................................................
TEMPERATURE (F)
 YESTERDAY
  MAXIMUM         25   1136 PM  65    1955  45    -20       33
                                      1939
                                      1896
  MINIMUM          0R   513 AM   2    1934  28    -28        5
  AVERAGE         13                        36    -23       19

PRECIPITATION (IN)
  YESTERDAY        0.01          0.56 1954   0.08  -0.07     0.00
  MONTH TO DATE    1.70                      2.25  -0.55     2.39
  SINCE DEC 1      7.27                      7.95  -0.68     9.09
  SINCE JAN 1      4.57                      4.98  -0.41     4.79

SNOWFALL (IN)
  YESTERDAY        0.2           7.2  1984   0.2    0.0      0.0
  MONTH TO DATE   15.5                       6.1    9.4     15.9
  SINCE DEC 1     23.9                      20.3    3.6     46.3
  SINCE JUL 1     28.0                      21.4    6.6     51.0
  SNOW DEPTH       4

DEGREE DAYS
 HEATING
  YESTERDAY       52                        29     23       46
  MONTH TO DATE 1273                       903    370     1087
  SINCE DEC 1   3369                      2981    388     3322
  SINCE JUL 1   4554                      3995    559     4384

 COOLING
  YESTERDAY        0                         0      0        0
  MONTH TO DATE    0                         0      0        0
  SINCE DEC 1      0                         0      0        0
  SINCE JAN 1      0                         0      0        0
..................................................................


WIND (MPH)
  RESULTANT WIND SPEED   3   RESULTANT WIND DIRECTION   E (100)
  HIGHEST WIND SPEED    10   HIGHEST WIND DIRECTION     E (100)
  HIGHEST GUST SPEED    15   HIGHEST GUST DIRECTION    SE (130)
  AVERAGE WIND SPEED     3.5


SKY COVER
  POSSIBLE SUNSHINE  MM
  AVERAGE SKY COVER 0.7


WEATHER CONDITIONS
 THE FOLLOWING WEATHER WAS RECORDED YESTERDAY.
  SNOW
  LIGHT SNOW
  FOG


RELATIVE HUMIDITY (PERCENT)
 HIGHEST    79           500 AM
 LOWEST     36           300 PM
 AVERAGE    58

..........................................................


THE COLUMBUS OH CLIMATE NORMALS FOR TODAY
                         NORMAL    RECORD    YEAR
 MAXIMUM TEMPERATURE (F)   45        65      1997
                                             1972
 MINIMUM TEMPERATURE (F)   28        -2      1967


SUNRISE AND SUNSET
MARCH  1 2015.........SUNRISE   705 AM EST   SUNSET   623 PM EST
MARCH  2 2015.........SUNRISE   704 AM EST   SUNSET   624 PM EST


-  INDICATES NEGATIVE NUMBERS.
R  INDICATES RECORD WAS SET OR TIED.
MM INDICATES DATA IS MISSING.
T  INDICATES TRACE AMOUNT.




$$
