000
CDUS41 KILN 050555
CLICMH


CLIMATE REPORT
NATIONAL WEATHER SERVICE WILMINGTON OH
155 AM EDT SAT SEP 5 2015


...................................

...THE COLUMBUS OH CLIMATE SUMMARY FOR SEPTEMBER 4 2015...

CLIMATE NORMAL PERIOD 1981 TO 2010
CLIMATE RECORD PERIOD 1869 TO 2015


WEATHER ITEM   OBSERVED TIME   RECORD YEAR NORMAL DEPARTURE LAST
                VALUE   (LST)  VALUE       VALUE  FROM      YEAR
                                                  NORMAL
..................................................................
TEMPERATURE (F)
 YESTERDAY
  MAXIMUM         87    325 PM  96    1953  81      6       89
  MINIMUM         67   1159 PM  44    1997  61      6       65
  AVERAGE         77                        71      6       77

PRECIPITATION (IN)
  YESTERDAY        0.12          1.10 2011   0.10   0.02     0.00
  MONTH TO DATE    1.38                      0.41   0.97     0.45
  SINCE SEP 1      1.38                      0.41   0.97     0.45
  SINCE JAN 1     33.24                     28.10   5.14    30.96

SNOWFALL (IN)
  YESTERDAY        0.0           0.0    MM   0.0    0.0      0.0
  MONTH TO DATE    0.0                       0.0    0.0      0.0
  SINCE SEP 1      0.0                       0.0    0.0      0.0
  SINCE JUL 1      0.0                       0.0    0.0      0.0
  SNOW DEPTH       0

DEGREE DAYS
 HEATING
  YESTERDAY        0                         1     -1        0
  MONTH TO DATE    0                         2     -2        0
  SINCE SEP 1      0                         2     -2        0
  SINCE JUL 1      5                         2      3        0

 COOLING
  YESTERDAY       12                         7      5       12
  MONTH TO DATE   50                        28     22       49
  SINCE SEP 1     50                        28     22       49
  SINCE JAN 1    906                       917    -11     1071
..................................................................


WIND (MPH)
  RESULTANT WIND SPEED   2   RESULTANT WIND DIRECTION  SE (130)
  HIGHEST WIND SPEED    36   HIGHEST WIND DIRECTION    NW (310)
  HIGHEST GUST SPEED    47   HIGHEST GUST DIRECTION    NW (320)
  AVERAGE WIND SPEED     6.4


SKY COVER
  POSSIBLE SUNSHINE  MM
  AVERAGE SKY COVER 0.8


WEATHER CONDITIONS
 THE FOLLOWING WEATHER WAS RECORDED YESTERDAY.
  THUNDERSTORM
  LIGHT RAIN
  FOG


RELATIVE HUMIDITY (PERCENT)
 HIGHEST    93          1200 AM
 LOWEST     57           300 PM
 AVERAGE    75

..........................................................


THE COLUMBUS OH CLIMATE NORMALS FOR TODAY
                         NORMAL    RECORD    YEAR
 MAXIMUM TEMPERATURE (F)   81        99      1954
 MINIMUM TEMPERATURE (F)   61        45      1950
                                             1902


SUNRISE AND SUNSET
SEPTEMBER  5 2015.....SUNRISE   703 AM EDT   SUNSET   757 PM EDT
SEPTEMBER  6 2015.....SUNRISE   704 AM EDT   SUNSET   755 PM EDT


-  INDICATES NEGATIVE NUMBERS.
R  INDICATES RECORD WAS SET OR TIED.
MM INDICATES DATA IS MISSING.
T  INDICATES TRACE AMOUNT.




$$
