000
CDUS41 KILN 022150
CLICMH


CLIMATE REPORT
NATIONAL WEATHER SERVICE WILMINGTON OH
450 PM EST FRI DEC 2 2016


...................................

...THE COLUMBUS OH CLIMATE SUMMARY FOR DECEMBER 2 2016...
VALID TODAY AS OF 0400 PM LOCAL TIME.

CLIMATE NORMAL PERIOD 1981 TO 2010
CLIMATE RECORD PERIOD 1869 TO 2016


WEATHER ITEM   OBSERVED TIME   RECORD YEAR NORMAL DEPARTURE LAST
                VALUE   (LST)  VALUE       VALUE  FROM      YEAR
                                                  NORMAL
..................................................................
TEMPERATURE (F)
 TODAY
  MAXIMUM         39    247 PM  72    1982  45     -6       49
  MINIMUM         35    742 AM   1    1886  31      4       34
  AVERAGE         37                        38     -1       42

PRECIPITATION (IN)
  TODAY            T             1.37 1991   0.10  -0.10      T
  MONTH TO DATE    T                         0.19  -0.19     0.24
  SINCE DEC 1      T                         0.19  -0.19     0.24
  SINCE JAN 1     34.69                     36.53  -1.84    40.36

SNOWFALL (IN)
  TODAY            0.0           3.0  1936   0.1   -0.1      0.0
  MONTH TO DATE    0.0                       0.2   -0.2      0.0
  SINCE DEC 1      0.0                       0.2   -0.2      0.0
  SINCE JUL 1      T                         1.3   -1.3       T
  SNOW DEPTH       0

DEGREE DAYS
 HEATING
  TODAY           28                        27      1       23
  MONTH TO DATE   55                        54      1       37
  SINCE DEC 1     55                        54      1       37
  SINCE JUL 1    821                      1068   -247      842

 COOLING
  TODAY            0                         0      0        0
  MONTH TO DATE    0                         0      0        0
  SINCE DEC 1      0                         0      0        0
  SINCE JAN 1   1327                      1024    303     1028
..................................................................


WIND (MPH)
  HIGHEST WIND SPEED    20   HIGHEST WIND DIRECTION     W (290)
  HIGHEST GUST SPEED    23   HIGHEST GUST DIRECTION     W (290)
  AVERAGE WIND SPEED    12.3


SKY COVER
  POSSIBLE SUNSHINE  MM
  AVERAGE SKY COVER 1.0


WEATHER CONDITIONS
 THE FOLLOWING WEATHER WAS RECORDED TODAY.
  LIGHT RAIN


RELATIVE HUMIDITY (PERCENT)
 HIGHEST    89           800 AM
 LOWEST     76          1200 AM
 AVERAGE    83

..........................................................


THE COLUMBUS OH CLIMATE NORMALS FOR TOMORROW
                         NORMAL    RECORD    YEAR
 MAXIMUM TEMPERATURE (F)   44        76      1982
 MINIMUM TEMPERATURE (F)   30         0      1966


SUNRISE AND SUNSET
DECEMBER  2 2016......SUNRISE   736 AM EST   SUNSET   507 PM EST
DECEMBER  3 2016......SUNRISE   737 AM EST   SUNSET   506 PM EST


-  INDICATES NEGATIVE NUMBERS.
R  INDICATES RECORD WAS SET OR TIED.
MM INDICATES DATA IS MISSING.
T  INDICATES TRACE AMOUNT.




$$
