000
CDUS41 KILN 300531
CLICMH


CLIMATE REPORT
NATIONAL WEATHER SERVICE WILMINGTON OH
129 AM EDT SAT MAY 30 2015


...................................

...THE COLUMBUS OH CLIMATE SUMMARY FOR MAY 29 2015...

CLIMATE NORMAL PERIOD 1981 TO 2010
CLIMATE RECORD PERIOD 1869 TO 2015


WEATHER ITEM   OBSERVED TIME   RECORD YEAR NORMAL DEPARTURE LAST
                VALUE   (LST)  VALUE       VALUE  FROM      YEAR
                                                  NORMAL
..................................................................
TEMPERATURE (F)
 YESTERDAY
  MAXIMUM         84    445 PM  94    1914  77      7       85
  MINIMUM         67    457 AM  38    1949  56     11       65
  AVERAGE         76                        66     10       75

PRECIPITATION (IN)
  YESTERDAY        0.00          2.12 1982   0.15  -0.15     0.00
  MONTH TO DATE    3.16                      3.87  -0.71     4.00
  SINCE MAR 1     11.17                     10.29   0.88    12.06
  SINCE JAN 1     15.74                     15.27   0.47    16.85

SNOWFALL (IN)
  YESTERDAY        0.0           0.0    MM   0.0    0.0      0.0
  MONTH TO DATE    0.0                       0.0    0.0      0.0
  SINCE MAR 1      5.4                       5.3    0.1      5.4
  SINCE JUL 1     33.4                      26.7    6.7     56.4
  SNOW DEPTH       0

DEGREE DAYS
 HEATING
  YESTERDAY        0                         2     -2        0
  MONTH TO DATE   85                       141    -56      112
  SINCE MAR 1   1264                      1228     36     1249
  SINCE JUL 1   5818                      5223    595     5633

 COOLING
  YESTERDAY       11                         4      7       10
  MONTH TO DATE  141                        62     79      131
  SINCE MAR 1    141                        74     67      139
  SINCE JAN 1    141                        74     67      139
..................................................................


WIND (MPH)
  RESULTANT WIND SPEED   6   RESULTANT WIND DIRECTION   S (170)
  HIGHEST WIND SPEED    18   HIGHEST WIND DIRECTION     S (190)
  HIGHEST GUST SPEED    23   HIGHEST GUST DIRECTION     S (190)
  AVERAGE WIND SPEED     7.7


SKY COVER
  POSSIBLE SUNSHINE  MM
  AVERAGE SKY COVER 0.8


WEATHER CONDITIONS
 THE FOLLOWING WEATHER WAS RECORDED YESTERDAY.
  NO SIGNIFICANT WEATHER WAS OBSERVED.


RELATIVE HUMIDITY (PERCENT)
 HIGHEST    87           500 AM
 LOWEST     54           700 PM
 AVERAGE    71

..........................................................


THE COLUMBUS OH CLIMATE NORMALS FOR TODAY
                         NORMAL    RECORD    YEAR
 MAXIMUM TEMPERATURE (F)   77        95      1895
 MINIMUM TEMPERATURE (F)   57        36      1984
                                             1961


SUNRISE AND SUNSET
MAY 30 2015...........SUNRISE   606 AM EDT   SUNSET   853 PM EDT
MAY 31 2015...........SUNRISE   605 AM EDT   SUNSET   853 PM EDT


-  INDICATES NEGATIVE NUMBERS.
R  INDICATES RECORD WAS SET OR TIED.
MM INDICATES DATA IS MISSING.
T  INDICATES TRACE AMOUNT.




$$
