000
CDUS41 KILN 110540
CLICMH


CLIMATE REPORT
NATIONAL WEATHER SERVICE WILMINGTON OH
1239 AM EST MON DEC 11 2017


...................................

...THE COLUMBUS OH CLIMATE SUMMARY FOR DECEMBER 10 2017...

CLIMATE NORMAL PERIOD 1981 TO 2010
CLIMATE RECORD PERIOD 1869 TO 2017


WEATHER ITEM   OBSERVED TIME   RECORD YEAR NORMAL DEPARTURE LAST
                VALUE   (LST)  VALUE       VALUE  FROM      YEAR
                                                  NORMAL
..................................................................
TEMPERATURE (F)
 YESTERDAY
  MAXIMUM         33   1159 PM  72    1971  42     -9       27
  MINIMUM         26    938 AM  -8    1958  28     -2       23
                                      1917
  AVERAGE         30                        35     -5       25

PRECIPITATION (IN)
  YESTERDAY        0.00          1.22 1966   0.10  -0.10      T
  MONTH TO DATE    0.59                      0.99  -0.40     0.62
  SINCE DEC 1      0.59                      0.99  -0.40     0.62
  SINCE JAN 1     45.44                     37.33   8.11    35.31

SNOWFALL (IN)
  YESTERDAY        0.0           3.6  1932   0.2   -0.2      0.1
  MONTH TO DATE    1.5                       1.2    0.3      0.5
  SINCE DEC 1      1.5                       1.2    0.3      0.5
  SINCE JUL 1      1.5                       2.3   -0.8      0.5
  SNOW DEPTH       1

DEGREE DAYS
 HEATING
  YESTERDAY       35                        30      5       40
  MONTH TO DATE  290                       285      5      313
  SINCE DEC 1    290                       285      5      313
  SINCE JUL 1   1209                      1299    -90     1079

 COOLING
  YESTERDAY        0                         0      0        0
  MONTH TO DATE    0                         0      0        0
  SINCE DEC 1      0                         0      0        0
  SINCE JAN 1   1095                      1024     71     1327
..................................................................


WIND (MPH)
  RESULTANT WIND SPEED  11   RESULTANT WIND DIRECTION  SW (230)
  HIGHEST WIND SPEED    21   HIGHEST WIND DIRECTION    SW (220)
  HIGHEST GUST SPEED    30   HIGHEST GUST DIRECTION     W (250)
  AVERAGE WIND SPEED    11.5


SKY COVER
  POSSIBLE SUNSHINE  MM
  AVERAGE SKY COVER 0.9


WEATHER CONDITIONS
 THE FOLLOWING WEATHER WAS RECORDED YESTERDAY.
  NO SIGNIFICANT WEATHER WAS OBSERVED.


RELATIVE HUMIDITY (PERCENT)
 HIGHEST    84           600 AM
 LOWEST     59           500 PM
 AVERAGE    72

..........................................................


THE COLUMBUS OH CLIMATE NORMALS FOR TODAY
                         NORMAL    RECORD    YEAR
 MAXIMUM TEMPERATURE (F)   41        66      2007
                                             1931
 MINIMUM TEMPERATURE (F)   28        -9      1917


SUNRISE AND SUNSET
DECEMBER 11 2017......SUNRISE   743 AM EST   SUNSET   506 PM EST
DECEMBER 12 2017......SUNRISE   744 AM EST   SUNSET   507 PM EST


-  INDICATES NEGATIVE NUMBERS.
R  INDICATES RECORD WAS SET OR TIED.
MM INDICATES DATA IS MISSING.
T  INDICATES TRACE AMOUNT.




$$
