000
CDUS41 KILN 010540
CLICMH


CLIMATE REPORT
NATIONAL WEATHER SERVICE WILMINGTON OH
140 AM EDT SAT AUG 1 2015


...................................

...THE COLUMBUS OH CLIMATE SUMMARY FOR JULY 31 2015...

CLIMATE NORMAL PERIOD 1981 TO 2010
CLIMATE RECORD PERIOD 1869 TO 2015


WEATHER ITEM   OBSERVED TIME   RECORD YEAR NORMAL DEPARTURE LAST
                VALUE   (LST)  VALUE       VALUE  FROM      YEAR
                                                  NORMAL
..................................................................
TEMPERATURE (F)
 YESTERDAY
  MAXIMUM         87    424 PM 100    1999  85      2       83
  MINIMUM         62    440 AM  52    1895  65     -3       62
  AVERAGE         75                        75      0       73

PRECIPITATION (IN)
  YESTERDAY        0.03          2.36 2004   0.13  -0.10      T
  MONTH TO DATE    5.41                      4.79   0.62     3.47
  SINCE JUN 1     12.13                      8.80   3.33     8.76
  SINCE JAN 1     28.27                     24.37   3.90    25.61

SNOWFALL (IN)
  YESTERDAY        0.0           0.0    MM   0.0    0.0      0.0
  MONTH TO DATE    0.0                       0.0    0.0      0.0
  SINCE JUN 1      0.0                       0.0    0.0      0.0
  SINCE JUL 1      0.0                       0.0    0.0      0.0
  SNOW DEPTH       0

DEGREE DAYS
 HEATING
  YESTERDAY        0                         0      0        0
  MONTH TO DATE    0                         0      0        0
  SINCE JUN 1     20                        19      1        1
  SINCE JUL 1      0                         0      0        0

 COOLING
  YESTERDAY       10                        10      0        8
  MONTH TO DATE  260                       310    -50      251
  SINCE JUN 1    480                       526    -46      540
  SINCE JAN 1    633                       608     25      695
..................................................................


WIND (MPH)
  RESULTANT WIND SPEED   6   RESULTANT WIND DIRECTION   W (270)
  HIGHEST WIND SPEED    17   HIGHEST WIND DIRECTION     W (280)
  HIGHEST GUST SPEED    24   HIGHEST GUST DIRECTION     W (250)
  AVERAGE WIND SPEED     7.1


SKY COVER
  POSSIBLE SUNSHINE  MM
  AVERAGE SKY COVER 0.3


WEATHER CONDITIONS
 THE FOLLOWING WEATHER WAS RECORDED YESTERDAY.
  LIGHT RAIN


RELATIVE HUMIDITY (PERCENT)
 HIGHEST    93           600 AM
 LOWEST     36           100 PM
 AVERAGE    65

..........................................................


THE COLUMBUS OH CLIMATE NORMALS FOR TODAY
                         NORMAL    RECORD    YEAR
 MAXIMUM TEMPERATURE (F)   84        97      1955
 MINIMUM TEMPERATURE (F)   65        48      1952


SUNRISE AND SUNSET
AUGUST  1 2015........SUNRISE   630 AM EDT   SUNSET   845 PM EDT
AUGUST  2 2015........SUNRISE   631 AM EDT   SUNSET   844 PM EDT


-  INDICATES NEGATIVE NUMBERS.
R  INDICATES RECORD WAS SET OR TIED.
MM INDICATES DATA IS MISSING.
T  INDICATES TRACE AMOUNT.




$$
