000
CDUS41 KILN 260534
CLICMH


CLIMATE REPORT
NATIONAL WEATHER SERVICE WILMINGTON OH
127 AM EDT SUN MAR 26 2017


...................................

...THE COLUMBUS OH CLIMATE SUMMARY FOR MARCH 25 2017...

CLIMATE NORMAL PERIOD 1981 TO 2010
CLIMATE RECORD PERIOD 1869 TO 2017


WEATHER ITEM   OBSERVED TIME   RECORD YEAR NORMAL DEPARTURE LAST
                VALUE   (LST)  VALUE       VALUE  FROM      YEAR
                                                  NORMAL
..................................................................
TEMPERATURE (F)
 YESTERDAY
  MAXIMUM         75    433 PM  84    1929  55     20       51
  MINIMUM         58    705 AM   5    1974  36     22       36
  AVERAGE         67                        45     22       44

PRECIPITATION (IN)
  YESTERDAY        0.00          2.89 1913   0.11  -0.11     0.00
  MONTH TO DATE    2.72                      2.35   0.37     3.38
  SINCE MAR 1      2.72                      2.35   0.37     3.38
  SINCE JAN 1      8.18                      7.33   0.85     7.79

SNOWFALL (IN)
  YESTERDAY        0.0           2.0  1899   0.1   -0.1      0.0
  MONTH TO DATE    1.7                       3.8   -2.1      2.3
  SINCE MAR 1      1.7                       3.8   -2.1      2.3
  SINCE JUL 1      9.3                      25.2  -15.9     16.8
  SNOW DEPTH       0

DEGREE DAYS
 HEATING
  YESTERDAY        0                        20    -20       21
  MONTH TO DATE  621                       605     16      432
  SINCE MAR 1    621                       605     16      432
  SINCE JUL 1   3890                      4600   -710     3873

 COOLING
  YESTERDAY        2                         0      2        0
  MONTH TO DATE    2                         0      2        0
  SINCE MAR 1      2                         0      2        0
  SINCE JAN 1      6                         0      6        0
..................................................................


WIND (MPH)
  RESULTANT WIND SPEED   6   RESULTANT WIND DIRECTION   S (190)
  HIGHEST WIND SPEED    20   HIGHEST WIND DIRECTION    SW (220)
  HIGHEST GUST SPEED    25   HIGHEST GUST DIRECTION    SW (210)
  AVERAGE WIND SPEED     7.7


SKY COVER
  POSSIBLE SUNSHINE  MM
  AVERAGE SKY COVER 0.9


WEATHER CONDITIONS
 THE FOLLOWING WEATHER WAS RECORDED YESTERDAY.
  NO SIGNIFICANT WEATHER WAS OBSERVED.


RELATIVE HUMIDITY (PERCENT)
 HIGHEST    72           700 AM
 LOWEST     44           500 PM
 AVERAGE    58

..........................................................


THE COLUMBUS OH CLIMATE NORMALS FOR TODAY
                         NORMAL    RECORD    YEAR
 MAXIMUM TEMPERATURE (F)   55        80      1907
 MINIMUM TEMPERATURE (F)   36        13      2001


SUNRISE AND SUNSET
MARCH 26 2017.........SUNRISE   725 AM EDT   SUNSET   750 PM EDT
MARCH 27 2017.........SUNRISE   723 AM EDT   SUNSET   751 PM EDT


-  INDICATES NEGATIVE NUMBERS.
R  INDICATES RECORD WAS SET OR TIED.
MM INDICATES DATA IS MISSING.
T  INDICATES TRACE AMOUNT.




$$
