000
CDUS43 KILX 260645
CLICMI


CLIMATE REPORT
NATIONAL WEATHER SERVICE LINCOLN IL
1235 AM CST MON JAN 26 2015


...................................

...THE CHAMPAIGN IL AIRPORT CLIMATE SUMMARY FOR JANUARY 25 2015...

CLIMATE NORMAL PERIOD 1981 TO 2010
CLIMATE RECORD PERIOD 9999 TO 9999


WEATHER ITEM   OBSERVED TIME   RECORD YEAR NORMAL DEPARTURE LAST
                VALUE   (LST)  VALUE       VALUE  FROM      YEAR
                                                  NORMAL
..................................................................
TEMPERATURE (F)
 YESTERDAY
  MAXIMUM         38    124 PM  MM      MM  34      4       34
  MINIMUM         28   1159 PM  MM      MM  17     11        6
  AVERAGE         33                        25      8       20

PRECIPITATION (IN)
  YESTERDAY        0.08         MM      MM   0.05   0.03      T
  MONTH TO DATE    0.98                      1.74  -0.76     0.66
  SINCE DEC 1      2.65                      4.26  -1.61     2.53
  SINCE JAN 1      0.98                      1.74  -0.76     0.66

DEGREE DAYS
 HEATING
  YESTERDAY       32                        40     -8       45
  MONTH TO DATE 1021                       996     25     1126
  SINCE DEC 1   2009                      2113   -104     2308
  SINCE JUL 1   3359                      3277     82     3502

 COOLING
  YESTERDAY        0                         0      0        0
  MONTH TO DATE    0                         0      0        0
  SINCE DEC 1      0                         0      0        0
  SINCE JAN 1      0                         0      0        0
..................................................................


WIND (MPH)
  HIGHEST WIND SPEED    29   HIGHEST WIND DIRECTION    NE (40)
  HIGHEST GUST SPEED    36   HIGHEST GUST DIRECTION    NE (30)
  AVERAGE WIND SPEED    12.7


SKY COVER
  POSSIBLE SUNSHINE  MM
  AVERAGE SKY COVER 0.8


WEATHER CONDITIONS
 THE FOLLOWING WEATHER WAS RECORDED YESTERDAY.
  LIGHT RAIN
  LIGHT SNOW
  FOG


RELATIVE HUMIDITY (PERCENT)
 HIGHEST    96           600 AM
 LOWEST     78           900 PM
 AVERAGE    87

..........................................................


THE CHAMPAIGN IL AIRPORT CLIMATE NORMALS FOR TODAY
                         NORMAL    RECORD    YEAR
 MAXIMUM TEMPERATURE (F)   34        MM        MM
 MINIMUM TEMPERATURE (F)   17        MM        MM


SUNRISE AND SUNSET
JANUARY 26 2015.......SUNRISE   707 AM CST   SUNSET   505 PM CST
JANUARY 27 2015.......SUNRISE   706 AM CST   SUNSET   506 PM CST


-  INDICATES NEGATIVE NUMBERS.
R  INDICATES RECORD WAS SET OR TIED.
MM INDICATES DATA IS MISSING.
T  INDICATES TRACE AMOUNT.




$$
