321
CDUS43 KILX 260637
CLICMI


CLIMATE REPORT
NATIONAL WEATHER SERVICE LINCOLN IL
137 AM CDT WED APR 26 2017


...................................

...THE CHAMPAIGN IL AIRPORT CLIMATE SUMMARY FOR APRIL 25 2017...

CLIMATE NORMAL PERIOD 1981 TO 2010
CLIMATE RECORD PERIOD 9999 TO 9999


WEATHER ITEM   OBSERVED TIME   RECORD YEAR NORMAL DEPARTURE LAST
                VALUE   (LST)  VALUE       VALUE  FROM      YEAR
                                                  NORMAL
..................................................................
TEMPERATURE (F)
 YESTERDAY
  MAXIMUM         82    248 PM  MM      MM  67     15       84
  MINIMUM         47    400 AM  MM      MM  43      4       60
  AVERAGE         65                        55     10       72

PRECIPITATION (IN)
  YESTERDAY        0.00         MM      MM   0.13  -0.13     0.00
  MONTH TO DATE    2.18                      3.03  -0.85     1.71
  SINCE MAR 1      4.33                      5.78  -1.45     4.76
  SINCE JAN 1      7.07                      9.85  -2.78     6.42

DEGREE DAYS
 HEATING
  YESTERDAY        0                        10    -10        0
  MONTH TO DATE  198                       363   -165      347
  SINCE MAR 1    866                      1119   -253      882
  SINCE JUL 1   4385                      5621  -1236     4569

 COOLING
  YESTERDAY        0                         0      0        7
  MONTH TO DATE   18                         0     18       14
  SINCE MAR 1     18                         1     17       14
  SINCE JAN 1     18                         1     17       14
..................................................................


WIND (MPH)
  HIGHEST WIND SPEED    30   HIGHEST WIND DIRECTION    SE (140)
  HIGHEST GUST SPEED    37   HIGHEST GUST DIRECTION    SE (150)
  AVERAGE WIND SPEED    14.6


SKY COVER
  POSSIBLE SUNSHINE  MM
  AVERAGE SKY COVER 0.0


WEATHER CONDITIONS
 THE FOLLOWING WEATHER WAS RECORDED YESTERDAY.
  NO SIGNIFICANT WEATHER WAS OBSERVED.


RELATIVE HUMIDITY (PERCENT)
 HIGHEST    77           600 AM
 LOWEST     33           100 PM
 AVERAGE    55

..........................................................


THE CHAMPAIGN IL AIRPORT CLIMATE NORMALS FOR TODAY
                         NORMAL    RECORD    YEAR
 MAXIMUM TEMPERATURE (F)   68        MM        MM
 MINIMUM TEMPERATURE (F)   44        MM        MM


SUNRISE AND SUNSET
APRIL 26 2017.........SUNRISE   559 AM CDT   SUNSET   743 PM CDT
APRIL 27 2017.........SUNRISE   558 AM CDT   SUNSET   744 PM CDT


-  INDICATES NEGATIVE NUMBERS.
R  INDICATES RECORD WAS SET OR TIED.
MM INDICATES DATA IS MISSING.
T  INDICATES TRACE AMOUNT.




$$
