000
CDUS43 KILX 232230
CLICMI


CLIMATE REPORT
NATIONAL WEATHER SERVICE LINCOLN IL
430 PM CST MON JAN 23 2017


...................................

...THE CHAMPAIGN IL AIRPORT CLIMATE SUMMARY FOR JANUARY 23 2017...
VALID TODAY AS OF 0400 PM LOCAL TIME.

CLIMATE NORMAL PERIOD 1981 TO 2010
CLIMATE RECORD PERIOD 9999 TO 9999


WEATHER ITEM   OBSERVED TIME   RECORD YEAR NORMAL DEPARTURE LAST
                VALUE   (LST)  VALUE       VALUE  FROM      YEAR
                                                  NORMAL
..................................................................
TEMPERATURE (F)
 TODAY
  MAXIMUM         41    223 PM  MM      MM  34      7       28
  MINIMUM         37    727 AM  MM      MM  17     20        8
  AVERAGE         39                        25     14       18

PRECIPITATION (IN)
  TODAY            0.00         MM      MM   0.06  -0.06      T
  MONTH TO DATE    2.40                      1.64   0.76     0.84
  SINCE DEC 1      3.55                      4.16  -0.61     7.51
  SINCE JAN 1      2.40                      1.64   0.76     0.84

DEGREE DAYS
 HEATING
  TODAY           26                        40    -14       47
  MONTH TO DATE  747                       916   -169      929
  SINCE DEC 1   1853                      2033   -180     1667
  SINCE JUL 1   2586                      3197   -611     2534

 COOLING
  TODAY            0                         0      0        0
  MONTH TO DATE    0                         0      0        0
  SINCE DEC 1      0                         0      0        0
  SINCE JAN 1      0                         0      0        0
..................................................................


WIND (MPH)
  HIGHEST WIND SPEED    24   HIGHEST WIND DIRECTION    NW (330)
  HIGHEST GUST SPEED    28   HIGHEST GUST DIRECTION    NW (330)
  AVERAGE WIND SPEED    16.0


SKY COVER
  POSSIBLE SUNSHINE  MM
  AVERAGE SKY COVER 1.0


WEATHER CONDITIONS
 THE FOLLOWING WEATHER WAS RECORDED TODAY.
  FOG


RELATIVE HUMIDITY (PERCENT)
 HIGHEST    92           100 AM
 LOWEST     79           100 PM
 AVERAGE    86

..........................................................


THE CHAMPAIGN IL AIRPORT CLIMATE NORMALS FOR TOMORROW
                         NORMAL    RECORD    YEAR
 MAXIMUM TEMPERATURE (F)   34        MM        MM
 MINIMUM TEMPERATURE (F)   17        MM        MM


SUNRISE AND SUNSET
JANUARY 23 2017.......SUNRISE   709 AM CST   SUNSET   502 PM CST
JANUARY 24 2017.......SUNRISE   708 AM CST   SUNSET   503 PM CST


-  INDICATES NEGATIVE NUMBERS.
R  INDICATES RECORD WAS SET OR TIED.
MM INDICATES DATA IS MISSING.
T  INDICATES TRACE AMOUNT.




$$
