000
CDUS43 KILX 200638
CLICMI


CLIMATE REPORT
NATIONAL WEATHER SERVICE LINCOLN IL
138 AM CDT SAT SEP 20 2014


...................................

...THE CHAMPAIGN IL AIRPORT CLIMATE SUMMARY FOR SEPTEMBER 19 2014...

CLIMATE NORMAL PERIOD 1981 TO 2010
CLIMATE RECORD PERIOD 9999 TO 9999


WEATHER ITEM   OBSERVED TIME   RECORD YEAR NORMAL DEPARTURE LAST
                VALUE   (LST)  VALUE       VALUE  FROM      YEAR
                                                  NORMAL
..................................................................
TEMPERATURE (F)
 YESTERDAY
  MAXIMUM         76    310 PM  MM      MM  77     -1       93
  MINIMUM         48    553 AM  MM      MM  52     -4       71
  AVERAGE         62                        64     -2       82

PRECIPITATION (IN)
  YESTERDAY        0.00         MM      MM   0.10  -0.10     0.03
  MONTH TO DATE    2.61                      2.19   0.42     0.10
  SINCE SEP 1      2.61                      2.19   0.42     0.10
  SINCE JAN 1     31.18                     29.47   1.71    24.31

DEGREE DAYS
 HEATING
  YESTERDAY        3                         3      0        0
  MONTH TO DATE   66                        26     40       14
  SINCE SEP 1     66                        26     40       14
  SINCE JUL 1     75                        35     40       29

 COOLING
  YESTERDAY        0                         3     -3       17
  MONTH TO DATE   68                        78    -10      151
  SINCE SEP 1     68                        78    -10      151
  SINCE JAN 1    924                       905     19     1004
..................................................................


WIND (MPH)
  HIGHEST WIND SPEED    17   HIGHEST WIND DIRECTION    SE (140)
  HIGHEST GUST SPEED    21   HIGHEST GUST DIRECTION    SE (120)
  AVERAGE WIND SPEED     8.7


SKY COVER
  POSSIBLE SUNSHINE  MM
  AVERAGE SKY COVER 0.0


WEATHER CONDITIONS
 THE FOLLOWING WEATHER WAS RECORDED YESTERDAY.
  FOG


RELATIVE HUMIDITY (PERCENT)
 HIGHEST    93           300 AM
 LOWEST     33           100 PM
 AVERAGE    63

..........................................................


THE CHAMPAIGN IL AIRPORT CLIMATE NORMALS FOR TODAY
                         NORMAL    RECORD    YEAR
 MAXIMUM TEMPERATURE (F)   77        MM        MM
 MINIMUM TEMPERATURE (F)   51        MM        MM


SUNRISE AND SUNSET
SEPTEMBER 20 2014.....SUNRISE   639 AM CDT   SUNSET   654 PM CDT
SEPTEMBER 21 2014.....SUNRISE   640 AM CDT   SUNSET   652 PM CDT


-  INDICATES NEGATIVE NUMBERS.
R  INDICATES RECORD WAS SET OR TIED.
MM INDICATES DATA IS MISSING.
T  INDICATES TRACE AMOUNT.




$$
