000
CDUS43 KILX 290703
CLICMI


CLIMATE REPORT
NATIONAL WEATHER SERVICE LINCOLN IL
202 AM CDT TUE JUL 29 2014


...................................

...THE CHAMPAIGN IL AIRPORT CLIMATE SUMMARY FOR JULY 28 2014...

CLIMATE NORMAL PERIOD 1981 TO 2010
CLIMATE RECORD PERIOD 9999 TO 9999


WEATHER ITEM   OBSERVED TIME   RECORD YEAR NORMAL DEPARTURE LAST
                VALUE   (LST)  VALUE       VALUE  FROM      YEAR
                                                  NORMAL
..................................................................
TEMPERATURE (F)
 YESTERDAY
  MAXIMUM         73    314 PM  MM      MM  83    -10       73
  MINIMUM         54   1159 PM  MM      MM  63     -9       49
  AVERAGE         64                        73     -9       61

PRECIPITATION (IN)
  YESTERDAY        0.00         MM      MM   0.12  -0.12     0.00
  MONTH TO DATE    5.98                      4.00   1.98     4.74
  SINCE JUN 1     12.32                      8.17   4.15     7.99
  SINCE JAN 1     26.86                     23.33   3.53    23.67

DEGREE DAYS
 HEATING
  YESTERDAY        1                         0      1        4
  MONTH TO DATE    7                         0      7        7
  SINCE JUN 1      7                        17    -10       20
  SINCE JUL 1      7                         0      7        7

 COOLING
  YESTERDAY        0                         8     -8        0
  MONTH TO DATE  152                       259   -107      242
  SINCE JUN 1    433                       482    -49      461
  SINCE JAN 1    585                       574     11      593
..................................................................


WIND (MPH)
  HIGHEST WIND SPEED    18   HIGHEST WIND DIRECTION    NW (330)
  HIGHEST GUST SPEED    23   HIGHEST GUST DIRECTION    NW (320)
  AVERAGE WIND SPEED     9.8


SKY COVER
  POSSIBLE SUNSHINE  MM
  AVERAGE SKY COVER 0.3


WEATHER CONDITIONS
 THE FOLLOWING WEATHER WAS RECORDED YESTERDAY.
  NO SIGNIFICANT WEATHER WAS OBSERVED.


RELATIVE HUMIDITY (PERCENT)
 HIGHEST    97           600 AM
 LOWEST     49           500 PM
 AVERAGE    73

..........................................................


THE CHAMPAIGN IL AIRPORT CLIMATE NORMALS FOR TODAY
                         NORMAL    RECORD    YEAR
 MAXIMUM TEMPERATURE (F)   83        MM        MM
 MINIMUM TEMPERATURE (F)   63        MM        MM


SUNRISE AND SUNSET
JULY 29 2014..........SUNRISE   549 AM CDT   SUNSET   810 PM CDT
JULY 30 2014..........SUNRISE   550 AM CDT   SUNSET   809 PM CDT


-  INDICATES NEGATIVE NUMBERS.
R  INDICATES RECORD WAS SET OR TIED.
MM INDICATES DATA IS MISSING.
T  INDICATES TRACE AMOUNT.




$$
