000
CDUS43 KTOP 302135
CLICNK


CLIMATE REPORT
NATIONAL WEATHER SERVICE TOPEKA KS
434 PM CDT TUE AUG 30 2016


...................................

...THE CONCORDIA KS CLIMATE SUMMARY FOR AUGUST 30 2016...
VALID TODAY AS OF 0400 PM LOCAL TIME.

CLIMATE NORMAL PERIOD 1981 TO 2010
CLIMATE RECORD PERIOD 1885 TO 2016


WEATHER ITEM   OBSERVED TIME   RECORD YEAR NORMAL DEPARTURE LAST
                VALUE   (LST)  VALUE       VALUE  FROM      YEAR
                                                  NORMAL
..................................................................
TEMPERATURE (F)
 TODAY
  MAXIMUM         82    146 PM 104    1947  86     -4       78
                                      1913
  MINIMUM         68    731 AM  43    1915  63      5       56
  AVERAGE         75                        74      1       67

PRECIPITATION (IN)
  TODAY            0.82          1.09 1932   0.09   0.73     0.00
  MONTH TO DATE    5.68                      3.04   2.64     4.20
  SINCE JUN 1     13.02                     11.01   2.01    13.88
  SINCE JAN 1     25.19                     21.00   4.19    21.96

SNOWFALL (IN)
  TODAY            0.0           T    1931   0.0    0.0      0.0
  MONTH TO DATE    0.0                       0.0    0.0      0.0
  SINCE JAN 1     12.3                      13.7   -1.4      5.6
  SINCE JUL 1      0.0                       0.0    0.0      0.0
  SNOW DEPTH       0

DEGREE DAYS
 HEATING
  TODAY            0                         0      0        0
  MONTH TO DATE    0                         0      0        2
  SINCE JUN 1      1                        13    -12        4
  SINCE JUL 1      1                         0      1        2

 COOLING
  TODAY           10                        10      0        2
  MONTH TO DATE  350                       367    -17      268
  SINCE JUN 1   1217                      1068    149      973
  SINCE JAN 1   1277                      1157    120     1028
..................................................................


WIND (MPH)
  HIGHEST WIND SPEED    10   HIGHEST WIND DIRECTION    NE (40)
  HIGHEST GUST SPEED    12   HIGHEST GUST DIRECTION    NE (40)
  AVERAGE WIND SPEED     4.0



WEATHER CONDITIONS
 THE FOLLOWING WEATHER WAS RECORDED TODAY.
  THUNDERSTORM
  HEAVY RAIN
  RAIN
  LIGHT RAIN
  FOG


RELATIVE HUMIDITY (PERCENT)
 HIGHEST    97           800 AM
 LOWEST     69          1100 AM
 AVERAGE    83

..........................................................


THE CONCORDIA KS CLIMATE NORMALS FOR TOMORROW
                         NORMAL    RECORD    YEAR
 MAXIMUM TEMPERATURE (F)   86       105      1990
 MINIMUM TEMPERATURE (F)   62        44      2009
                                             1893


SUNRISE AND SUNSET
AUGUST 30 2016........SUNRISE   657 AM CDT   SUNSET   804 PM CDT
AUGUST 31 2016........SUNRISE   658 AM CDT   SUNSET   802 PM CDT


-  INDICATES NEGATIVE NUMBERS.
R  INDICATES RECORD WAS SET OR TIED.
MM INDICATES DATA IS MISSING.
T  INDICATES TRACE AMOUNT.




$$
