000
CDUS43 KTOP 150635
CLICNK


CLIMATE REPORT
NATIONAL WEATHER SERVICE TOPEKA KS
1234 AM CST FRI DEC 15 2017


...................................

...THE CONCORDIA KS CLIMATE SUMMARY FOR DECEMBER 14 2017...

CLIMATE NORMAL PERIOD 1981 TO 2010
CLIMATE RECORD PERIOD 1885 TO 2017


WEATHER ITEM   OBSERVED TIME   RECORD YEAR NORMAL DEPARTURE LAST
                VALUE   (LST)  VALUE       VALUE  FROM      YEAR
                                                  NORMAL
..................................................................
TEMPERATURE (F)
 YESTERDAY
  MAXIMUM         44   1159 AM  64    2006  39      5       27
  MINIMUM         27    328 AM -10    1989  20      7       12
                                      1901
  AVERAGE         36                        30      6       20

PRECIPITATION (IN)
  YESTERDAY        T             0.55 1891   0.02  -0.02     0.00
  MONTH TO DATE    T                         0.45  -0.45     0.48
  SINCE DEC 1      T                         0.45  -0.45     0.48
  SINCE JAN 1     36.34                     27.49   8.85    29.57

SNOWFALL (IN)
  YESTERDAY        0.0           3.6  1955   0.1   -0.1      0.0
  MONTH TO DATE    T                         1.7   -1.7      0.4
  SINCE JAN 1      2.1                      18.1  -16.0     12.7
  SINCE JUL 1      T                         4.4   -4.4      0.4
  SNOW DEPTH       0

DEGREE DAYS
 HEATING
  YESTERDAY       29                        35     -6       45
  MONTH TO DATE  350                       468   -118      526
  SINCE DEC 1    350                       468   -118      526
  SINCE JUL 1   1287                      1560   -273     1223

 COOLING
  YESTERDAY        0                         0      0        0
  MONTH TO DATE    0                         0      0        0
  SINCE DEC 1      0                         0      0        0
  SINCE JAN 1   1370                      1349     21     1540
..................................................................


WIND (MPH)
  HIGHEST WIND SPEED    15   HIGHEST WIND DIRECTION    NW (330)
  HIGHEST GUST SPEED    20   HIGHEST GUST DIRECTION     N (340)
  AVERAGE WIND SPEED     8.4


SKY COVER
  AVERAGE SKY COVER 0.6


WEATHER CONDITIONS
 THE FOLLOWING WEATHER WAS RECORDED YESTERDAY.
  LIGHT RAIN


RELATIVE HUMIDITY (PERCENT)
 HIGHEST    92           500 PM
 LOWEST     53          1200 PM
 AVERAGE    73

..........................................................


THE CONCORDIA KS CLIMATE NORMALS FOR TODAY
                         NORMAL    RECORD    YEAR
 MAXIMUM TEMPERATURE (F)   39        70      2002
 MINIMUM TEMPERATURE (F)   20       -16      1989


SUNRISE AND SUNSET
DECEMBER 15 2017......SUNRISE   744 AM CST   SUNSET   508 PM CST
DECEMBER 16 2017......SUNRISE   745 AM CST   SUNSET   508 PM CST


-  INDICATES NEGATIVE NUMBERS.
R  INDICATES RECORD WAS SET OR TIED.
MM INDICATES DATA IS MISSING.
T  INDICATES TRACE AMOUNT.




$$
