120
CDUS43 KICT 290631
CLICNU


CLIMATE REPORT
NATIONAL WEATHER SERVICE WICHITA KS
130 AM CDT MON MAY 29 2017


...................................

...THE CHANUTE KS CLIMATE SUMMARY FOR MAY 28 2017...

CLIMATE NORMAL PERIOD 1981 TO 2010
CLIMATE RECORD PERIOD 1894 TO 2017


WEATHER ITEM   OBSERVED TIME   RECORD YEAR NORMAL DEPARTURE LAST
                VALUE   (LST)  VALUE       VALUE  FROM      YEAR
                                                  NORMAL
..................................................................
TEMPERATURE (F)
 YESTERDAY
  MAXIMUM         83    350 PM  93    2012  79      4       80
                                      1966
  MINIMUM         59   1057 PM  40    1947  59      0       60
  AVERAGE         71                        69      2       70

PRECIPITATION (IN)
  YESTERDAY        T             4.59 1935   0.22  -0.22     0.00
  MONTH TO DATE    5.87                      5.15   0.72     3.82
  SINCE MAR 1     18.91                     12.59   6.32    10.70
  SINCE JAN 1     21.06                     15.75   5.31    11.78

DEGREE DAYS
 HEATING
  YESTERDAY        0                         1     -1        0
  MONTH TO DATE   65                        73     -8      119
  SINCE MAR 1    684                       903   -219      682
  SINCE JUL 1   3452                      4475  -1023     3647

 COOLING
  YESTERDAY        6                         5      1        5
  MONTH TO DATE   94                        85      9       64
  SINCE MAR 1    149                       116     33       88
  SINCE JAN 1    152                       116     36       88
..................................................................


WIND (MPH)
  HIGHEST WIND SPEED    20   HIGHEST WIND DIRECTION    NW (300)
  HIGHEST GUST SPEED    26   HIGHEST GUST DIRECTION    NW (300)
  AVERAGE WIND SPEED     8.3


SKY COVER
  POSSIBLE SUNSHINE  MM
  AVERAGE SKY COVER 0.1


WEATHER CONDITIONS
 THE FOLLOWING WEATHER WAS RECORDED YESTERDAY.
  NO SIGNIFICANT WEATHER WAS OBSERVED.


RELATIVE HUMIDITY (PERCENT)
 HIGHEST    93           300 AM
 LOWEST     28           300 PM
 AVERAGE    61

..........................................................


THE CHANUTE KS CLIMATE NORMALS FOR TODAY
                         NORMAL    RECORD    YEAR
 MAXIMUM TEMPERATURE (F)   79        96      1926
 MINIMUM TEMPERATURE (F)   60        36      1947


SUNRISE AND SUNSET
MAY 29 2017...........SUNRISE   603 AM CDT   SUNSET   836 PM CDT
MAY 30 2017...........SUNRISE   603 AM CDT   SUNSET   837 PM CDT


-  INDICATES NEGATIVE NUMBERS.
R  INDICATES RECORD WAS SET OR TIED.
MM INDICATES DATA IS MISSING.
T  INDICATES TRACE AMOUNT.




$$
