000
CDUS43 KICT 060633
CLICNU


CLIMATE REPORT
NATIONAL WEATHER SERVICE WICHITA KS
1232 AM CST SAT FEB 6 2016


...................................

...THE CHANUTE KS CLIMATE SUMMARY FOR FEBRUARY 5 2016...

CLIMATE NORMAL PERIOD 1981 TO 2010
CLIMATE RECORD PERIOD 1894 TO 2016


WEATHER ITEM   OBSERVED TIME   RECORD YEAR NORMAL DEPARTURE LAST
                VALUE   (LST)  VALUE       VALUE  FROM      YEAR
                                                  NORMAL
..................................................................
TEMPERATURE (F)
 YESTERDAY
  MAXIMUM         54    355 PM  68    1963  45      9       34
  MINIMUM         23    217 AM  -6    1979  24     -1       10
  AVERAGE         39                        35      4       22

PRECIPITATION (IN)
  YESTERDAY        0.00          1.08 2008   0.05  -0.05     0.00
  MONTH TO DATE    0.29                      0.25   0.04     0.23
  SINCE DEC 1      4.62                      3.26   1.36     3.23
  SINCE JAN 1      1.07                      1.51  -0.44     0.86

DEGREE DAYS
 HEATING
  YESTERDAY       26                        30     -4       43
  MONTH TO DATE  134                       154    -20      189
  SINCE DEC 1   1820                      2101   -281     1981
  SINCE JUL 1   2463                      2953   -490     2923

 COOLING
  YESTERDAY        0                         0      0        0
  MONTH TO DATE    0                         0      0        0
  SINCE DEC 1      0                         0      0        0
  SINCE JAN 1      0                         0      0        0
..................................................................


WIND (MPH)
  HIGHEST WIND SPEED    14   HIGHEST WIND DIRECTION    SW (220)
  HIGHEST GUST SPEED    17   HIGHEST GUST DIRECTION     S (200)
  AVERAGE WIND SPEED     5.1


SKY COVER
  POSSIBLE SUNSHINE  MM
  AVERAGE SKY COVER 0.1


WEATHER CONDITIONS
 THE FOLLOWING WEATHER WAS RECORDED YESTERDAY.
  NO SIGNIFICANT WEATHER WAS OBSERVED.


RELATIVE HUMIDITY (PERCENT)
 HIGHEST    81           500 AM
 LOWEST     29           400 PM
 AVERAGE    55

..........................................................


THE CHANUTE KS CLIMATE NORMALS FOR TODAY
                         NORMAL    RECORD    YEAR
 MAXIMUM TEMPERATURE (F)   45        70      2009
                                             1900
 MINIMUM TEMPERATURE (F)   25        -9      1985


SUNRISE AND SUNSET
FEBRUARY  6 2016......SUNRISE   722 AM CST   SUNSET   551 PM CST
FEBRUARY  7 2016......SUNRISE   721 AM CST   SUNSET   552 PM CST


-  INDICATES NEGATIVE NUMBERS.
R  INDICATES RECORD WAS SET OR TIED.
MM INDICATES DATA IS MISSING.
T  INDICATES TRACE AMOUNT.




$$
