000
CDUS45 KGJT 250736
CLICNY


CLIMATE REPORT
NATIONAL WEATHER SERVICE GRAND JUNCTION CO
134 AM MDT THU MAY 25 2017


...................................

...THE CANYONLANDS AIRPORT UT CLIMATE SUMMARY FOR MAY 24 2017...

CLIMATE NORMAL PERIOD 1981 TO 2010
CLIMATE RECORD PERIOD 9999 TO 9999


WEATHER ITEM   OBSERVED TIME   RECORD YEAR NORMAL DEPARTURE LAST
                VALUE   (LST)  VALUE       VALUE  FROM      YEAR
                                                  NORMAL
..................................................................
TEMPERATURE (F)
 YESTERDAY
  MAXIMUM         92    244 PM  MM      MM  82     10       80
  MINIMUM         47    507 AM  MM      MM  49     -2       53
  AVERAGE         70                        65      5       67

PRECIPITATION (IN)
  YESTERDAY        0.00         MM      MM   0.01  -0.01     0.00
  MONTH TO DATE    0.45                      0.47  -0.02     0.48
  SINCE MAR 1      0.65                      1.93  -1.28     1.79
  SINCE JAN 1      1.29                      3.09  -1.80     2.79

SNOWFALL (IN)
  YESTERDAY       MM            MM      MM  MM     MM       MM
  MONTH TO DATE   MM                        MM     MM       MM
  SINCE MAR 1     MM                        MM     MM       MM
  SINCE JUL 1     MM                        MM     MM       MM
  SNOW DEPTH      MM

DEGREE DAYS
 HEATING
  YESTERDAY        0                         3     -3        0
  MONTH TO DATE  103                       121    -18       92
  SINCE MAR 1    870                      1137   -267      951
  SINCE JUL 1   4334                      5546  -1212     5126

 COOLING
  YESTERDAY        5                         3      2        2
  MONTH TO DATE   26                        33     -7       37
  SINCE MAR 1     30                        36     -6       40
  SINCE JAN 1     30                        36     -6       40
..................................................................


WIND (MPH)
  HIGHEST WIND SPEED    35   HIGHEST WIND DIRECTION     S (180)
  HIGHEST GUST SPEED    43   HIGHEST GUST DIRECTION     S (190)
  AVERAGE WIND SPEED     9.5


SKY COVER
  POSSIBLE SUNSHINE  MM
  AVERAGE SKY COVER 0.0


WEATHER CONDITIONS
 THE FOLLOWING WEATHER WAS RECORDED YESTERDAY.
  NO SIGNIFICANT WEATHER WAS OBSERVED.


RELATIVE HUMIDITY (PERCENT)
 HIGHEST    42           500 AM
 LOWEST      9           200 PM
 AVERAGE    26

..........................................................


THE CANYONLANDS AIRPORT UT CLIMATE NORMALS FOR TODAY
                         NORMAL    RECORD    YEAR
 MAXIMUM TEMPERATURE (F)   82        MM        MM
 MINIMUM TEMPERATURE (F)   49        MM        MM


SUNRISE AND SUNSET
MAY 25 2017...........SUNRISE   559 AM MDT   SUNSET   833 PM MDT
MAY 26 2017...........SUNRISE   559 AM MDT   SUNSET   834 PM MDT


-  INDICATES NEGATIVE NUMBERS.
R  INDICATES RECORD WAS SET OR TIED.
MM INDICATES DATA IS MISSING.
T  INDICATES TRACE AMOUNT.




$$
