000
CDUS41 KGYX 250803
CLICON


CLIMATE REPORT
NATIONAL WEATHER SERVICE GRAY ME
403 AM EDT FRI JUL 25 2014


...................................

...THE CONCORD NH CLIMATE SUMMARY FOR JULY 24 2014...

CLIMATE NORMAL PERIOD 1981 TO 2010
CLIMATE RECORD PERIOD 1868 TO 2014


WEATHER ITEM   OBSERVED TIME   RECORD YEAR NORMAL DEPARTURE LAST
                VALUE   (LST)  VALUE       VALUE  FROM      YEAR
                                                  NORMAL
..................................................................
TEMPERATURE (F)
 YESTERDAY
  MAXIMUM         81    136 PM 100    1870  83     -2       83
  MINIMUM         54   1126 PM  42    1985  58     -4       56
  AVERAGE         68                        70     -2       70

PRECIPITATION (IN)
  YESTERDAY        T             2.57 2008   0.12  -0.12     0.00
  MONTH TO DATE    6.22                      2.87   3.35     6.27
  SINCE JUN 1     10.05                      6.56   3.49    13.05
  SINCE JAN 1     27.79                     22.22   5.57    25.81

SNOWFALL (IN)
  YESTERDAY        0.0           0.0  2002   0.0    0.0      0.0
                                      2001
                                      2000
  MONTH TO DATE    0.0                       0.0    0.0      0.0
  SINCE JUN 1      0.0                       0.0    0.0      0.0
  SINCE JUL 1      0.0                       0.0    0.0      0.0
  SNOW DEPTH       0

DEGREE DAYS
 HEATING
  YESTERDAY        0                         0      0        0
  MONTH TO DATE    0                        13    -13        0
  SINCE JUN 1     56                        98    -42       72
  SINCE JUL 1      0                        13    -13        0

 COOLING
  YESTERDAY        3                         6     -3        5
  MONTH TO DATE  159                       134     25      242
  SINCE JUN 1    232                       218     14      351
  SINCE JAN 1    234                       236     -2      372
..................................................................


WIND (MPH)
  RESULTANT WIND SPEED   7   RESULTANT WIND DIRECTION  NW (330)
  HIGHEST WIND SPEED    16   HIGHEST WIND DIRECTION    NW (300)
  HIGHEST GUST SPEED    21   HIGHEST GUST DIRECTION     W (290)
  AVERAGE WIND SPEED     7.0


SKY COVER
  AVERAGE SKY COVER 0.5


WEATHER CONDITIONS
 THE FOLLOWING WEATHER WAS RECORDED YESTERDAY.
  LIGHT RAIN


RELATIVE HUMIDITY (PERCENT)
 HIGHEST    97          1200 AM
 LOWEST     42           200 PM
 AVERAGE    70

..........................................................


THE CONCORD NH CLIMATE NORMALS FOR TODAY
                         NORMAL    RECORD    YEAR
 MAXIMUM TEMPERATURE (F)   83        98      1963
 MINIMUM TEMPERATURE (F)   58        44      1976


SUNRISE AND SUNSET
JULY 25 2014..........SUNRISE   529 AM EDT   SUNSET   815 PM EDT
JULY 26 2014..........SUNRISE   530 AM EDT   SUNSET   814 PM EDT


-  INDICATES NEGATIVE NUMBERS.
R  INDICATES RECORD WAS SET OR TIED.
MM INDICATES DATA IS MISSING.
T  INDICATES TRACE AMOUNT.




$$
