000
CDUS41 KGYX 302040
CLICON


CLIMATE REPORT
NATIONAL WEATHER SERVICE GRAY ME
440 PM EDT SAT AUG 30 2014


...................................

...THE CONCORD NH CLIMATE SUMMARY FOR AUGUST 30 2014...
VALID TODAY AS OF 0400 PM LOCAL TIME.

CLIMATE NORMAL PERIOD 1981 TO 2010
CLIMATE RECORD PERIOD 1868 TO 2014


WEATHER ITEM   OBSERVED TIME   RECORD YEAR NORMAL DEPARTURE LAST
                VALUE   (LST)  VALUE       VALUE  FROM      YEAR
                                                  NORMAL
..................................................................
TEMPERATURE (F)
 TODAY
  MAXIMUM         78    222 PM  96    1953  78      0       85
  MINIMUM         52    532 AM  32    1965  54     -2       56
  AVERAGE         65                        66     -1       71

PRECIPITATION (IN)
  TODAY            0.00          1.54 1975   0.10  -0.10     0.00
  MONTH TO DATE    3.61                      3.09   0.52     2.03
  SINCE JUN 1     14.93                     10.52   4.41    15.51
  SINCE JAN 1     32.67                     26.18   6.49    28.27

SNOWFALL (IN)
  TODAY            0.0           0.0  2002   0.0    0.0      0.0
                                      2001
                                      2000
  MONTH TO DATE    0.0                       0.0    0.0      0.0
  SINCE JUN 1      0.0                       0.0    0.0      0.0
  SINCE JUL 1      0.0                       0.0    0.0      0.0
  SNOW DEPTH       0

DEGREE DAYS
 HEATING
  TODAY            0                         2     -2        0
  MONTH TO DATE   32                        30      2       28
  SINCE JUN 1     88                       132    -44      102
  SINCE JUL 1     32                        47    -15       30

 COOLING
  TODAY            0                         3     -3        6
  MONTH TO DATE   73                       136    -63       87
  SINCE JUN 1    321                       392    -71      462
  SINCE JAN 1    323                       410    -87      483
..................................................................


WIND (MPH)
  HIGHEST WIND SPEED    16   HIGHEST WIND DIRECTION     S (180)
  HIGHEST GUST SPEED    21   HIGHEST GUST DIRECTION     S (190)
  AVERAGE WIND SPEED     5.4


SKY COVER
  POSSIBLE SUNSHINE  MM
  AVERAGE SKY COVER 0.4


WEATHER CONDITIONS
 THE FOLLOWING WEATHER WAS RECORDED TODAY.
  FOG


RELATIVE HUMIDITY (PERCENT)
 HIGHEST   100           400 AM
 LOWEST     43           300 PM
 AVERAGE    72

..........................................................


THE CONCORD NH CLIMATE NORMALS FOR TOMORROW
                         NORMAL    RECORD    YEAR
 MAXIMUM TEMPERATURE (F)   78        95      2010
 MINIMUM TEMPERATURE (F)   53        29      1965


SUNRISE AND SUNSET
AUGUST 30 2014........SUNRISE   608 AM EDT   SUNSET   724 PM EDT
AUGUST 31 2014........SUNRISE   609 AM EDT   SUNSET   723 PM EDT


-  INDICATES NEGATIVE NUMBERS.
R  INDICATES RECORD WAS SET OR TIED.
MM INDICATES DATA IS MISSING.
T  INDICATES TRACE AMOUNT.




$$
