000
CDUS41 KGYX 260914
CLICON


CLIMATE REPORT
NATIONAL WEATHER SERVICE GRAY ME
414 AM EST MON JAN 26 2015


...................................

...THE CONCORD NH CLIMATE SUMMARY FOR JANUARY 25 2015...

CLIMATE NORMAL PERIOD 1981 TO 2010
CLIMATE RECORD PERIOD 1868 TO 2015


WEATHER ITEM   OBSERVED TIME   RECORD YEAR NORMAL DEPARTURE LAST
                VALUE   (LST)  VALUE       VALUE  FROM      YEAR
                                                  NORMAL
..................................................................
TEMPERATURE (F)
 YESTERDAY
  MAXIMUM         35    912 AM  55    1938  31      4       32
  MINIMUM          8   1159 PM -22    1882  10     -2        9
  AVERAGE         22                        20      2       21

PRECIPITATION (IN)
  YESTERDAY        0.02          1.34 1979   0.08  -0.06     0.03
  MONTH TO DATE    2.21                      2.18   0.03     3.20
  SINCE DEC 1      7.37                      5.38   1.99     6.59
  SINCE JAN 1      2.21                      2.18   0.03     3.20

SNOWFALL (IN)
  YESTERDAY        0.2          10.0  1891   0.5   -0.3      0.4
  MONTH TO DATE    5.6                      14.7   -9.1     14.4
  SINCE DEC 1      9.3                      29.2  -19.9     34.3
  SINCE JUL 1     22.2                      31.8   -9.6     34.5
  SNOW DEPTH       7

DEGREE DAYS
 HEATING
  YESTERDAY       43                        44     -1       44
  MONTH TO DATE 1134                      1114     20     1115
  SINCE DEC 1   2170                      2300   -130     2393
  SINCE JUL 1   3674                      3860   -186     3910

 COOLING
  YESTERDAY        0                         0      0        0
  MONTH TO DATE    0                         0      0        0
  SINCE DEC 1      0                         0      0        0
  SINCE JAN 1      0                         0      0        0
..................................................................


WIND (MPH)
  RESULTANT WIND SPEED   9   RESULTANT WIND DIRECTION  NW (300)
  HIGHEST WIND SPEED    24   HIGHEST WIND DIRECTION    NW (310)
  HIGHEST GUST SPEED    32   HIGHEST GUST DIRECTION    NW (320)
  AVERAGE WIND SPEED    10.4


SKY COVER
  AVERAGE SKY COVER 0.4


WEATHER CONDITIONS
 THE FOLLOWING WEATHER WAS RECORDED YESTERDAY.
  SNOW
  LIGHT SNOW
  FOG
  HAZE


RELATIVE HUMIDITY (PERCENT)
 HIGHEST    81           400 AM
 LOWEST     34           300 PM
 AVERAGE    58

..........................................................


THE CONCORD NH CLIMATE NORMALS FOR TODAY
                         NORMAL    RECORD    YEAR
 MAXIMUM TEMPERATURE (F)   31        63      1950
 MINIMUM TEMPERATURE (F)   10       -29      1877


SUNRISE AND SUNSET
JANUARY 26 2015.......SUNRISE   708 AM EST   SUNSET   450 PM EST
JANUARY 27 2015.......SUNRISE   707 AM EST   SUNSET   451 PM EST


-  INDICATES NEGATIVE NUMBERS.
R  INDICATES RECORD WAS SET OR TIED.
MM INDICATES DATA IS MISSING.
T  INDICATES TRACE AMOUNT.




$$
