660
CDUS41 KGYX 232145
CLICON


CLIMATE REPORT
NATIONAL WEATHER SERVICE GRAY ME
445 PM EST FRI FEB 23 2018


...................................

...THE CONCORD NH CLIMATE SUMMARY FOR FEBRUARY 23 2018...
VALID TODAY AS OF 0400 PM LOCAL TIME.

CLIMATE NORMAL PERIOD 1981 TO 2010
CLIMATE RECORD PERIOD 1868 TO 2018


WEATHER ITEM   OBSERVED TIME   RECORD YEAR NORMAL DEPARTURE LAST
                VALUE   (LST)  VALUE       VALUE  FROM      YEAR
                                                  NORMAL
..................................................................
TEMPERATURE (F)
 TODAY
  MAXIMUM         38    259 PM  65    2017  37      1       65
  MINIMUM         18    633 AM -12    1963  16      2       28
  AVERAGE         28                        26      2       47

PRECIPITATION (IN)
  TODAY            0.00          1.00 1919   0.10  -0.10     0.00
  MONTH TO DATE    3.15                      2.12   1.03     2.42
  SINCE DEC 1      9.40                      8.02   1.38     7.98
  SINCE JAN 1      6.33                      4.82   1.51     4.66

SNOWFALL (IN)
  TODAY            0.0          10.0  1919   0.5   -0.5      0.0
  MONTH TO DATE   17.2                      10.3    6.9     24.2
  SINCE DEC 1     55.2                      42.9   12.3     56.3
  SINCE JUL 1     55.8                      45.5   10.3     57.0
  SNOW DEPTH       7

DEGREE DAYS
 HEATING
  TODAY           37                        39     -2       18
  MONTH TO DATE  816                       949   -133      864
  SINCE DEC 1   3461                      3511    -50     3139
  SINCE JUL 1   4662                      5071   -409     4391

 COOLING
  TODAY            0                         0      0        0
  MONTH TO DATE    0                         0      0        0
  SINCE DEC 1      0                         0      0        0
  SINCE JAN 1      0                         0      0        0
..................................................................


WIND (MPH)
  HIGHEST WIND SPEED    13   HIGHEST WIND DIRECTION    SE (140)
  HIGHEST GUST SPEED    19   HIGHEST GUST DIRECTION    SE (140)
  AVERAGE WIND SPEED     3.1


SKY COVER
  POSSIBLE SUNSHINE  MM
  AVERAGE SKY COVER 0.5


WEATHER CONDITIONS
 THE FOLLOWING WEATHER WAS RECORDED TODAY.
  FOG
  FOG W/VISIBILITY <= 1/4 MILE
  HAZE


RELATIVE HUMIDITY (PERCENT)
 HIGHEST   100           800 AM
 LOWEST     59           400 PM
 AVERAGE    80

..........................................................


THE CONCORD NH CLIMATE NORMALS FOR TOMORROW
                         NORMAL    RECORD    YEAR
 MAXIMUM TEMPERATURE (F)   37        69      2017
 MINIMUM TEMPERATURE (F)   16       -21      2015


SUNRISE AND SUNSET
FEBRUARY 23 2018......SUNRISE   632 AM EST   SUNSET   527 PM EST
FEBRUARY 24 2018......SUNRISE   630 AM EST   SUNSET   529 PM EST


-  INDICATES NEGATIVE NUMBERS.
R  INDICATES RECORD WAS SET OR TIED.
MM INDICATES DATA IS MISSING.
T  INDICATES TRACE AMOUNT.




$$
