000
CDUS41 KGYX 272044
CLICON


CLIMATE REPORT
NATIONAL WEATHER SERVICE GRAY ME
444 PM EDT FRI MAR 27 2015


...................................

...THE CONCORD NH CLIMATE SUMMARY FOR MARCH 27 2015...
VALID TODAY AS OF 0400 PM LOCAL TIME.

CLIMATE NORMAL PERIOD 1981 TO 2010
CLIMATE RECORD PERIOD 1868 TO 2015


WEATHER ITEM   OBSERVED TIME   RECORD YEAR NORMAL DEPARTURE LAST
                VALUE   (LST)  VALUE       VALUE  FROM      YEAR
                                                  NORMAL
..................................................................
TEMPERATURE (F)
 TODAY
  MAXIMUM         45    224 PM  76    1998  48     -3       39
  MINIMUM         35    624 AM   9    1975  26      9       16
                                      1956
  AVERAGE         40                        37      3       28

PRECIPITATION (IN)
  TODAY            0.06          0.96 1913   0.11  -0.05     0.00
  MONTH TO DATE    1.40                      2.83  -1.43     1.76
  SINCE MAR 1      1.40                      2.83  -1.43     1.76
  SINCE JAN 1      7.46                      8.15  -0.69     9.08

SNOWFALL (IN)
  TODAY            0.0           5.0  1871   0.2   -0.2      0.0
  MONTH TO DATE    4.8                      10.1   -5.3     10.4
  SINCE MAR 1      4.8                      10.1   -5.3     10.4
  SINCE JUL 1     89.0                      57.6   31.4     80.2
  SNOW DEPTH       9

DEGREE DAYS
 HEATING
  TODAY           25                        28     -3       37
  MONTH TO DATE 1017                       880    137     1108
  SINCE MAR 1   1017                       880    137     1108
  SINCE JUL 1   6471                      6140    331     6577

 COOLING
  TODAY            0                         0      0        0
  MONTH TO DATE    0                         0      0        0
  SINCE MAR 1      0                         0      0        0
  SINCE JAN 1      0                         0      0        0
..................................................................


WIND (MPH)
  HIGHEST WIND SPEED     7   HIGHEST WIND DIRECTION    NW (320)
  HIGHEST GUST SPEED     9   HIGHEST GUST DIRECTION    NW (320)
  AVERAGE WIND SPEED     2.2


SKY COVER
  POSSIBLE SUNSHINE  MM
  AVERAGE SKY COVER 1.0


WEATHER CONDITIONS
 THE FOLLOWING WEATHER WAS RECORDED TODAY.
  LIGHT RAIN
  FOG


RELATIVE HUMIDITY (PERCENT)
 HIGHEST   100           400 AM
 LOWEST     65           200 PM
 AVERAGE    83

..........................................................


THE CONCORD NH CLIMATE NORMALS FOR TOMORROW
                         NORMAL    RECORD    YEAR
 MAXIMUM TEMPERATURE (F)   49        86      1998
 MINIMUM TEMPERATURE (F)   27         2      1923


SUNRISE AND SUNSET
MARCH 27 2015.........SUNRISE   637 AM EDT   SUNSET   706 PM EDT
MARCH 28 2015.........SUNRISE   636 AM EDT   SUNSET   707 PM EDT


-  INDICATES NEGATIVE NUMBERS.
R  INDICATES RECORD WAS SET OR TIED.
MM INDICATES DATA IS MISSING.
T  INDICATES TRACE AMOUNT.




$$
