000
CDUS41 KGYX 190801
CLICON


CLIMATE REPORT
NATIONAL WEATHER SERVICE GRAY ME
400 AM EDT SAT APR 19 2014


...................................

...THE CONCORD NH CLIMATE SUMMARY FOR APRIL 18 2014...

CLIMATE NORMAL PERIOD 1981 TO 2010
CLIMATE RECORD PERIOD 1868 TO 2014


WEATHER ITEM   OBSERVED TIME   RECORD YEAR NORMAL DEPARTURE LAST
                VALUE   (LST)  VALUE       VALUE  FROM      YEAR
                                                  NORMAL
..................................................................
TEMPERATURE (F)
 YESTERDAY
  MAXIMUM         47    321 PM  92    1976  59    -12       63
  MINIMUM         19    421 AM  18    1874  34    -15       28
  AVERAGE         33                        46    -13       46

PRECIPITATION (IN)
  YESTERDAY        0.00          1.27 1997   0.12  -0.12     0.00
  MONTH TO DATE    1.84                      2.07  -0.23     1.46
  SINCE MAR 1      5.82                      5.34   0.48     3.18
  SINCE JAN 1     13.14                     10.66   2.48     8.27

SNOWFALL (IN)
  YESTERDAY        0.0           4.0  1887   0.1   -0.1      0.0
  MONTH TO DATE    0.2                       2.4   -2.2      0.2
  SINCE MAR 1     10.6                      13.5   -2.9     16.2
  SINCE JUL 1     80.4                      61.0   19.4     83.4
  SNOW DEPTH       0

DEGREE DAYS
 HEATING
  YESTERDAY       32                        19     13       19
  MONTH TO DATE  397                       402     -5      394
  SINCE MAR 1   1611                      1389    222     1382
  SINCE JUL 1   7080                      6649    431     6311

 COOLING
  YESTERDAY        0                         0      0        0
  MONTH TO DATE    0                         0      0        0
  SINCE MAR 1      0                         0      0        0
  SINCE JAN 1      0                         0      0        0
..................................................................


WIND (MPH)
  RESULTANT WIND SPEED   2   RESULTANT WIND DIRECTION  SE (140)
  HIGHEST WIND SPEED    13   HIGHEST WIND DIRECTION     S (180)
  HIGHEST GUST SPEED    16   HIGHEST GUST DIRECTION     S (170)
  AVERAGE WIND SPEED     2.8


SKY COVER
  AVERAGE SKY COVER 0.1


WEATHER CONDITIONS
 THE FOLLOWING WEATHER WAS RECORDED YESTERDAY.
  NO SIGNIFICANT WEATHER WAS OBSERVED.


RELATIVE HUMIDITY (PERCENT)
 HIGHEST    92           300 AM
 LOWEST     45           100 PM
 AVERAGE    69

..........................................................


THE CONCORD NH CLIMATE NORMALS FOR TODAY
                         NORMAL    RECORD    YEAR
 MAXIMUM TEMPERATURE (F)   59        95      1976
 MINIMUM TEMPERATURE (F)   34        16      1875


SUNRISE AND SUNSET
APRIL 19 2014.........SUNRISE   558 AM EDT   SUNSET   733 PM EDT
APRIL 20 2014.........SUNRISE   556 AM EDT   SUNSET   735 PM EDT


-  INDICATES NEGATIVE NUMBERS.
R  INDICATES RECORD WAS SET OR TIED.
MM INDICATES DATA IS MISSING.
T  INDICATES TRACE AMOUNT.




$$
