000
CDUS41 KGYX 210801
CLICON


CLIMATE REPORT
NATIONAL WEATHER SERVICE GRAY ME
401 AM EDT SUN SEP 21 2014


...................................

...THE CONCORD NH CLIMATE SUMMARY FOR SEPTEMBER 20 2014...

CLIMATE NORMAL PERIOD 1981 TO 2010
CLIMATE RECORD PERIOD 1868 TO 2014


WEATHER ITEM   OBSERVED TIME   RECORD YEAR NORMAL DEPARTURE LAST
                VALUE   (LST)  VALUE       VALUE  FROM      YEAR
                                                  NORMAL
..................................................................
TEMPERATURE (F)
 YESTERDAY
  MAXIMUM         67    321 PM  92    1983  71     -4       78
  MINIMUM         30    436 AM  28    1993  46    -16       40
                                      1979
  AVERAGE         49                        58     -9       59

PRECIPITATION (IN)
  YESTERDAY        0.00          2.74 1938   0.13  -0.13     0.00
  MONTH TO DATE    0.39                      2.15  -1.76     4.16
  SINCE SEP 1      0.39                      2.15  -1.76     4.16
  SINCE JAN 1     33.27                     28.42   4.85    32.45

SNOWFALL (IN)
  YESTERDAY        0.0           0.0  2002   0.0    0.0      0.0
                                      2001
                                      2000
  MONTH TO DATE    0.0                       0.0    0.0      0.0
  SINCE SEP 1      0.0                       0.0    0.0      0.0
  SINCE JUL 1      0.0                       0.0    0.0      0.0
  SNOW DEPTH       0

DEGREE DAYS
 HEATING
  YESTERDAY       16                         7      9        6
  MONTH TO DATE  133                        91     42      117
  SINCE SEP 1    133                        91     42      117
  SINCE JUL 1    165                       139     26      147

 COOLING
  YESTERDAY        0                         1     -1        0
  MONTH TO DATE   46                        33     13       46
  SINCE SEP 1     46                        33     13       46
  SINCE JAN 1    377                       446    -69      537
..................................................................


WIND (MPH)
  RESULTANT WIND SPEED   5   RESULTANT WIND DIRECTION   S (170)
  HIGHEST WIND SPEED    12   HIGHEST WIND DIRECTION     S (170)
  HIGHEST GUST SPEED    16   HIGHEST GUST DIRECTION     S (180)
  AVERAGE WIND SPEED     5.0


SKY COVER
  AVERAGE SKY COVER 0.6


WEATHER CONDITIONS
 THE FOLLOWING WEATHER WAS RECORDED YESTERDAY.
  NO SIGNIFICANT WEATHER WAS OBSERVED.


RELATIVE HUMIDITY (PERCENT)
 HIGHEST    96           600 AM
 LOWEST     60          1100 AM
 AVERAGE    78

..........................................................


THE CONCORD NH CLIMATE NORMALS FOR TODAY
                         NORMAL    RECORD    YEAR
 MAXIMUM TEMPERATURE (F)   71        93      1978
 MINIMUM TEMPERATURE (F)   45        28      1962


SUNRISE AND SUNSET
SEPTEMBER 21 2014.....SUNRISE   632 AM EDT   SUNSET   645 PM EDT
SEPTEMBER 22 2014.....SUNRISE   633 AM EDT   SUNSET   643 PM EDT


-  INDICATES NEGATIVE NUMBERS.
R  INDICATES RECORD WAS SET OR TIED.
MM INDICATES DATA IS MISSING.
T  INDICATES TRACE AMOUNT.




$$
