000
CDUS41 KGYX 250906
CLICON


CLIMATE REPORT
NATIONAL WEATHER SERVICE GRAY ME
406 AM EST SAT FEB 25 2017


...................................

...THE CONCORD NH CLIMATE SUMMARY FOR FEBRUARY 24 2017...

CLIMATE NORMAL PERIOD 1981 TO 2010
CLIMATE RECORD PERIOD 1868 TO 2017


WEATHER ITEM   OBSERVED TIME   RECORD YEAR NORMAL DEPARTURE LAST
                VALUE   (LST)  VALUE       VALUE  FROM      YEAR
                                                  NORMAL
..................................................................
TEMPERATURE (F)
 YESTERDAY
  MAXIMUM         69R   422 PM  62    1930  37     32       36
  MINIMUM         34    720 AM -21    2015  16     18       30
  AVERAGE         52                        27     25       33

PRECIPITATION (IN)
  YESTERDAY        T             1.53 1981   0.09  -0.09     1.18
  MONTH TO DATE    2.42                      2.21   0.21     3.88
  SINCE DEC 1      7.98                      8.11  -0.13    10.02
  SINCE JAN 1      4.66                      4.91  -0.25     5.24

SNOWFALL (IN)
  YESTERDAY        0.0          13.1  2013   0.4   -0.4      0.9
  MONTH TO DATE   24.2                      10.7   13.5     12.7
  SINCE DEC 1     56.3                      43.3   13.0     24.7
  SINCE JUL 1     57.0                      45.9   11.1     24.7
  SNOW DEPTH      14

DEGREE DAYS
 HEATING
  YESTERDAY       13                        38    -25       32
  MONTH TO DATE  877                       987   -110      927
  SINCE DEC 1   3152                      3549   -397     2935
  SINCE JUL 1   4404                      5109   -705     4215

 COOLING
  YESTERDAY        0                         0      0        0
  MONTH TO DATE    0                         0      0        0
  SINCE DEC 1      0                         0      0        0
  SINCE JAN 1      0                         0      0        0
..................................................................


WIND (MPH)
  RESULTANT WIND SPEED   3   RESULTANT WIND DIRECTION   S (160)
  HIGHEST WIND SPEED    13   HIGHEST WIND DIRECTION     S (200)
  HIGHEST GUST SPEED    18   HIGHEST GUST DIRECTION     S (200)
  AVERAGE WIND SPEED     3.1


SKY COVER
  AVERAGE SKY COVER 0.3


WEATHER CONDITIONS
 THE FOLLOWING WEATHER WAS RECORDED YESTERDAY.
  LIGHT RAIN
  FOG
  FOG W/VISIBILITY <= 1/4 MILE
  HAZE


RELATIVE HUMIDITY (PERCENT)
 HIGHEST   100           700 AM
 LOWEST     45           500 PM
 AVERAGE    73

..........................................................


THE CONCORD NH CLIMATE NORMALS FOR TODAY
                         NORMAL    RECORD    YEAR
 MAXIMUM TEMPERATURE (F)   38        63      2016
 MINIMUM TEMPERATURE (F)   16       -19      1894


SUNRISE AND SUNSET
FEBRUARY 25 2017......SUNRISE   628 AM EST   SUNSET   530 PM EST
FEBRUARY 26 2017......SUNRISE   627 AM EST   SUNSET   532 PM EST


-  INDICATES NEGATIVE NUMBERS.
R  INDICATES RECORD WAS SET OR TIED.
MM INDICATES DATA IS MISSING.
T  INDICATES TRACE AMOUNT.




$$
