000
CDUS41 KGYX 190804
CLICON


CLIMATE REPORT
NATIONAL WEATHER SERVICE GRAY ME
403 AM EDT THU OCT 19 2017


...................................

...THE CONCORD NH CLIMATE SUMMARY FOR OCTOBER 18 2017...

CLIMATE NORMAL PERIOD 1981 TO 2010
CLIMATE RECORD PERIOD 1868 TO 2017


WEATHER ITEM   OBSERVED TIME   RECORD YEAR NORMAL DEPARTURE LAST
                VALUE   (LST)  VALUE       VALUE  FROM      YEAR
                                                  NORMAL
..................................................................
TEMPERATURE (F)
 YESTERDAY
  MAXIMUM         72    313 PM  85    1947  60     12       60
                                      1908
  MINIMUM         32    531 AM  13    1978  35     -3       53
  AVERAGE         52                        47      5       57

PRECIPITATION (IN)
  YESTERDAY        0.00          1.58 1911   0.13  -0.13     0.01
  MONTH TO DATE    0.88                      2.36  -1.48     1.02
  SINCE SEP 1      3.94                      5.74  -1.80     3.96
  SINCE JAN 1     32.46                     32.01   0.45    22.14

SNOWFALL (IN)
  YESTERDAY        0.0           T    2009   0.0    0.0      0.0
                                      1922
                                      1992
  MONTH TO DATE    0.0                       0.0    0.0      0.0
  SINCE SEP 1      0.0                       0.0    0.0      0.0
  SINCE JUL 1      0.0                       0.0    0.0      0.0
  SNOW DEPTH       0

DEGREE DAYS
 HEATING
  YESTERDAY       13                        18     -5        8
  MONTH TO DATE  141                       266   -125      199
  SINCE SEP 1    229                       453   -224      301
  SINCE JUL 1    282                       501   -219      313

 COOLING
  YESTERDAY        0                         0      0        0
  MONTH TO DATE   11                         0     11        0
  SINCE SEP 1    116                        37     79       91
  SINCE JAN 1    561                       450    111      715
..................................................................


WIND (MPH)
  RESULTANT WIND SPEED   1   RESULTANT WIND DIRECTION   E (100)
  HIGHEST WIND SPEED    10   HIGHEST WIND DIRECTION     W (260)
  HIGHEST GUST SPEED    15   HIGHEST GUST DIRECTION     W (250)
  AVERAGE WIND SPEED     2.4


SKY COVER
  AVERAGE SKY COVER 0.0


WEATHER CONDITIONS
 THE FOLLOWING WEATHER WAS RECORDED YESTERDAY.
  NO SIGNIFICANT WEATHER WAS OBSERVED.


RELATIVE HUMIDITY (PERCENT)
 HIGHEST    93          1100 PM
 LOWEST     31           400 PM
 AVERAGE    62

..........................................................


THE CONCORD NH CLIMATE NORMALS FOR TODAY
                         NORMAL    RECORD    YEAR
 MAXIMUM TEMPERATURE (F)   59        82      1963
 MINIMUM TEMPERATURE (F)   35        11      1974


SUNRISE AND SUNSET
OCTOBER 19 2017.......SUNRISE   705 AM EDT   SUNSET   556 PM EDT
OCTOBER 20 2017.......SUNRISE   706 AM EDT   SUNSET   555 PM EDT


-  INDICATES NEGATIVE NUMBERS.
R  INDICATES RECORD WAS SET OR TIED.
MM INDICATES DATA IS MISSING.
T  INDICATES TRACE AMOUNT.




$$
