000
CDUS45 KPUB 061142
CLICOS


CLIMATE REPORT
NATIONAL WEATHER SERVICE PUEBLO
442 AM MST TUE DEC 6 2016


...................................

...THE COLORADO SPRINGS CO CLIMATE SUMMARY FOR DECEMBER 5 2016...

CLIMATE NORMAL PERIOD 1981 TO 2010
CLIMATE RECORD PERIOD 1872 TO 2016


WEATHER ITEM   OBSERVED TIME   RECORD YEAR NORMAL DEPARTURE LAST
                VALUE   (LST)  VALUE       VALUE  FROM      YEAR
                                                  NORMAL
..................................................................
TEMPERATURE (F)
 YESTERDAY
  MAXIMUM         57   1040 AM  69    1939  43     14       52
  MINIMUM         15   1145 PM -16    1972  19     -4       22
  AVERAGE         36                        31      5       37

PRECIPITATION (IN)
  YESTERDAY        0.00          0.61 1913   0.01  -0.01     0.02
  MONTH TO DATE    0.03                      0.06  -0.03     0.02
  SINCE DEC 1      0.03                      0.06  -0.03     0.02
  SINCE JAN 1     13.70                     16.26  -2.56    25.02

SNOWFALL (IN)
  YESTERDAY        0.0           6.2  1972   0.2   -0.2       T
  MONTH TO DATE    0.2                       1.0   -0.8       T
  SINCE DEC 1      0.2                       1.0   -0.8       T
  SINCE JUL 1      0.2                       8.8   -8.6      5.8
  SNOW DEPTH       0

DEGREE DAYS
 HEATING
  YESTERDAY       29                        34     -5       28
  MONTH TO DATE  179                       168     11      144
  SINCE DEC 1    179                       168     11      144
  SINCE JUL 1   1082                      1649   -567     1247

 COOLING
  YESTERDAY        0                         0      0        0
  MONTH TO DATE    0                         0      0        0
  SINCE DEC 1      0                         0      0        0
  SINCE JAN 1    710                       455    255      617
..................................................................


WIND (MPH)
  HIGHEST WIND SPEED    33   HIGHEST WIND DIRECTION     W (250)
  HIGHEST GUST SPEED    41   HIGHEST GUST DIRECTION     W (290)
  AVERAGE WIND SPEED    14.5


SKY COVER
  POSSIBLE SUNSHINE  MM
  AVERAGE SKY COVER 0.4


WEATHER CONDITIONS
 THE FOLLOWING WEATHER WAS RECORDED YESTERDAY.
  NO SIGNIFICANT WEATHER WAS OBSERVED.


RELATIVE HUMIDITY (PERCENT)
 HIGHEST    43           400 AM
 LOWEST     10           300 PM
 AVERAGE    27

..........................................................


THE COLORADO SPRINGS CO CLIMATE NORMALS FOR TODAY
                         NORMAL    RECORD    YEAR
 MAXIMUM TEMPERATURE (F)   43        72      1939
 MINIMUM TEMPERATURE (F)   18       -15      1972


SUNRISE AND SUNSET
DECEMBER  6 2016......SUNRISE   703 AM MST   SUNSET   437 PM MST
DECEMBER  7 2016......SUNRISE   704 AM MST   SUNSET   437 PM MST


-  INDICATES NEGATIVE NUMBERS.
R  INDICATES RECORD WAS SET OR TIED.
MM INDICATES DATA IS MISSING.
T  INDICATES TRACE AMOUNT.




$$
