000
CDUS45 KPUB 201422 CCA
CLICOS

CLIMATE REPORT...CORRECTION
NATIONAL WEATHER SERVICE PUEBLO
502 AM MST TUE FEB 20 2018


...................................

...THE COLORADO SPRINGS CO CLIMATE SUMMARY FOR FEBRUARY 19 2018...

CLIMATE NORMAL PERIOD 1981 TO 2010
CLIMATE RECORD PERIOD 1872 TO 2018


WEATHER ITEM   OBSERVED TIME   RECORD YEAR NORMAL DEPARTURE LAST
                VALUE   (LST)  VALUE       VALUE  FROM      YEAR
                                                  NORMAL
..................................................................
TEMPERATURE (F)
 YESTERDAY
  MAXIMUM         45   1208 AM  67    1986  45      0       58
                                      1981
  MINIMUM         11   1159 PM  -5    2006  20     -9       32
  AVERAGE         28                        33     -5       45

PRECIPITATION (IN)
  YESTERDAY        0.13          0.47 1987   0.02   0.11     0.00
  MONTH TO DATE    0.39                      0.20   0.19     0.05
  SINCE DEC 1      0.56                      0.86  -0.30     1.05
  SINCE JAN 1      0.55                      0.52   0.03     0.37

SNOWFALL (IN)
  YESTERDAY        2.8           7.1  1987   0.1    2.7      0.0
  MONTH TO DATE    7.8                       3.3    4.5      0.6
  SINCE DEC 1     10.4                      14.6   -4.2     13.3
  SINCE JUL 1     12.0                      22.4  -10.4     13.3
  SNOW DEPTH       0

DEGREE DAYS
 HEATING
  YESTERDAY       37                        32      5       20
  MONTH TO DATE  589                       638    -49      435
  SINCE DEC 1   2483                      2800   -317     2586
  SINCE JUL 1   3651                      4281   -630     3489

 COOLING
  YESTERDAY        0                         0      0        0
  MONTH TO DATE    0                         0      0        0
  SINCE DEC 1      0                         0      0        0
  SINCE JAN 1      0                         0      0        0
..................................................................


WIND (MPH)
  HIGHEST WIND SPEED    20   HIGHEST WIND DIRECTION     S (170)
  HIGHEST GUST SPEED    22   HIGHEST GUST DIRECTION     S (160)
  AVERAGE WIND SPEED     9.6


SKY COVER
  POSSIBLE SUNSHINE  MM
  AVERAGE SKY COVER 0.8


WEATHER CONDITIONS
 THE FOLLOWING WEATHER WAS RECORDED YESTERDAY.
  LIGHT SNOW
  FOG
  FOG W/VISIBILITY <= 1/4 MILE


RELATIVE HUMIDITY (PERCENT)
 HIGHEST    92           700 AM
 LOWEST     28          1200 AM
 AVERAGE    60

..........................................................


THE COLORADO SPRINGS CO CLIMATE NORMALS FOR TODAY
                         NORMAL    RECORD    YEAR
 MAXIMUM TEMPERATURE (F)   46        71      1935
 MINIMUM TEMPERATURE (F)   20        -9      1911


SUNRISE AND SUNSET
FEBRUARY 20 2018......SUNRISE   644 AM MST   SUNSET   542 PM MST
FEBRUARY 21 2018......SUNRISE   642 AM MST   SUNSET   543 PM MST


-  INDICATES NEGATIVE NUMBERS.
R  INDICATES RECORD WAS SET OR TIED.
MM INDICATES DATA IS MISSING.
T  INDICATES TRACE AMOUNT.




$$
