000
CDUS45 KPUB 291035
CLICOS


CLIMATE REPORT
NATIONAL WEATHER SERVICE PUEBLO
435 AM MDT SAT JUL 29 2017


...................................

...THE COLORADO SPRINGS CO CLIMATE SUMMARY FOR JULY 28 2017...

CLIMATE NORMAL PERIOD 1981 TO 2010
CLIMATE RECORD PERIOD 1872 TO 2017


WEATHER ITEM   OBSERVED TIME   RECORD YEAR NORMAL DEPARTURE LAST
                VALUE   (LST)  VALUE       VALUE  FROM      YEAR
                                                  NORMAL
..................................................................
TEMPERATURE (F)
 YESTERDAY
  MAXIMUM         84   1133 AM  96    1978  84      0       91
  MINIMUM         63   1159 PM  44    1913  58      5       59
  AVERAGE         74                        71      3       75

PRECIPITATION (IN)
  YESTERDAY        0.02          2.05 1982   0.10  -0.08     1.17
  MONTH TO DATE    4.56                      2.51   2.05     3.03
  SINCE JUN 1      5.06                      5.01   0.05     4.07
  SINCE JAN 1     11.18                     10.12   1.06    11.00

SNOWFALL (IN)
  YESTERDAY        0.0           0.0  2004   0.0    0.0       T
  MONTH TO DATE    T                         0.0    0.0       T
  SINCE JUN 1      T                         0.0    0.0       T
  SINCE JUL 1      T                         0.0    0.0       T
  SNOW DEPTH       0

DEGREE DAYS
 HEATING
  YESTERDAY        0                         0      0        0
  MONTH TO DATE    0                         3     -3        0
  SINCE JUN 1     21                        82    -61        8
  SINCE JUL 1      0                         3     -3        0

 COOLING
  YESTERDAY        9                         6      3       10
  MONTH TO DATE  252                       171     81      276
  SINCE JUN 1    409                       254    155      457
  SINCE JAN 1    411                       264    147      459
..................................................................


WIND (MPH)
  HIGHEST WIND SPEED    29   HIGHEST WIND DIRECTION    NE (30)
  HIGHEST GUST SPEED    33   HIGHEST GUST DIRECTION     N (20)
  AVERAGE WIND SPEED     6.4


SKY COVER
  POSSIBLE SUNSHINE  MM
  AVERAGE SKY COVER 0.8


WEATHER CONDITIONS
 THE FOLLOWING WEATHER WAS RECORDED YESTERDAY.
  THUNDERSTORM
  LIGHT RAIN
  FOG


RELATIVE HUMIDITY (PERCENT)
 HIGHEST    93          1200 AM
 LOWEST     47          1100 AM
 AVERAGE    70

..........................................................


THE COLORADO SPRINGS CO CLIMATE NORMALS FOR TODAY
                         NORMAL    RECORD    YEAR
 MAXIMUM TEMPERATURE (F)   84        96      1980
 MINIMUM TEMPERATURE (F)   57        49      1909
                                             1906


SUNRISE AND SUNSET
JULY 29 2017..........SUNRISE   558 AM MDT   SUNSET   812 PM MDT
JULY 30 2017..........SUNRISE   559 AM MDT   SUNSET   811 PM MDT


-  INDICATES NEGATIVE NUMBERS.
R  INDICATES RECORD WAS SET OR TIED.
MM INDICATES DATA IS MISSING.
T  INDICATES TRACE AMOUNT.




$$
