000
CDUS45 KPUB 231030
CLICOS


CLIMATE REPORT
NATIONAL WEATHER SERVICE PUEBLO
429 AM MDT SUN APR 23 2017


...................................

...THE COLORADO SPRINGS CO CLIMATE SUMMARY FOR APRIL 22 2017...

CLIMATE NORMAL PERIOD 1981 TO 2010
CLIMATE RECORD PERIOD 1872 TO 2017


WEATHER ITEM   OBSERVED TIME   RECORD YEAR NORMAL DEPARTURE LAST
                VALUE   (LST)  VALUE       VALUE  FROM      YEAR
                                                  NORMAL
..................................................................
TEMPERATURE (F)
 YESTERDAY
  MAXIMUM         51    428 PM  83    1989  62    -11       75
  MINIMUM         35    822 AM  21    1982  35      0       37
  AVERAGE         43                        48     -5       56

PRECIPITATION (IN)
  YESTERDAY        0.03          0.89 1999   0.06  -0.03     0.00
  MONTH TO DATE    1.85                      0.95   0.90     1.16
  SINCE MAR 1      2.29                      1.95   0.34     1.89
  SINCE JAN 1      2.68                      2.61   0.07     3.43

SNOWFALL (IN)
  YESTERDAY        T             1.8  1909   0.2   -0.2      0.0
  MONTH TO DATE    8.9                       3.9    5.0      5.1
  SINCE MAR 1     10.9                      12.0   -1.1     15.6
  SINCE JUL 1     24.3                      36.0  -11.7     42.7
  SNOW DEPTH       0

DEGREE DAYS
 HEATING
  YESTERDAY       22                        17      5        9
  MONTH TO DATE  324                       432   -108      386
  SINCE MAR 1    884                      1237   -353     1096
  SINCE JUL 1   4637                      5800  -1163     4999

 COOLING
  YESTERDAY        0                         0      0        0
  MONTH TO DATE    0                         0      0        0
  SINCE MAR 1      0                         0      0        0
  SINCE JAN 1      0                         0      0        0
..................................................................


WIND (MPH)
  HIGHEST WIND SPEED    14   HIGHEST WIND DIRECTION     E (70)
  HIGHEST GUST SPEED    19   HIGHEST GUST DIRECTION    NE (60)
  AVERAGE WIND SPEED     7.0


SKY COVER
  POSSIBLE SUNSHINE  MM
  AVERAGE SKY COVER 0.7


WEATHER CONDITIONS
 THE FOLLOWING WEATHER WAS RECORDED YESTERDAY.
  LIGHT RAIN
  LIGHT SNOW
  FOG


RELATIVE HUMIDITY (PERCENT)
 HIGHEST    92           100 AM
 LOWEST     50           500 PM
 AVERAGE    71

..........................................................


THE COLORADO SPRINGS CO CLIMATE NORMALS FOR TODAY
                         NORMAL    RECORD    YEAR
 MAXIMUM TEMPERATURE (F)   62        81      2006
                                             1989
 MINIMUM TEMPERATURE (F)   35        20      2013
                                             1995
                                             1909


SUNRISE AND SUNSET
APRIL 23 2017.........SUNRISE   611 AM MDT   SUNSET   744 PM MDT
APRIL 24 2017.........SUNRISE   610 AM MDT   SUNSET   745 PM MDT


-  INDICATES NEGATIVE NUMBERS.
R  INDICATES RECORD WAS SET OR TIED.
MM INDICATES DATA IS MISSING.
T  INDICATES TRACE AMOUNT.




$$
