000
CDUS45 KPUB 071028
CLICOS


CLIMATE REPORT
NATIONAL WEATHER SERVICE PUEBLO
428 AM MDT TUE JUL 7 2015


...................................

...THE COLORADO SPRINGS CO CLIMATE SUMMARY FOR JULY 6 2015...

CLIMATE NORMAL PERIOD 1981 TO 2010
CLIMATE RECORD PERIOD 1872 TO 2015


WEATHER ITEM   OBSERVED TIME   RECORD YEAR NORMAL DEPARTURE LAST
                VALUE   (LST)  VALUE       VALUE  FROM      YEAR
                                                  NORMAL
..................................................................
TEMPERATURE (F)
 YESTERDAY
  MAXIMUM         73   1127 AM  98    1964  85    -12       94
  MINIMUM         57   1159 PM  40    1902  56      1       62
  AVERAGE         65                        70     -5       78

PRECIPITATION (IN)
  YESTERDAY        0.06          1.24 1990   0.08  -0.02     0.00
  MONTH TO DATE    0.50                      0.44   0.06     0.56
  SINCE JUN 1      6.22                      2.94   3.28     1.85
  SINCE JAN 1     18.45                      8.05  10.40     6.64

SNOWFALL (IN)
  YESTERDAY        0.0           0.0  2002   0.0    0.0      0.0
                                      2001
  MONTH TO DATE    0.0                       0.0    0.0       T
  SINCE JUN 1      T                         0.0    0.0       T
  SINCE JUL 1      0.0                       0.0    0.0       T
  SNOW DEPTH       0

DEGREE DAYS
 HEATING
  YESTERDAY        0                         0      0        0
  MONTH TO DATE    0                         3     -3        4
  SINCE JUN 1     10                        82    -72       43
  SINCE JUL 1      0                         3     -3        4

 COOLING
  YESTERDAY        0                         6     -6       13
  MONTH TO DATE   32                        34     -2       37
  SINCE JUN 1    154                       117     37      141
  SINCE JAN 1    154                       127     27      154
..................................................................


WIND (MPH)
  HIGHEST WIND SPEED    25   HIGHEST WIND DIRECTION    NE (60)
  HIGHEST GUST SPEED    30   HIGHEST GUST DIRECTION    NE (50)
  AVERAGE WIND SPEED    13.2


SKY COVER
  POSSIBLE SUNSHINE  MM
  AVERAGE SKY COVER 0.9


WEATHER CONDITIONS
 THE FOLLOWING WEATHER WAS RECORDED YESTERDAY.
  THUNDERSTORM
  RAIN
  LIGHT RAIN
  FOG


RELATIVE HUMIDITY (PERCENT)
 HIGHEST    86          1100 PM
 LOWEST     57          1100 AM
 AVERAGE    72

..........................................................


THE COLORADO SPRINGS CO CLIMATE NORMALS FOR TODAY
                         NORMAL    RECORD    YEAR
 MAXIMUM TEMPERATURE (F)   85        96      1985
                                             1951
 MINIMUM TEMPERATURE (F)   56        43      1904


SUNRISE AND SUNSET
JULY  7 2015..........SUNRISE   541 AM MDT   SUNSET   827 PM MDT
JULY  8 2015..........SUNRISE   541 AM MDT   SUNSET   826 PM MDT


-  INDICATES NEGATIVE NUMBERS.
R  INDICATES RECORD WAS SET OR TIED.
MM INDICATES DATA IS MISSING.
T  INDICATES TRACE AMOUNT.




$$
