087
CDUS43 KLSX 060728
CLICOU


CLIMATE REPORT
NATIONAL WEATHER SERVICE ST LOUIS MO
228 AM CDT FRI MAY 6 2016


...................................

...THE COLUMBIA ASOS CLIMATE SUMMARY FOR MAY 5 2016...

CLIMATE NORMAL PERIOD 1981 TO 2010
CLIMATE RECORD PERIOD 1890 TO 2016


WEATHER ITEM   OBSERVED TIME   RECORD YEAR NORMAL DEPARTURE LAST
                VALUE   (LST)  VALUE       VALUE  FROM      YEAR
                                                  NORMAL
..................................................................
TEMPERATURE (F)
 YESTERDAY
  MAXIMUM         69    448 PM  93    1952  72     -3       82
                                      1909
  MINIMUM         43    514 AM  35    1944  50     -7       62
                                      1917
  AVERAGE         56                        61     -5       72

PRECIPITATION (IN)
  YESTERDAY        0.00          1.82 1961   0.18  -0.18     0.12
  MONTH TO DATE    0.03                      0.85  -0.82     0.12
  SINCE MAR 1      4.55                      8.25  -3.70     4.95
  SINCE JAN 1      6.20                     12.42  -6.22     7.30

SNOWFALL (IN)
  YESTERDAY        0.0           T    1944   0.0    0.0      0.0
  MONTH TO DATE    0.0                       0.0    0.0      0.0
  SINCE MAR 1      T                         1.9   -1.9      1.6
  SINCE JUL 1      9.0                      18.0   -9.0     12.0
  SNOW DEPTH       0

DEGREE DAYS
 HEATING
  YESTERDAY        9                         5      4        0
  MONTH TO DATE   45                        28     17        9
  SINCE MAR 1    692                       985   -293      813
  SINCE JUL 1   3869                      4931  -1062     4868

 COOLING
  YESTERDAY        0                         1     -1        7
  MONTH TO DATE    0                         5     -5       19
  SINCE MAR 1     32                        30      2       34
  SINCE JAN 1     32                        30      2       34
..................................................................


WIND (MPH)
  HIGHEST WIND SPEED    18   HIGHEST WIND DIRECTION     N (360)
  HIGHEST GUST SPEED    25   HIGHEST GUST DIRECTION     N (360)
  AVERAGE WIND SPEED     8.0


SKY COVER
  AVERAGE SKY COVER 0.0


WEATHER CONDITIONS
 THE FOLLOWING WEATHER WAS RECORDED YESTERDAY.
  NO SIGNIFICANT WEATHER WAS OBSERVED.


RELATIVE HUMIDITY (PERCENT)
 HIGHEST    82
 LOWEST     28
 AVERAGE    55

..........................................................


THE COLUMBIA ASOS CLIMATE NORMALS FOR TODAY
                         NORMAL    RECORD    YEAR
 MAXIMUM TEMPERATURE (F)   72        90      1896
 MINIMUM TEMPERATURE (F)   51        32      1891


SUNRISE AND SUNSET
MAY  6 2016...........SUNRISE   605 AM CDT   SUNSET   807 PM CDT
MAY  7 2016...........SUNRISE   604 AM CDT   SUNSET   807 PM CDT


-  INDICATES NEGATIVE NUMBERS.
R  INDICATES RECORD WAS SET OR TIED.
MM INDICATES DATA IS MISSING.
T  INDICATES TRACE AMOUNT.




$$
