000
CDUS43 KLSX 290729
CLICOU


CLIMATE REPORT
NATIONAL WEATHER SERVICE ST LOUIS MO
228 AM CDT FRI MAY 29 2015


...................................

...THE COLUMBIA ASOS CLIMATE SUMMARY FOR MAY 28 2015...

CLIMATE NORMAL PERIOD 1981 TO 2010
CLIMATE RECORD PERIOD 1890 TO 2015


WEATHER ITEM   OBSERVED TIME   RECORD YEAR NORMAL DEPARTURE LAST
                VALUE   (LST)  VALUE       VALUE  FROM      YEAR
                                                  NORMAL
..................................................................
TEMPERATURE (F)
 YESTERDAY
  MAXIMUM         81   1136 AM  91    2012  78      3       83
                                      2006
                                      1926
  MINIMUM         62    507 AM  39    1992  57      5       62
                                      1891
  AVERAGE         72                        67      5       73

PRECIPITATION (IN)
  YESTERDAY        0.47          1.20 1892   0.15   0.32     0.10
  MONTH TO DATE    4.68                      4.51   0.17     3.04
  SINCE MAR 1      9.51                     11.91  -2.40    12.55
  SINCE JAN 1     11.86                     16.08  -4.22    14.81

SNOWFALL (IN)
  YESTERDAY        0.0           0.0  2014   0.0    0.0      0.0
  MONTH TO DATE    0.0                       0.0    0.0      0.0
  SINCE MAR 1      1.6                       1.9   -0.3      0.5
  SINCE JUL 1     12.0                      18.0   -6.0     17.8
  SNOW DEPTH       0

DEGREE DAYS
 HEATING
  YESTERDAY        0                         2     -2        0
  MONTH TO DATE   73                       105    -32      113
  SINCE MAR 1    877                      1062   -185     1143
  SINCE JUL 1   4932                      5008    -76     5572

 COOLING
  YESTERDAY        7                         4      3        8
  MONTH TO DATE   96                        65     31      117
  SINCE MAR 1    111                        90     21      128
  SINCE JAN 1    111                        90     21      128
..................................................................


WIND (MPH)
  HIGHEST WIND SPEED    31   HIGHEST WIND DIRECTION    SW (230)
  HIGHEST GUST SPEED    41   HIGHEST GUST DIRECTION    SW (240)
  AVERAGE WIND SPEED     7.2


SKY COVER
  AVERAGE SKY COVER 0.2


WEATHER CONDITIONS
 THE FOLLOWING WEATHER WAS RECORDED YESTERDAY.
  THUNDERSTORM
  HEAVY RAIN
  RAIN
  LIGHT RAIN
  FOG


RELATIVE HUMIDITY (PERCENT)
 HIGHEST    93
 LOWEST     68
 AVERAGE    81

..........................................................


THE COLUMBIA ASOS CLIMATE NORMALS FOR TODAY
                         NORMAL    RECORD    YEAR
 MAXIMUM TEMPERATURE (F)   78        94      1926
                                             1913
 MINIMUM TEMPERATURE (F)   57        39      1984
                                             1947


SUNRISE AND SUNSET
MAY 29 2015...........SUNRISE   547 AM CDT   SUNSET   826 PM CDT
MAY 30 2015...........SUNRISE   547 AM CDT   SUNSET   827 PM CDT


-  INDICATES NEGATIVE NUMBERS.
R  INDICATES RECORD WAS SET OR TIED.
MM INDICATES DATA IS MISSING.
T  INDICATES TRACE AMOUNT.




$$
