000
CDUS43 KLSX 232228
CLICOU


CLIMATE REPORT
NATIONAL WEATHER SERVICE ST LOUIS MO
527 PM CDT FRI JUN 23 2017


...................................

...THE COLUMBIA ASOS CLIMATE SUMMARY FOR JUNE 23 2017...
VALID TODAY AS OF 0500 PM LOCAL TIME.

CLIMATE NORMAL PERIOD 1981 TO 2010
CLIMATE RECORD PERIOD 1890 TO 2017


WEATHER ITEM   OBSERVED TIME   RECORD YEAR NORMAL DEPARTURE LAST
                VALUE   (LST)  VALUE       VALUE  FROM      YEAR
                                                  NORMAL
..................................................................
TEMPERATURE (F)
 TODAY
  MAXIMUM         83    346 PM 100    1988  85     -2       93
                                      1901
  MINIMUM         69    602 AM  51    1903  65      4       71
  AVERAGE         76                        75      1       82

PRECIPITATION (IN)
  TODAY            0.01          2.97 1940   0.15  -0.14     0.00
  MONTH TO DATE    2.84                      3.45  -0.61     0.73
  SINCE JUN 1      2.84                      3.45  -0.61     0.73
  SINCE JAN 1     22.74                     20.00   2.74    10.86

SNOWFALL (IN)
  TODAY            0.0           0.0  2015   0.0    0.0      0.0
  MONTH TO DATE    0.0                       0.0    0.0      0.0
  SINCE JUN 1      0.0                       0.0    0.0      0.0
  SINCE JUL 1      1.6                      18.0  -16.4      9.0
  SNOW DEPTH       0

DEGREE DAYS
 HEATING
  TODAY            0                         0      0        0
  MONTH TO DATE    0                         9     -9        0
  SINCE JUN 1      0                         9     -9        0
  SINCE JUL 1   3816                      5021  -1205     3952

 COOLING
  TODAY           11                        10      1       17
  MONTH TO DATE  241                       171     70      298
  SINCE JUN 1    241                       171     70      298
  SINCE JAN 1    375                       274    101      422
..................................................................


WIND (MPH)
  HIGHEST WIND SPEED    29   HIGHEST WIND DIRECTION    NE (30)
  HIGHEST GUST SPEED    36   HIGHEST GUST DIRECTION     N (20)
  AVERAGE WIND SPEED    11.4


SKY COVER
  AVERAGE SKY COVER 0.2



RELATIVE HUMIDITY (PERCENT)
 HIGHEST   100          1200 AM
 LOWEST     39           100 PM
 AVERAGE    70

..........................................................


THE COLUMBIA ASOS CLIMATE NORMALS FOR TOMORROW
                         NORMAL    RECORD    YEAR
 MAXIMUM TEMPERATURE (F)   85       103      1988
 MINIMUM TEMPERATURE (F)   65        50      1974
                                             1936


SUNRISE AND SUNSET
JUNE 23 2017..........SUNRISE   545 AM CDT   SUNSET   838 PM CDT
JUNE 24 2017..........SUNRISE   545 AM CDT   SUNSET   838 PM CDT


-  INDICATES NEGATIVE NUMBERS.
R  INDICATES RECORD WAS SET OR TIED.
MM INDICATES DATA IS MISSING.
T  INDICATES TRACE AMOUNT.




$$
