000
CDUS43 KLSX 262231
CLICOU


CLIMATE REPORT
NATIONAL WEATHER SERVICE ST LOUIS MO
429 PM CST SUN FEB 26 2017


...................................

...THE COLUMBIA ASOS CLIMATE SUMMARY FOR FEBRUARY 26 2017...
VALID TODAY AS OF 0400 PM LOCAL TIME.

CLIMATE NORMAL PERIOD 1981 TO 2010
CLIMATE RECORD PERIOD 1890 TO 2017


WEATHER ITEM   OBSERVED TIME   RECORD YEAR NORMAL DEPARTURE LAST
                VALUE   (LST)  VALUE       VALUE  FROM      YEAR
                                                  NORMAL
..................................................................
TEMPERATURE (F)
 TODAY
  MAXIMUM         48    327 PM  77    1996  48      0       46
  MINIMUM         25    334 AM  -1    1934  28     -3       31
  AVERAGE         37                        38     -1       39

PRECIPITATION (IN)
  TODAY            0.00          1.42 1998   0.08  -0.08     0.00
  MONTH TO DATE    0.06                      2.07  -2.01     0.75
  SINCE DEC 1      2.08                      6.43  -4.35     8.69
  SINCE JAN 1      1.07                      3.99  -2.92     1.65

SNOWFALL (IN)
  TODAY            0.0           9.5  2013   0.2   -0.2      0.0
  MONTH TO DATE    T                         4.5   -4.5      2.1
  SINCE DEC 1      1.6                      15.0  -13.4      9.0
  SINCE JUL 1      1.6                      15.9  -14.3      9.0
  SNOW DEPTH       0

DEGREE DAYS
 HEATING
  TODAY           28                        27      1       26
  MONTH TO DATE  518                       804   -286      710
  SINCE DEC 1   2442                      2908   -466     2439
  SINCE JUL 1   3025                      3893   -868     3135

 COOLING
  TODAY            0                         0      0        0
  MONTH TO DATE    3                         0      3        0
  SINCE DEC 1      3                         0      3        0
  SINCE JAN 1      3                         0      3        0
..................................................................


WIND (MPH)
  HIGHEST WIND SPEED    20   HIGHEST WIND DIRECTION     S (190)
  HIGHEST GUST SPEED    24   HIGHEST GUST DIRECTION     S (190)
  AVERAGE WIND SPEED    10.5


SKY COVER
  AVERAGE SKY COVER 0.4



RELATIVE HUMIDITY (PERCENT)
 HIGHEST    63           400 AM
 LOWEST     34           200 PM
 AVERAGE    49

..........................................................


THE COLUMBIA ASOS CLIMATE NORMALS FOR TOMORROW
                         NORMAL    RECORD    YEAR
 MAXIMUM TEMPERATURE (F)   48        75      1976
 MINIMUM TEMPERATURE (F)   29       -14      1934


SUNRISE AND SUNSET
FEBRUARY 26 2017......SUNRISE   645 AM CST   SUNSET   559 PM CST
FEBRUARY 27 2017......SUNRISE   644 AM CST   SUNSET   600 PM CST


-  INDICATES NEGATIVE NUMBERS.
R  INDICATES RECORD WAS SET OR TIED.
MM INDICATES DATA IS MISSING.
T  INDICATES TRACE AMOUNT.




$$
