000
CDUS43 KLSX 282226
CLICOU


CLIMATE REPORT
NATIONAL WEATHER SERVICE ST LOUIS MO
526 PM CDT THU JUL 28 2016


...................................

...THE COLUMBIA ASOS CLIMATE SUMMARY FOR JULY 28 2016...
VALID TODAY AS OF 0500 PM LOCAL TIME.

CLIMATE NORMAL PERIOD 1981 TO 2010
CLIMATE RECORD PERIOD 1890 TO 2016


WEATHER ITEM   OBSERVED TIME   RECORD YEAR NORMAL DEPARTURE LAST
                VALUE   (LST)  VALUE       VALUE  FROM      YEAR
                                                  NORMAL
..................................................................
TEMPERATURE (F)
 TODAY
  MAXIMUM         89    345 PM 108    1930  88      1       93
  MINIMUM         73    549 AM  52    2013  67      6       73
  AVERAGE         81                        77      4       83

PRECIPITATION (IN)
  TODAY            0.00          1.52 2008   0.12  -0.12     0.00
  MONTH TO DATE   10.13                      3.99   6.14     8.40
  SINCE JUN 1     11.59                      8.46   3.13    15.96
  SINCE JAN 1     21.72                     25.01  -3.29    28.82

SNOWFALL (IN)
  TODAY            0.0           0.0  2015   0.0    0.0      0.0
  MONTH TO DATE    0.0                       0.0    0.0      0.0
  SINCE JUN 1      0.0                       0.0    0.0      0.0
  SINCE JUL 1      0.0                       0.0    0.0      0.0
  SNOW DEPTH       0

DEGREE DAYS
 HEATING
  TODAY            0                         0      0        0
  MONTH TO DATE    0                         0      0        1
  SINCE JUN 1      0                        11    -11        8
  SINCE JUL 1      0                         0      0        1

 COOLING
  TODAY           16                        12      4       18
  MONTH TO DATE  393                       342     51      360
  SINCE JUN 1    787                       590    197      671
  SINCE JAN 1    911                       693    218      790
..................................................................


WIND (MPH)
  HIGHEST WIND SPEED    10   HIGHEST WIND DIRECTION     N (350)
  HIGHEST GUST SPEED    13   HIGHEST GUST DIRECTION     N (350)
  AVERAGE WIND SPEED     5.4


SKY COVER
  AVERAGE SKY COVER 0.3



RELATIVE HUMIDITY (PERCENT)
 HIGHEST   100           200 AM
 LOWEST     55           400 PM
 AVERAGE    78

..........................................................


THE COLUMBIA ASOS CLIMATE NORMALS FOR TOMORROW
                         NORMAL    RECORD    YEAR
 MAXIMUM TEMPERATURE (F)   88       104      1999
 MINIMUM TEMPERATURE (F)   67        53      1925


SUNRISE AND SUNSET
JULY 28 2016..........SUNRISE   607 AM CDT   SUNSET   823 PM CDT
JULY 29 2016..........SUNRISE   608 AM CDT   SUNSET   822 PM CDT


-  INDICATES NEGATIVE NUMBERS.
R  INDICATES RECORD WAS SET OR TIED.
MM INDICATES DATA IS MISSING.
T  INDICATES TRACE AMOUNT.




$$
