000
CDUS45 KRIW 250741
CLICPR


CLIMATE REPORT
NATIONAL WEATHER SERVICE RIVERTON WY
1240 AM MST THU DEC 25 2014


...................................

...THE CASPER WY CLIMATE SUMMARY FOR DECEMBER 24 2014...

CLIMATE NORMAL PERIOD 1981 TO 2010
CLIMATE RECORD PERIOD 1939 TO 2014


WEATHER ITEM   OBSERVED TIME   RECORD YEAR NORMAL DEPARTURE LAST
                VALUE   (LST)  VALUE       VALUE  FROM      YEAR
                                                  NORMAL
..................................................................
TEMPERATURE (F)
 YESTERDAY
  MAXIMUM         36   1147 PM  52    1955  34      2       38
  MINIMUM         21    206 AM -33    1983  13      8       15
  AVERAGE         29                        23      6       27

PRECIPITATION (IN)
  YESTERDAY        0.00          1.26 1982   0.01  -0.01     0.06
  MONTH TO DATE    0.83                      0.38   0.45     0.98
  SINCE DEC 1      0.83                      0.38   0.45     0.98
  SINCE JAN 1     11.71                     12.41  -0.70    14.92

SNOWFALL (IN)
  YESTERDAY        0.0                       0.4   -0.4      1.3
  MONTH TO DATE   10.3                       8.6    1.7     13.0
  SINCE DEC 1     10.3                       8.6    1.7     13.0
  SINCE JUL 1     25.1                      28.1   -3.0     37.8
  SNOW DEPTH       1

DEGREE DAYS
 HEATING
  YESTERDAY       36                        42     -6       38
  MONTH TO DATE  739                       989   -250     1095
  SINCE DEC 1    739                       989   -250     1095
  SINCE JUL 1   2514                      2843   -329     2939

 COOLING
  YESTERDAY        0                         0      0        0
  MONTH TO DATE    0                         0      0        0
  SINCE DEC 1      0                         0      0        0
  SINCE JAN 1    357                       422    -65      618
..................................................................


WIND (MPH)
  HIGHEST WIND SPEED    38   HIGHEST WIND DIRECTION    SW (220)
  HIGHEST GUST SPEED    48   HIGHEST GUST DIRECTION    SW (210)
  AVERAGE WIND SPEED    25.7


SKY COVER
  POSSIBLE SUNSHINE  MM
  AVERAGE SKY COVER 0.2


WEATHER CONDITIONS
 THE FOLLOWING WEATHER WAS RECORDED YESTERDAY.
  NO SIGNIFICANT WEATHER WAS OBSERVED.


RELATIVE HUMIDITY (PERCENT)
 HIGHEST    68           600 AM
 LOWEST     52           700 PM
 AVERAGE    60

..........................................................


THE CASPER WY CLIMATE NORMALS FOR TODAY
                         NORMAL    RECORD    YEAR
 MAXIMUM TEMPERATURE (F)   34        56      1980
 MINIMUM TEMPERATURE (F)   13       -15      2009


SUNRISE AND SUNSET
DECEMBER 25 2014......SUNRISE   735 AM MST   SUNSET   437 PM MST
DECEMBER 26 2014......SUNRISE   736 AM MST   SUNSET   437 PM MST


-  INDICATES NEGATIVE NUMBERS.
R  INDICATES RECORD WAS SET OR TIED.
MM INDICATES DATA IS MISSING.
T  INDICATES TRACE AMOUNT.




$$
