000
CDUS45 KRIW 110732
CLICPR


CLIMATE REPORT
NATIONAL WEATHER SERVICE RIVERTON WY
132 AM MDT FRI JUL 11 2014


...................................

...THE CASPER WY CLIMATE SUMMARY FOR JULY 10 2014...

CLIMATE NORMAL PERIOD 1981 TO 2010
CLIMATE RECORD PERIOD 1939 TO 2014


WEATHER ITEM   OBSERVED TIME   RECORD YEAR NORMAL DEPARTURE LAST
                VALUE   (LST)  VALUE       VALUE  FROM      YEAR
                                                  NORMAL
..................................................................
TEMPERATURE (F)
 YESTERDAY
  MAXIMUM         89   1223 PM 101    1994  88      1       94
                                      1954
  MINIMUM         58    454 AM  44    1999  53      5       54
                                      1992
                                      1971
  AVERAGE         74                        70      4       74

PRECIPITATION (IN)
  YESTERDAY        0.01          0.37 2001   0.04  -0.03      T
  MONTH TO DATE    0.01                      0.41  -0.40     1.26
  SINCE JUN 1      1.36                      2.02  -0.66     2.13
  SINCE JAN 1      6.12                      7.23  -1.11     8.10

SNOWFALL (IN)
  YESTERDAY        0.0                       0.0    0.0      0.0
  MONTH TO DATE    0.0                       0.0    0.0      0.0
  SINCE JUN 1      0.0                       0.1   -0.1      0.0
  SINCE JUL 1      0.0                       0.0    0.0      0.0
  SNOW DEPTH       0

DEGREE DAYS
 HEATING
  YESTERDAY        0                         1     -1        0
  MONTH TO DATE   11                        10      1        0
  SINCE JUN 1    169                       146     23       72
  SINCE JUL 1     11                        10      1        0

 COOLING
  YESTERDAY        9                         6      3        9
  MONTH TO DATE   64                        49     15       73
  SINCE JUN 1     81                       102    -21      156
  SINCE JAN 1     87                       106    -19      166
..................................................................


WIND (MPH)
  HIGHEST WIND SPEED    21   HIGHEST WIND DIRECTION     S (200)
  HIGHEST GUST SPEED    27   HIGHEST GUST DIRECTION     W (290)
  AVERAGE WIND SPEED     8.3


SKY COVER
  POSSIBLE SUNSHINE  MM
  AVERAGE SKY COVER 0.2


WEATHER CONDITIONS
 THE FOLLOWING WEATHER WAS RECORDED YESTERDAY.
  THUNDERSTORM
  LIGHT RAIN


RELATIVE HUMIDITY (PERCENT)
 HIGHEST    86           500 AM
 LOWEST     28           100 PM
 AVERAGE    57

..........................................................


THE CASPER WY CLIMATE NORMALS FOR TODAY
                         NORMAL    RECORD    YEAR
 MAXIMUM TEMPERATURE (F)   88       103      1954
 MINIMUM TEMPERATURE (F)   53        39      1983


SUNRISE AND SUNSET
JULY 11 2014..........SUNRISE   537 AM MDT   SUNSET   845 PM MDT
JULY 12 2014..........SUNRISE   538 AM MDT   SUNSET   844 PM MDT


-  INDICATES NEGATIVE NUMBERS.
R  INDICATES RECORD WAS SET OR TIED.
MM INDICATES DATA IS MISSING.
T  INDICATES TRACE AMOUNT.




$$
