000
CDUS45 KRIW 050738
CLICPR


CLIMATE REPORT
NATIONAL WEATHER SERVICE RIVERTON WY
129 AM MDT THU MAY 5 2016


...................................

...THE CASPER WY CLIMATE SUMMARY FOR MAY 4 2016...

CLIMATE NORMAL PERIOD 1981 TO 2010
CLIMATE RECORD PERIOD 1939 TO 2016


WEATHER ITEM   OBSERVED TIME   RECORD YEAR NORMAL DEPARTURE LAST
                VALUE   (LST)  VALUE       VALUE  FROM      YEAR
                                                  NORMAL
..................................................................
TEMPERATURE (F)
 YESTERDAY
  MAXIMUM         76    522 PM  85    2000  63     13       68
  MINIMUM         35    506 AM  24    1950  34      1       37
  AVERAGE         56                        48      8       53

PRECIPITATION (IN)
  YESTERDAY        0.00          1.39 1971   0.06  -0.06     0.04
  MONTH TO DATE    0.00                      0.24  -0.24     0.07
  SINCE MAR 1      4.99                      2.35   2.64     2.37
  SINCE JAN 1      6.45                      3.43   3.02     3.68

SNOWFALL (IN)
  YESTERDAY        0.0                       0.2   -0.2      0.0
  MONTH TO DATE    0.0                       0.8   -0.8      0.0
  SINCE MAR 1     27.9                      23.3    4.6     14.0
  SINCE JUL 1     86.6                      72.7   13.9     65.4
  SNOW DEPTH       0

DEGREE DAYS
 HEATING
  YESTERDAY        9                        17     -8       12
  MONTH TO DATE   68                        69     -1       49
  SINCE MAR 1   1574                      1663    -89     1450
  SINCE JUL 1   6509                      7111   -602     6501

 COOLING
  YESTERDAY        0                         0      0        0
  MONTH TO DATE    0                         0      0        0
  SINCE MAR 1      0                         0      0        0
  SINCE JAN 1      0                         0      0        0
..................................................................


WIND (MPH)
  HIGHEST WIND SPEED    22   HIGHEST WIND DIRECTION    SW (230)
  HIGHEST GUST SPEED    27   HIGHEST GUST DIRECTION    SW (220)
  AVERAGE WIND SPEED     6.6


SKY COVER
  POSSIBLE SUNSHINE  MM
  AVERAGE SKY COVER 0.0


WEATHER CONDITIONS
 THE FOLLOWING WEATHER WAS RECORDED YESTERDAY.
  NO SIGNIFICANT WEATHER WAS OBSERVED.


RELATIVE HUMIDITY (PERCENT)
 HIGHEST    82           400 AM
 LOWEST     16           600 PM
 AVERAGE    49

..........................................................


THE CASPER WY CLIMATE NORMALS FOR TODAY
                         NORMAL    RECORD    YEAR
 MAXIMUM TEMPERATURE (F)   63        88      2000
 MINIMUM TEMPERATURE (F)   34        20      2010
                                             1950


SUNRISE AND SUNSET
MAY  5 2016...........SUNRISE   554 AM MDT   SUNSET   812 PM MDT
MAY  6 2016...........SUNRISE   553 AM MDT   SUNSET   813 PM MDT


-  INDICATES NEGATIVE NUMBERS.
R  INDICATES RECORD WAS SET OR TIED.
MM INDICATES DATA IS MISSING.
T  INDICATES TRACE AMOUNT.




$$
