000
CDUS45 KRIW 230735
CLICPR


CLIMATE REPORT
NATIONAL WEATHER SERVICE RIVERTON WY
1235 AM MST TUE JAN 23 2018


...................................

...THE CASPER WY CLIMATE SUMMARY FOR JANUARY 22 2018...

CLIMATE NORMAL PERIOD 1981 TO 2010
CLIMATE RECORD PERIOD 1939 TO 2018


WEATHER ITEM   OBSERVED TIME   RECORD YEAR NORMAL DEPARTURE LAST
                VALUE   (LST)  VALUE       VALUE  FROM      YEAR
                                                  NORMAL
..................................................................
TEMPERATURE (F)
 YESTERDAY
  MAXIMUM         25   1040 PM  56    1981  35    -10       36
  MINIMUM          7   1207 AM -19    1963  15     -8       23
  AVERAGE         16                        25     -9       30

PRECIPITATION (IN)
  YESTERDAY        0.00          0.28 2012   0.02  -0.02     0.01
  MONTH TO DATE    0.68                      0.36   0.32     0.25
  SINCE DEC 1      2.05                      0.85   1.20     1.56
  SINCE JAN 1      0.68                      0.36   0.32     0.25

SNOWFALL (IN)
  YESTERDAY        0.0                       0.3   -0.3       T
  MONTH TO DATE   12.3                       6.5    5.8      5.4
  SINCE DEC 1     31.7                      17.5   14.2     27.6
  SINCE JUL 1     40.9                      37.0    3.9     30.8
  SNOW DEPTH       8

DEGREE DAYS
 HEATING
  YESTERDAY       49                        40      9       35
  MONTH TO DATE  836                       885    -49      980
  SINCE DEC 1   2146                      2160    -14     2437
  SINCE JUL 1   3890                      4014   -124     3863

 COOLING
  YESTERDAY        0                         0      0        0
  MONTH TO DATE    0                         0      0        0
  SINCE DEC 1      0                         0      0        0
  SINCE JAN 1      0                         0      0        0
..................................................................


WIND (MPH)
  HIGHEST WIND SPEED    32   HIGHEST WIND DIRECTION    SW (210)
  HIGHEST GUST SPEED    38   HIGHEST GUST DIRECTION    SW (210)
  AVERAGE WIND SPEED    20.1


SKY COVER
  POSSIBLE SUNSHINE  MM
  AVERAGE SKY COVER 0.2


WEATHER CONDITIONS
 THE FOLLOWING WEATHER WAS RECORDED YESTERDAY.
  HAZE


RELATIVE HUMIDITY (PERCENT)
 HIGHEST    83          1200 AM
 LOWEST     68           200 PM
 AVERAGE    76

..........................................................


THE CASPER WY CLIMATE NORMALS FOR TODAY
                         NORMAL    RECORD    YEAR
 MAXIMUM TEMPERATURE (F)   35        59      1981
 MINIMUM TEMPERATURE (F)   15       -39      1949


SUNRISE AND SUNSET
JANUARY 23 2018.......SUNRISE   729 AM MST   SUNSET   507 PM MST
JANUARY 24 2018.......SUNRISE   728 AM MST   SUNSET   508 PM MST


-  INDICATES NEGATIVE NUMBERS.
R  INDICATES RECORD WAS SET OR TIED.
MM INDICATES DATA IS MISSING.
T  INDICATES TRACE AMOUNT.




$$
