000
CDUS46 KLOX 212212
CLICQT


CLIMATE REPORT
NATIONAL WEATHER SERVICE LOS ANGELES/OXNARD CA
312 PM PDT SUN SEP 21 2014


...................................

...THE DOWNTOWN LOS ANGELES (USC) CA CLIMATE SUMMARY FOR SEPTEMBER 21 2014...
VALID AS OF 0300 PM LOCAL TIME.

CLIMATE NORMAL PERIOD 1981 TO 2010
CLIMATE RECORD PERIOD 1877 TO 2014


WEATHER ITEM   OBSERVED TIME   RECORD YEAR NORMAL DEPARTURE LAST
                VALUE   (LST)  VALUE       VALUE  FROM      YEAR
                                                  NORMAL
..................................................................
TEMPERATURE (F)
 TODAY
  MAXIMUM         79    141 PM 108    1885  82     -3       76
  MINIMUM         65    334 AM  47    1880  63      2       63
  AVERAGE         72                        72      0       70

PRECIPITATION (IN)
  TODAY            0.00          0.15 1887   0.01  -0.01     0.00
  MONTH TO DATE    0.01                      0.12  -0.11     0.00
  SINCE JUL 1      0.05                      0.17  -0.12     0.09
  SINCE JAN 1      5.16                     10.78  -5.62     2.72

SNOWFALL (IN)
  TODAY            0.0
  MONTH TO DATE    0.0
  SINCE SEP 1      0.0
  SINCE JUL 1      0.0

DEGREE DAYS
 HEATING
  TODAY            0                         0      0        0
  MONTH TO DATE    0                         0      0        0
  SINCE SEP 1      0                         0      0        0
  SINCE JUL 1      0                         0      0        0

 COOLING
  TODAY            7                         8     -1        5
  MONTH TO DATE  280                       181     99      201
  SINCE SEP 1    280                       181     99      201
  SINCE JAN 1   1357                      1015    342     1006
..................................................................


WIND (MPH)
  HIGHEST WIND SPEED     7   HIGHEST WIND DIRECTION     W (290)
  HIGHEST GUST SPEED    12   HIGHEST GUST DIRECTION     W (270)
  AVERAGE WIND SPEED     0.5


SKY COVER
  POSSIBLE SUNSHINE  MM
  AVERAGE SKY COVER 0.5


WEATHER CONDITIONS
 THE FOLLOWING WEATHER WAS RECORDED TODAY.
  NO SIGNIFICANT WEATHER WAS OBSERVED.


RELATIVE HUMIDITY (PERCENT)
 HIGHEST    93           300 AM
 LOWEST     52           100 PM
 AVERAGE    73

..........................................................


THE DOWNTOWN LOS ANGELES (USC) CA CLIMATE NORMALS FOR TOMORROW
                         NORMAL    RECORD    YEAR
 MAXIMUM TEMPERATURE (F)   82       104      1883
 MINIMUM TEMPERATURE (F)   63        48      1895


SUNRISE AND SUNSET
SEPTEMBER 21 2014.....SUNRISE   641 AM PDT   SUNSET   651 PM PDT
SEPTEMBER 22 2014.....SUNRISE   641 AM PDT   SUNSET   650 PM PDT


-  INDICATES NEGATIVE NUMBERS.
R  INDICATES RECORD WAS SET OR TIED.
MM INDICATES DATA IS MISSING.
T  INDICATES TRACE AMOUNT.




$$
