000
CDUS46 KLOX 010913
CLICQT


CLIMATE REPORT
NATIONAL WEATHER SERVICE LOS ANGELES/OXNARD CA
212 AM PDT SUN MAY 1 2016


...................................

...THE DOWNTOWN LOS ANGELES (USC) CA CLIMATE SUMMARY FOR APRIL 30 2016...

CLIMATE NORMAL PERIOD 1981 TO 2010
CLIMATE RECORD PERIOD 1877 TO 2016


WEATHER ITEM   OBSERVED TIME   RECORD YEAR NORMAL DEPARTURE LAST
                VALUE   (LST)  VALUE       VALUE  FROM      YEAR
                                                  NORMAL
..................................................................
TEMPERATURE (F)
 YESTERDAY
  MAXIMUM         69   1155 AM  96    1996  74     -5       86
  MINIMUM         56    143 AM  44    1915  56      0       60
  AVERAGE         63                        65     -2       73

PRECIPITATION (IN)
  YESTERDAY        0.00          0.96 1955   0.02  -0.02     0.00
  MONTH TO DATE    0.24                      0.91  -0.67     0.13
  SINCE OCT 1      6.83                     14.29  -7.46     7.53
  SINCE JAN 1      5.80                     10.26  -4.46     2.92

SNOWFALL (IN)
  YESTERDAY        0.0
  MONTH TO DATE    0.0
  SINCE MAR 1      0.0
  SINCE JUL 1      0.0

DEGREE DAYS
 HEATING
  YESTERDAY        2                         2      0        0
  MONTH TO DATE   26                        99    -73       37
  SINCE MAR 1     98                       258   -160       66
  SINCE JUL 1    738                      1033   -295      429

 COOLING
  YESTERDAY        0                         2     -2        8
  MONTH TO DATE   81                        44     37       71
  SINCE MAR 1    104                        64     40      208
  SINCE JAN 1    179                        87     92      265
..................................................................


WIND (MPH)
  HIGHEST WIND SPEED    12   HIGHEST WIND DIRECTION     W (270)
  HIGHEST GUST SPEED    17   HIGHEST GUST DIRECTION     W (280)
  AVERAGE WIND SPEED     1.7


SKY COVER
  POSSIBLE SUNSHINE  MM
  AVERAGE SKY COVER 0.4


WEATHER CONDITIONS
 THE FOLLOWING WEATHER WAS RECORDED YESTERDAY.
  NO SIGNIFICANT WEATHER WAS OBSERVED.


RELATIVE HUMIDITY (PERCENT)
 HIGHEST    83          1200 AM
 LOWEST     52          1000 AM
 AVERAGE    68

..........................................................


THE DOWNTOWN LOS ANGELES (USC) CA CLIMATE NORMALS FOR TODAY
                         NORMAL    RECORD    YEAR
 MAXIMUM TEMPERATURE (F)   74        92      2014
 MINIMUM TEMPERATURE (F)   56        41      1915


SUNRISE AND SUNSET
MAY  1 2016...........SUNRISE   603 AM PDT   SUNSET   737 PM PDT
MAY  2 2016...........SUNRISE   602 AM PDT   SUNSET   738 PM PDT


-  INDICATES NEGATIVE NUMBERS.
R  INDICATES RECORD WAS SET OR TIED.
MM INDICATES DATA IS MISSING.
T  INDICATES TRACE AMOUNT.




$$
