000
CDUS46 KLOX 170856
CLICQT


CLIMATE REPORT
NATIONAL WEATHER SERVICE LOS ANGELES/OXNARD CA
1256 AM PST SAT FEB 17 2018


...................................

...THE DOWNTOWN LOS ANGELES (USC) CA CLIMATE SUMMARY FOR FEBRUARY 16 2018...

CLIMATE NORMAL PERIOD 1981 TO 2010
CLIMATE RECORD PERIOD 1877 TO 2018


WEATHER ITEM   OBSERVED TIME   RECORD YEAR NORMAL DEPARTURE LAST
                VALUE   (LST)  VALUE       VALUE  FROM      YEAR
                                                  NORMAL
..................................................................
TEMPERATURE (F)
 YESTERDAY
  MAXIMUM         74    143 PM  90    2016  69      5       68
  MINIMUM         49    538 AM  35    1903  49      0       51
  AVERAGE         62                        59      3       60

PRECIPITATION (IN)
  YESTERDAY        0.00          3.03 1980   0.15  -0.15     0.00
  MONTH TO DATE    0.01                      2.10  -2.09     1.92
  SINCE OCT 1      1.90                      9.25  -7.35    16.25
  SINCE JAN 1      1.78                      5.22  -3.44    10.30

SNOWFALL (IN)
  YESTERDAY        0.0
  MONTH TO DATE    0.0
  SINCE DEC 1      0.0
  SINCE JUL 1      0.0

DEGREE DAYS
 HEATING
  YESTERDAY        3                         7     -4        5
  MONTH TO DATE   34                       112    -78       52
  SINCE DEC 1    265                       572   -307      489
  SINCE JUL 1    283                       703   -420      560

 COOLING
  YESTERDAY        0                         1     -1        0
  MONTH TO DATE   13                         3     10        5
  SINCE DEC 1     48                        16     32       14
  SINCE JAN 1     36                        12     24        8
..................................................................


WIND (MPH)
  HIGHEST WIND SPEED    10   HIGHEST WIND DIRECTION     W (270)
  HIGHEST GUST SPEED    17   HIGHEST GUST DIRECTION     W (270)
  AVERAGE WIND SPEED     0.7


SKY COVER
  POSSIBLE SUNSHINE  MM
  AVERAGE SKY COVER 0.0


WEATHER CONDITIONS
 THE FOLLOWING WEATHER WAS RECORDED YESTERDAY.
  NO SIGNIFICANT WEATHER WAS OBSERVED.


RELATIVE HUMIDITY (PERCENT)
 HIGHEST    72          1200 AM
 LOWEST     13          1200 PM
 AVERAGE    43

..........................................................


THE DOWNTOWN LOS ANGELES (USC) CA CLIMATE NORMALS FOR TODAY
                         NORMAL    RECORD    YEAR
 MAXIMUM TEMPERATURE (F)   69        89      2007
                                             1930
 MINIMUM TEMPERATURE (F)   50        33      1889
                                             1883


SUNRISE AND SUNSET
FEBRUARY 17 2018......SUNRISE   636 AM PST   SUNSET   539 PM PST
FEBRUARY 18 2018......SUNRISE   635 AM PST   SUNSET   540 PM PST


-  INDICATES NEGATIVE NUMBERS.
R  INDICATES RECORD WAS SET OR TIED.
MM INDICATES DATA IS MISSING.
T  INDICATES TRACE AMOUNT.




$$
