000
CDUS46 KLOX 300111
CLICQT


CLIMATE REPORT
NATIONAL WEATHER SERVICE LOS ANGELES/OXNARD CA
611 PM PDT WED MAR 29 2017


...................................

...THE DOWNTOWN LOS ANGELES (USC) CA CLIMATE SUMMARY FOR MARCH 29 2017...
VALID TODAY AS OF 0600 PM LOCAL TIME.

CLIMATE NORMAL PERIOD 1981 TO 2010
CLIMATE RECORD PERIOD 1877 TO 2017


WEATHER ITEM   OBSERVED TIME   RECORD YEAR NORMAL DEPARTURE LAST
                VALUE   (LST)  VALUE       VALUE  FROM      YEAR
                                                  NORMAL
..................................................................
TEMPERATURE (F)
 TODAY
  MAXIMUM         83   1158 AM  99    1879  71     12       64
  MINIMUM         56    615 AM  41    1901  52      4       48
                                      1880
  AVERAGE         70                        61      9       56

PRECIPITATION (IN)
  TODAY            0.00          1.04 1883   0.05  -0.05      T
  MONTH TO DATE    0.09                      2.33  -2.24     1.60
  SINCE OCT 1     18.59                     13.28   5.31     6.59
  SINCE JAN 1     12.64                      9.25   3.39     5.56

SNOWFALL (IN)
  TODAY            0.0
  MONTH TO DATE    0.0
  SINCE MAR 1      0.0
  SINCE JUL 1      0.0

DEGREE DAYS
 HEATING
  TODAY            0                         5     -5        9
  MONTH TO DATE   42                       149   -107       62
  SINCE MAR 1     42                       149   -107       62
  SINCE JUL 1    694                       924   -230      702

 COOLING
  TODAY            5                         1      4        0
  MONTH TO DATE   61                        26     35       23
  SINCE MAR 1     61                        26     35       23
  SINCE JAN 1     69                        49     20       98
..................................................................


WIND (MPH)
  HIGHEST WIND SPEED    12   HIGHEST WIND DIRECTION     W (280)
  HIGHEST GUST SPEED    17   HIGHEST GUST DIRECTION     W (270)
  AVERAGE WIND SPEED     1.2


SKY COVER
  POSSIBLE SUNSHINE  MM
  AVERAGE SKY COVER 0.0


WEATHER CONDITIONS
 THE FOLLOWING WEATHER WAS RECORDED TODAY.
  NO SIGNIFICANT WEATHER WAS OBSERVED.


RELATIVE HUMIDITY (PERCENT)
 HIGHEST    77           600 AM
 LOWEST     19           300 PM
 AVERAGE    48

..........................................................


THE DOWNTOWN LOS ANGELES (USC) CA CLIMATE NORMALS FOR TOMORROW
                         NORMAL    RECORD    YEAR
 MAXIMUM TEMPERATURE (F)   71        89      2003
                                             1934
 MINIMUM TEMPERATURE (F)   52        36      1892


SUNRISE AND SUNSET
MARCH 29 2017.........SUNRISE   644 AM PDT   SUNSET   712 PM PDT
MARCH 30 2017.........SUNRISE   643 AM PDT   SUNSET   713 PM PDT


-  INDICATES NEGATIVE NUMBERS.
R  INDICATES RECORD WAS SET OR TIED.
MM INDICATES DATA IS MISSING.
T  INDICATES TRACE AMOUNT.




$$
