000
CDUS42 KILM 292047
CLICRE


CLIMATE REPORT
NATIONAL WEATHER SERVICE WILMINGTON NC
446 PM EDT SAT AUG 29 2015


...................................

...THE NORTH MYRTLE BEACH SC CLIMATE SUMMARY FOR AUGUST 29 2015...
VALID TODAY AS OF 0400 PM LOCAL TIME.

CLIMATE NORMAL PERIOD 1981 TO 2010
CLIMATE RECORD PERIOD 1949 TO 2015


WEATHER ITEM   OBSERVED TIME   RECORD YEAR NORMAL DEPARTURE LAST
                VALUE   (LST)  VALUE       VALUE  FROM      YEAR
                                                  NORMAL
..................................................................
TEMPERATURE (F)
 TODAY
  MAXIMUM         86    207 PM  93    1951  86      0       87
  MINIMUM         67    648 AM  64    1953  71     -4       69
  AVERAGE         77                        78     -1       78

PRECIPITATION (IN)
  TODAY            0.00                      0.24  -0.24     0.00
  MONTH TO DATE    5.03                      6.92  -1.89     6.60
  SINCE JUN 1     11.94                     17.46  -5.52    15.67
  SINCE JAN 1     32.00                     34.86  -2.86    28.65

DEGREE DAYS
 HEATING
  TODAY            0                         0      0        0
  MONTH TO DATE    0                         0      0        0
  SINCE JUN 1      0                         0      0        0
  SINCE JUL 1      0                         0      0        0

 COOLING
  TODAY           12                        13     -1       13
  MONTH TO DATE  424                       406     18      407
  SINCE JUN 1   1424                      1239    185     1273
  SINCE JAN 1   1683                      1451    232     1555
..................................................................


WIND (MPH)
  HIGHEST WIND SPEED    14   HIGHEST WIND DIRECTION    NE (30)
  HIGHEST GUST SPEED    18   HIGHEST GUST DIRECTION    NE (30)
  AVERAGE WIND SPEED     6.7


SKY COVER
  POSSIBLE SUNSHINE  MM
  AVERAGE SKY COVER 0.1


WEATHER CONDITIONS
 THE FOLLOWING WEATHER WAS RECORDED TODAY.
  NO SIGNIFICANT WEATHER WAS OBSERVED.


RELATIVE HUMIDITY (PERCENT)
 HIGHEST    93           500 AM
 LOWEST     55           200 PM
 AVERAGE    74

..........................................................


THE NORTH MYRTLE BEACH SC CLIMATE NORMALS FOR TOMORROW
                         NORMAL    RECORD    YEAR
 MAXIMUM TEMPERATURE (F)   86        92      1951
 MINIMUM TEMPERATURE (F)   71        62      1953


SUNRISE AND SUNSET
AUGUST 29 2015........SUNRISE   646 AM EDT   SUNSET   745 PM EDT
AUGUST 30 2015........SUNRISE   647 AM EDT   SUNSET   743 PM EDT


-  INDICATES NEGATIVE NUMBERS.
R  INDICATES RECORD WAS SET OR TIED.
MM INDICATES DATA IS MISSING.
T  INDICATES TRACE AMOUNT.




$$
