000
CDUS42 KILM 180852
CLICRE


CLIMATE REPORT
NATIONAL WEATHER SERVICE WILMINGTON NC
451 AM EDT FRI APR 18 2014


...................................

...THE NORTH MYRTLE BEACH SC CLIMATE SUMMARY FOR APRIL 17 2014...

CLIMATE NORMAL PERIOD 1981 TO 2010
CLIMATE RECORD PERIOD 1949 TO 2014


WEATHER ITEM   OBSERVED TIME   RECORD YEAR NORMAL DEPARTURE LAST
                VALUE   (LST)  VALUE       VALUE  FROM      YEAR
                                                  NORMAL
..................................................................
TEMPERATURE (F)
 YESTERDAY
  MAXIMUM         68    152 PM  88    1995  72     -4       77
  MINIMUM         39    602 AM  32    1950  52    -13       55
  AVERAGE         54                        62     -8       66

PRECIPITATION (IN)
  YESTERDAY        0.00                      0.08  -0.08     0.00
  MONTH TO DATE    0.63                      1.75  -1.12     3.36
  SINCE MAR 1      5.37                      5.67  -0.30     6.54
  SINCE JAN 1      9.49                     12.78  -3.29    11.60

SNOWFALL (IN)
  YESTERDAY       MM
  MONTH TO DATE   MM
  SINCE MAR 1     MM
  SINCE JUL 1     MM
  SNOW DEPTH      MM

DEGREE DAYS
 HEATING
  YESTERDAY       11                         4      7        0
  MONTH TO DATE   68                       101    -33       80
  SINCE MAR 1    516                       439     77      565
  SINCE JUL 1   2540                      2383    157     2346

 COOLING
  YESTERDAY        0                         1     -1        1
  MONTH TO DATE   15                        13      2       16
  SINCE MAR 1     15                        16     -1       18
  SINCE JAN 1     15                        16     -1       20
..................................................................


WIND (MPH)
  HIGHEST WIND SPEED    17   HIGHEST WIND DIRECTION    NE (30)
  HIGHEST GUST SPEED    24   HIGHEST GUST DIRECTION    NE (40)
  AVERAGE WIND SPEED    10.4


SKY COVER
  POSSIBLE SUNSHINE  MM
  AVERAGE SKY COVER 0.0


WEATHER CONDITIONS
 THE FOLLOWING WEATHER WAS RECORDED YESTERDAY.
  NO SIGNIFICANT WEATHER WAS OBSERVED.


RELATIVE HUMIDITY (PERCENT)
 HIGHEST    77           800 PM
 LOWEST     44          1200 PM
 AVERAGE    61

..........................................................


THE NORTH MYRTLE BEACH SC CLIMATE NORMALS FOR TODAY
                         NORMAL    RECORD    YEAR
 MAXIMUM TEMPERATURE (F)   72        82      2002
 MINIMUM TEMPERATURE (F)   53        35      2001


SUNRISE AND SUNSET
APRIL 18 2014.........SUNRISE   641 AM EDT   SUNSET   748 PM EDT
APRIL 19 2014.........SUNRISE   639 AM EDT   SUNSET   749 PM EDT


-  INDICATES NEGATIVE NUMBERS.
R  INDICATES RECORD WAS SET OR TIED.
MM INDICATES DATA IS MISSING.
T  INDICATES TRACE AMOUNT.




$$
