000
CDUS42 KILM 010841
CLICRE


CLIMATE REPORT
NATIONAL WEATHER SERVICE WILMINGTON NC
441 AM EDT WED OCT 1 2014


...................................

...THE NORTH MYRTLE BEACH SC CLIMATE SUMMARY FOR SEPTEMBER 30 2014...

CLIMATE NORMAL PERIOD 1981 TO 2010
CLIMATE RECORD PERIOD 1949 TO 2014


WEATHER ITEM   OBSERVED TIME   RECORD YEAR NORMAL DEPARTURE LAST
                VALUE   (LST)  VALUE       VALUE  FROM      YEAR
                                                  NORMAL
..................................................................
TEMPERATURE (F)
 YESTERDAY
  MAXIMUM         83    332 PM  86    2011  80      3       78
                                      1997
  MINIMUM         63    644 AM  48    2003  62      1       56
                                      2001
  AVERAGE         73                        71      2       67

PRECIPITATION (IN)
  YESTERDAY        0.00                      0.18  -0.18     0.00
  MONTH TO DATE    4.57                      6.28  -1.71     1.36
  SINCE SEP 1      4.57                      6.28  -1.71     1.36
  SINCE JAN 1     33.22                     41.63  -8.41    42.12

DEGREE DAYS
 HEATING
  YESTERDAY        0                         1     -1        0
  MONTH TO DATE    1                         1      0        0
  SINCE SEP 1      1                         4     -3        0
  SINCE JUL 1      1                         4     -3        0

 COOLING
  YESTERDAY        8                         7      1        2
  MONTH TO DATE  321                       308     13      277
  SINCE SEP 1    321                       308     13      277
  SINCE JAN 1   1909                      1784    125     1728
..................................................................


WIND (MPH)
  HIGHEST WIND SPEED    14   HIGHEST WIND DIRECTION    NE (50)
  HIGHEST GUST SPEED    20   HIGHEST GUST DIRECTION    NE (60)
  AVERAGE WIND SPEED     5.3


SKY COVER
  POSSIBLE SUNSHINE  MM
  AVERAGE SKY COVER 0.4


WEATHER CONDITIONS
 THE FOLLOWING WEATHER WAS RECORDED YESTERDAY.
  FOG


RELATIVE HUMIDITY (PERCENT)
 HIGHEST    93           100 AM
 LOWEST     51           300 PM
 AVERAGE    72

..........................................................


THE NORTH MYRTLE BEACH SC CLIMATE NORMALS FOR TODAY
                         NORMAL    RECORD    YEAR
 MAXIMUM TEMPERATURE (F)   80        88      1998
 MINIMUM TEMPERATURE (F)   62        46      2001
                                             1993


SUNRISE AND SUNSET
OCTOBER  1 2014.......SUNRISE   709 AM EDT   SUNSET   659 PM EDT
OCTOBER  2 2014.......SUNRISE   710 AM EDT   SUNSET   658 PM EDT


-  INDICATES NEGATIVE NUMBERS.
R  INDICATES RECORD WAS SET OR TIED.
MM INDICATES DATA IS MISSING.
T  INDICATES TRACE AMOUNT.




$$
