000
CDUS42 KILM 232043
CLICRE


CLIMATE REPORT
NATIONAL WEATHER SERVICE WILMINGTON NC
443 PM EDT WED JUL 23 2014


...................................

...THE NORTH MYRTLE BEACH SC CLIMATE SUMMARY FOR JULY 23 2014...
VALID TODAY AS OF 0400 PM LOCAL TIME.

CLIMATE NORMAL PERIOD 1981 TO 2010
CLIMATE RECORD PERIOD 1949 TO 2014


WEATHER ITEM   OBSERVED TIME   RECORD YEAR NORMAL DEPARTURE LAST
                VALUE   (LST)  VALUE       VALUE  FROM      YEAR
                                                  NORMAL
..................................................................
TEMPERATURE (F)
 TODAY
  MAXIMUM         88   1116 AM  96    1952  88      0       89
  MINIMUM         73    524 AM  62    2007  73      0       75
  AVERAGE         81                        80      1       82

PRECIPITATION (IN)
  TODAY            T                         0.21  -0.21     0.00
  MONTH TO DATE    5.90                      4.41   1.49     5.49
  SINCE JUN 1      8.53                      9.05  -0.52    17.94
  SINCE JAN 1     21.51                     26.45  -4.94    35.38

DEGREE DAYS
 HEATING
  TODAY            0                         0      0        0
  MONTH TO DATE    0                         0      0        0
  SINCE JUN 1      0                         0      0        0
  SINCE JUL 1      0                         0      0        0

 COOLING
  TODAY           16                        15      1       17
  MONTH TO DATE  335                       357    -22      361
  SINCE JUN 1    740                       714     26      748
  SINCE JAN 1   1022                       926     96      928
..................................................................


WIND (MPH)
  HIGHEST WIND SPEED    15   HIGHEST WIND DIRECTION     S (180)
  HIGHEST GUST SPEED    17   HIGHEST GUST DIRECTION     S (190)
  AVERAGE WIND SPEED     3.8


SKY COVER
  POSSIBLE SUNSHINE  MM
  AVERAGE SKY COVER 0.3


WEATHER CONDITIONS
 THE FOLLOWING WEATHER WAS RECORDED TODAY.
  LIGHT RAIN


RELATIVE HUMIDITY (PERCENT)
 HIGHEST    94           300 AM
 LOWEST     65          1000 AM
 AVERAGE    80

..........................................................


THE NORTH MYRTLE BEACH SC CLIMATE NORMALS FOR TOMORROW
                         NORMAL    RECORD    YEAR
 MAXIMUM TEMPERATURE (F)   88        98      2012
 MINIMUM TEMPERATURE (F)   73        64      2007


SUNRISE AND SUNSET
JULY 23 2014..........SUNRISE   620 AM EDT   SUNSET   822 PM EDT
JULY 24 2014..........SUNRISE   621 AM EDT   SUNSET   821 PM EDT


-  INDICATES NEGATIVE NUMBERS.
R  INDICATES RECORD WAS SET OR TIED.
MM INDICATES DATA IS MISSING.
T  INDICATES TRACE AMOUNT.




$$
