000
CDUS44 KCRP 242321
CLICRP

CLIMATE REPORT
NATIONAL WEATHER SERVICE CORPUS CHRISTI TX
621 PM CDT SAT JUN 24 2017

...................................

...THE CORPUS CHRISTI CLIMATE SUMMARY FOR JUNE 24 2017...
VALID AS OF 621 PM LOCAL TIME.

CLIMATE NORMAL PERIOD 1981 TO 2010
CLIMATE RECORD PERIOD 1887 TO 2017


WEATHER ITEM   OBSERVED TIME   RECORD YEAR NORMAL DEPARTURE LAST
                VALUE   (LST)  VALUE       VALUE  FROM      YEAR
                                                  NORMAL
..................................................................
TEMPERATURE (F)
 TODAY
  MAXIMUM         95    123 PM  98    2012  92      3       93
                                      2009
                                      1990
  MINIMUM         76    239 PM  68    2005  75      1       76
  AVERAGE         86                        83      3       85

PRECIPITATION (IN)
  TODAY            T             4.72 1970   0.13  -0.13     0.00
  MONTH TO DATE    1.47                      2.65  -1.18     2.88
  SINCE JUN 1      1.47                      2.65  -1.18     2.88
  SINCE JAN 1     14.74                     12.92   1.82    21.10

SNOWFALL (IN)
  TODAY            0.0
  MONTH TO DATE    0.0
  SINCE JUN 1      0.0
  SINCE JUL 1      0.0
  SNOW DEPTH       0

DEGREE DAYS
 HEATING
  TODAY            0                         0      0        0
  MONTH TO DATE    0                         0      0        0
  SINCE JUN 1      0                         0      0        0
  SINCE JUL 1    368                       898   -530      640

 COOLING
  TODAY           21                        18      3       20
  MONTH TO DATE  454                       412     42      436
  SINCE JUN 1    454                       412     42      436
  SINCE JAN 1   1644                      1253    391     1472
..................................................................


WIND (MPH)
  HIGHEST WIND SPEED    25   HIGHEST WIND DIRECTION    NW (320)
  HIGHEST GUST SPEED    32   HIGHEST GUST DIRECTION    NW (320)


SKY COVER
  POSSIBLE SUNSHINE  MM
  AVERAGE SKY COVER 0.6


WEATHER CONDITIONS
 THE FOLLOWING WEATHER WAS RECORDED TODAY.
  THUNDERSTORM
  LIGHT RAIN
  FOG


RELATIVE HUMIDITY (PERCENT)
 HIGHEST    94           500 AM
 LOWEST     56          1200 PM
 AVERAGE    75

..........................................................


THE CORPUS CHRISTI CLIMATE NORMALS FOR TOMORROW
                         NORMAL    RECORD    YEAR
 MAXIMUM TEMPERATURE (F)   92       105      2012
 MINIMUM TEMPERATURE (F)   75        66      1974


SUNRISE AND SUNSET
JUNE 24 2017..........SUNRISE   636 AM CDT   SUNSET   829 PM CDT
JUNE 25 2017..........SUNRISE   636 AM CDT   SUNSET   830 PM CDT


-  INDICATES NEGATIVE NUMBERS.
R  INDICATES RECORD WAS SET OR TIED.
MM INDICATES DATA IS MISSING.
T  INDICATES TRACE AMOUNT.




$$
