000
CDUS44 KCRP 252330
CLICRP

CLIMATE REPORT
NATIONAL WEATHER SERVICE CORPUS CHRISTI TX
629 PM CDT SAT OCT 25 2014

...................................

...THE CORPUS CHRISTI CLIMATE SUMMARY FOR OCTOBER 25 2014...
VALID TODAY AS OF 629 PM LOCAL TIME.

CLIMATE NORMAL PERIOD 1981 TO 2010
CLIMATE RECORD PERIOD 1887 TO 2014


WEATHER ITEM   OBSERVED TIME   RECORD YEAR NORMAL DEPARTURE LAST
                VALUE   (LST)  VALUE       VALUE  FROM      YEAR
                                                  NORMAL
..................................................................
TEMPERATURE (F)
 TODAY
  MAXIMUM         85    232 PM  93    2012  83      2       84
  MINIMUM         61    633 AM  40    1945  63     -2       64
  AVERAGE         73                        73      0       74

PRECIPITATION (IN)
  TODAY            0.00          1.72 1904   0.11  -0.11     0.00
  MONTH TO DATE    2.94                      3.02  -0.08     2.45
  SINCE SEP 1      8.95                      8.00   0.95     8.76
  SINCE JAN 1     22.79                     27.34  -4.55    19.77

SNOWFALL (IN)
  TODAY            0.0
  MONTH TO DATE    0.0
  SINCE SEP 1      0.0
  SINCE JUL 1      0.0
  SNOW DEPTH       0

DEGREE DAYS
 HEATING
  TODAY            0                         1     -1        0
  MONTH TO DATE    0                         2     -2        0
  SINCE SEP 1      0                         2     -2        0
  SINCE JUL 1      0                         2     -2        0

 COOLING
  TODAY            8                         8      0        9
  MONTH TO DATE  311                       265     46      298
  SINCE SEP 1    815                       747     68      880
  SINCE JAN 1   3518                      3308    210     3893
..................................................................


WIND (MPH)
  HIGHEST WIND SPEED    13   HIGHEST WIND DIRECTION     E (110)
  HIGHEST GUST SPEED    14   HIGHEST GUST DIRECTION     E  (80)


SKY COVER
  POSSIBLE SUNSHINE  MM
  AVERAGE SKY COVER 0.0


WEATHER CONDITIONS
 THE FOLLOWING WEATHER WAS RECORDED TODAY.
  FOG


RELATIVE HUMIDITY (PERCENT)
 HIGHEST    93           400 AM
 LOWEST     43           200 PM
 AVERAGE    68

..........................................................


THE CORPUS CHRISTI CLIMATE NORMALS FOR TOMORROW
                         NORMAL    RECORD    YEAR
 MAXIMUM TEMPERATURE (F)   82        93      1987
 MINIMUM TEMPERATURE (F)   62        46      2005
                                             1945


SUNRISE AND SUNSET
OCTOBER 25 2014.......SUNRISE   736 AM CDT   SUNSET   651 PM CDT
OCTOBER 26 2014.......SUNRISE   737 AM CDT   SUNSET   651 PM CDT


-  INDICATES NEGATIVE NUMBERS.
R  INDICATES RECORD WAS SET OR TIED.
MM INDICATES DATA IS MISSING.
T  INDICATES TRACE AMOUNT.




$$
