000
CDUS44 KCRP 280859
CLICRP

CLIMATE REPORT
NATIONAL WEATHER SERVICE CORPUS CHRISTI TX
258 AM CST FRI NOV 28 2014


...................................

...THE CORPUS CHRISTI CLIMATE SUMMARY FOR NOVEMBER 27 2014...

CLIMATE NORMAL PERIOD 1981 TO 2010
CLIMATE RECORD PERIOD 1887 TO 2014


WEATHER ITEM   OBSERVED TIME   RECORD YEAR NORMAL DEPARTURE LAST
                VALUE   (LST)  VALUE       VALUE  FROM      YEAR
                                                  NORMAL
..................................................................
TEMPERATURE (F)
 YESTERDAY
  MAXIMUM         71    109 PM  93    1994  72     -1       54
  MINIMUM         46    442 AM  31    2010  53     -7       38
  AVERAGE         59                        62     -3       46

PRECIPITATION (IN)
  YESTERDAY        0.00          2.07 1913   0.05  -0.05     0.00
  MONTH TO DATE    2.84                      1.83   1.01     3.39
  SINCE SEP 1     14.48                     10.45   4.03    12.15
  SINCE JAN 1     28.32                     29.79  -1.47    23.16

SNOWFALL (IN)
  YESTERDAY        0.0
  MONTH TO DATE    0.0
  SINCE SEP 1      0.0
  SINCE JUL 1      0.0
  SNOW DEPTH       0

DEGREE DAYS
 HEATING
  YESTERDAY        6                         5      1       19
  MONTH TO DATE  160                        75     85      132
  SINCE SEP 1    160                        85     75      132
  SINCE JUL 1    160                        85     75      132

 COOLING
  YESTERDAY        0                         3     -3        0
  MONTH TO DATE   52                       117    -65      129
  SINCE SEP 1    930                       907     23     1099
  SINCE JAN 1   3633                      3468    165     4112
..................................................................


WIND (MPH)
  HIGHEST WIND SPEED    18   HIGHEST WIND DIRECTION     E (90)
  HIGHEST GUST SPEED    22   HIGHEST GUST DIRECTION     E (90)
  AVERAGE WIND SPEED     7.8


SKY COVER
  POSSIBLE SUNSHINE  MM
  AVERAGE SKY COVER 0.1


WEATHER CONDITIONS
 THE FOLLOWING WEATHER WAS RECORDED YESTERDAY.
  FOG


RELATIVE HUMIDITY (PERCENT)
 HIGHEST    96          1200 AM
 LOWEST     47           100 PM
 AVERAGE    72

..........................................................


THE CORPUS CHRISTI CLIMATE NORMALS FOR TODAY
                         NORMAL    RECORD    YEAR
 MAXIMUM TEMPERATURE (F)   72        89      1949
 MINIMUM TEMPERATURE (F)   52        27      2011


SUNRISE AND SUNSET
NOVEMBER 28 2014......SUNRISE   701 AM CST   SUNSET   535 PM CST
NOVEMBER 29 2014......SUNRISE   702 AM CST   SUNSET   534 PM CST


-  INDICATES NEGATIVE NUMBERS.
R  INDICATES RECORD WAS SET OR TIED.
MM INDICATES DATA IS MISSING.
T  INDICATES TRACE AMOUNT.




$$
