000
CDUS44 KCRP 242128
CLICRP

CLIMATE REPORT
NATIONAL WEATHER SERVICE CORPUS CHRISTI TX
426 PM CDT SAT SEP 24 2016


...................................

...THE CORPUS CHRISTI CLIMATE SUMMARY FOR SEPTEMBER 24 2016...
VALID AS OF 400 PM LOCAL TIME.

CLIMATE NORMAL PERIOD 1981 TO 2010
CLIMATE RECORD PERIOD 1887 TO 2016


WEATHER ITEM   OBSERVED TIME   RECORD YEAR NORMAL DEPARTURE LAST
                VALUE   (LST)  VALUE       VALUE  FROM      YEAR
                                                  NORMAL
..................................................................
TEMPERATURE (F)
 TODAY
  MAXIMUM         92    259 PM 106    2005  89      3       90
  MINIMUM         77    902 AM  55    1975  70      7       67
  AVERAGE         85                        79      6       79

PRECIPITATION (IN)
  TODAY            0.27          3.95 1887   0.15   0.12     0.00
  MONTH TO DATE    0.89                      4.11  -3.22     2.46
  SINCE SEP 1      0.89                      4.11  -3.22     2.46
  SINCE JAN 1     26.18                     23.45   2.73    38.47

SNOWFALL (IN)
  TODAY            0.0
  MONTH TO DATE    0.0
  SINCE SEP 1      0.0
  SINCE JUL 1      0.0
  SNOW DEPTH       0

DEGREE DAYS
 HEATING
  TODAY            0                         0      0        0
  MONTH TO DATE    0                         0      0        0
  SINCE SEP 1      0                         0      0        0
  SINCE JUL 1      0                         0      0        0

 COOLING
  TODAY           20                        14      6       14
  MONTH TO DATE  511                       400    111      428
  SINCE SEP 1    511                       400    111      428
  SINCE JAN 1   3428                      2961    467     3085
..................................................................


WIND (MPH)
  HIGHEST WIND SPEED    23   HIGHEST WIND DIRECTION     S (170)
  HIGHEST GUST SPEED    28   HIGHEST GUST DIRECTION    SE (130)


SKY COVER
  POSSIBLE SUNSHINE  MM
  AVERAGE SKY COVER 0.4


WEATHER CONDITIONS
 THE FOLLOWING WEATHER WAS RECORDED TODAY.
  THUNDERSTORM
  RAIN
  LIGHT RAIN
  FOG


RELATIVE HUMIDITY (PERCENT)
 HIGHEST    91           200 AM
 LOWEST     60           300 PM
 AVERAGE    76

..........................................................


THE CORPUS CHRISTI CLIMATE NORMALS FOR TOMORROW
                         NORMAL    RECORD    YEAR
 MAXIMUM TEMPERATURE (F)   88       103      2011
 MINIMUM TEMPERATURE (F)   70        57      1989


SUNRISE AND SUNSET
SEPTEMBER 24 2016.....SUNRISE   720 AM CDT   SUNSET   723 PM CDT
SEPTEMBER 25 2016.....SUNRISE   720 AM CDT   SUNSET   722 PM CDT


-  INDICATES NEGATIVE NUMBERS.
R  INDICATES RECORD WAS SET OR TIED.
MM INDICATES DATA IS MISSING.
T  INDICATES TRACE AMOUNT.




$$
