000
CDUS44 KCRP 280652
CLICRP

CLIMATE REPORT
NATIONAL WEATHER SERVICE CORPUS CHRISTI TX
150 AM CDT MON JUL 28 2014


...................................

...THE CORPUS CHRISTI CLIMATE SUMMARY FOR JULY 27 2014...

CLIMATE NORMAL PERIOD 1981 TO 2010
CLIMATE RECORD PERIOD 1887 TO 2014


WEATHER ITEM   OBSERVED TIME   RECORD YEAR NORMAL DEPARTURE LAST
                VALUE   (LST)  VALUE       VALUE  FROM      YEAR
                                                  NORMAL
..................................................................
TEMPERATURE (F)
 YESTERDAY
  MAXIMUM         97    150 PM 100    2013  94      3      100
                                      1954
  MINIMUM         77    630 AM  70    1960  75      2       81
                                      1942
                                      1903
  AVERAGE         87                        84      3       91

PRECIPITATION (IN)
  YESTERDAY        0.00          1.55 1942   0.06  -0.06     0.00
  MONTH TO DATE    0.74                      2.55  -1.81     2.73
  SINCE JUN 1      2.15                      5.91  -3.76     5.07
  SINCE JAN 1      9.25                     16.18  -6.93     9.80

SNOWFALL (IN)
  YESTERDAY        0.0
  MONTH TO DATE    0.0
  SINCE JUN 1      0.0
  SINCE JUL 1      0.0
  SNOW DEPTH       0

DEGREE DAYS
 HEATING
  YESTERDAY        0                         0      0        0
  MONTH TO DATE    0                         0      0        0
  SINCE JUN 1      0                         0      0        0
  SINCE JUL 1      0                         0      0        0

 COOLING
  YESTERDAY       22                        19      3       26
  MONTH TO DATE  534                       509     25      569
  SINCE JUN 1   1141                      1031    110     1227
  SINCE JAN 1   1947                      1872     75     2245
..................................................................


WIND (MPH)
  HIGHEST WIND SPEED    29   HIGHEST WIND DIRECTION    SE (150)
  HIGHEST GUST SPEED    37   HIGHEST GUST DIRECTION    SE (150)
  AVERAGE WIND SPEED    16.1


SKY COVER
  POSSIBLE SUNSHINE  MM
  AVERAGE SKY COVER 0.2


WEATHER CONDITIONS
 THE FOLLOWING WEATHER WAS RECORDED YESTERDAY.
  HAZE


RELATIVE HUMIDITY (PERCENT)
 HIGHEST    97           700 AM
 LOWEST     46           300 PM
 AVERAGE    72

..........................................................


THE CORPUS CHRISTI CLIMATE NORMALS FOR TODAY
                         NORMAL    RECORD    YEAR
 MAXIMUM TEMPERATURE (F)   94       100      1965
 MINIMUM TEMPERATURE (F)   75        68      1908
                                             1903


SUNRISE AND SUNSET
JULY 28 2014..........SUNRISE   651 AM CDT   SUNSET   822 PM CDT
JULY 29 2014..........SUNRISE   651 AM CDT   SUNSET   821 PM CDT


-  INDICATES NEGATIVE NUMBERS.
R  INDICATES RECORD WAS SET OR TIED.
MM INDICATES DATA IS MISSING.
T  INDICATES TRACE AMOUNT.

$$

GW
