000
CDUS44 KCRP 240805
CLICRP

CLIMATE REPORT
NATIONAL WEATHER SERVICE CORPUS CHRISTI TX
304 AM CDT TUE OCT 24 2017

...................................

...THE CORPUS CHRISTI CLIMATE SUMMARY FOR OCTOBER 23 2017...

CLIMATE NORMAL PERIOD 1981 TO 2010
CLIMATE RECORD PERIOD 1887 TO 2017


WEATHER ITEM   OBSERVED TIME   RECORD YEAR NORMAL DEPARTURE LAST
                VALUE   (LST)  VALUE       VALUE  FROM      YEAR
                                                  NORMAL
..................................................................
TEMPERATURE (F)
 YESTERDAY
  MAXIMUM         83    228 PM  94    2004  83      0       87
  MINIMUM         53    655 AM  41    1996  63    -10       63
  AVERAGE         68                        73     -5       75

PRECIPITATION (IN)
  YESTERDAY        0.00          1.96 1953   0.12  -0.12     0.00
  MONTH TO DATE    2.44                      2.80  -0.36     0.93
  SINCE SEP 1      3.90                      7.78  -3.88     3.98
  SINCE JAN 1     26.26                     27.12  -0.86    29.27

SNOWFALL (IN)
  YESTERDAY        0.0
  MONTH TO DATE    0.0
  SINCE SEP 1      0.0
  SINCE JUL 1      0.0
  SNOW DEPTH       0

DEGREE DAYS
 HEATING
  YESTERDAY        0                         0      0        0
  MONTH TO DATE    0                         0      0        0
  SINCE SEP 1      0                         0      0        0
  SINCE JUL 1      0                         0      0        0

 COOLING
  YESTERDAY        3                         9     -6       10
  MONTH TO DATE  285                       249     36      333
  SINCE SEP 1    786                       731     55      932
  SINCE JAN 1   3767                      3292    475     3849
..................................................................

WIND (MPH)
  HIGHEST WIND SPEED    15   HIGHEST WIND DIRECTION     E (110)
  HIGHEST GUST SPEED    18   HIGHEST GUST DIRECTION     E (100)
  AVERAGE WIND SPEED     5.9

SKY COVER
  POSSIBLE SUNSHINE  MM
  AVERAGE SKY COVER 0.1

WEATHER CONDITIONS
 THE FOLLOWING WEATHER WAS RECORDED YESTERDAY.
  NO SIGNIFICANT WEATHER WAS OBSERVED.

RELATIVE HUMIDITY (PERCENT)
 HIGHEST   100           300 AM
 LOWEST     28           200 PM
 AVERAGE    64

..........................................................

THE CORPUS CHRISTI CLIMATE NORMALS FOR TODAY
                         NORMAL    RECORD    YEAR
 MAXIMUM TEMPERATURE (F)   83        94      2001
 MINIMUM TEMPERATURE (F)   63        43      1979

SUNRISE AND SUNSET
OCTOBER 24 2017.......SUNRISE   736 AM CDT   SUNSET   652 PM CDT
OCTOBER 25 2017.......SUNRISE   736 AM CDT   SUNSET   651 PM CDT

-  INDICATES NEGATIVE NUMBERS.
R  INDICATES RECORD WAS SET OR TIED.
MM INDICATES DATA IS MISSING.
T  INDICATES TRACE AMOUNT.

$$
