000
CDUS44 KCRP 010819
CLICRP

CLIMATE REPORT
NATIONAL WEATHER SERVICE CORPUS CHRISTI TX
217 AM CST SUN MAR 1 2015


...................................

...THE CORPUS CHRISTI CLIMATE SUMMARY FOR FEBRUARY 28 2015...

CLIMATE NORMAL PERIOD 1981 TO 2010
CLIMATE RECORD PERIOD 1887 TO 2015


WEATHER ITEM   OBSERVED TIME   RECORD YEAR NORMAL DEPARTURE LAST
                VALUE   (LST)  VALUE       VALUE  FROM      YEAR
                                                  NORMAL
..................................................................
TEMPERATURE (F)
 YESTERDAY
  MAXIMUM         55    617 PM  94    1940  73    -18       88
  MINIMUM         45   1258 AM  30    1890  53     -8       43
  AVERAGE         50                        63    -13       66

PRECIPITATION (IN)
  YESTERDAY        0.39          2.11 1990   0.09   0.30     0.00
  MONTH TO DATE    1.41                      1.93  -0.52     0.24
  SINCE DEC 1      4.49                      5.30  -0.81     1.20
  SINCE JAN 1      3.45                      3.47  -0.02     0.91

SNOWFALL (IN)
  YESTERDAY        0.0
  MONTH TO DATE    0.0
  SINCE DEC 1      0.0
  SINCE JUL 1      0.0
  SNOW DEPTH       0

DEGREE DAYS
 HEATING
  YESTERDAY       15                         4     11        0
  MONTH TO DATE  231                       174     57      233
  SINCE DEC 1    776                       699     77      842
  SINCE JUL 1    937                       800    137      999

 COOLING
  YESTERDAY        0                         2     -2        1
  MONTH TO DATE   25                        46    -21       75
  SINCE DEC 1     87                       125    -38      113
  SINCE JAN 1     28                        76    -48       77
..................................................................


WIND (MPH)
  HIGHEST WIND SPEED    22   HIGHEST WIND DIRECTION    NE (40)
  HIGHEST GUST SPEED    27   HIGHEST GUST DIRECTION    NE (50)
  AVERAGE WIND SPEED    14.1


SKY COVER
  POSSIBLE SUNSHINE  MM
  AVERAGE SKY COVER 1.0


WEATHER CONDITIONS
 THE FOLLOWING WEATHER WAS RECORDED YESTERDAY.
  LIGHT RAIN
  FOG


RELATIVE HUMIDITY (PERCENT)
 HIGHEST   100          1100 AM
 LOWEST     92          1200 AM
 AVERAGE    96

..........................................................


THE CORPUS CHRISTI CLIMATE NORMALS FOR TODAY
                         NORMAL    RECORD    YEAR
 MAXIMUM TEMPERATURE (F)   73        92      1975
 MINIMUM TEMPERATURE (F)   53        28      1890


SUNRISE AND SUNSET
MARCH  1 2015.........SUNRISE   655 AM CST   SUNSET   630 PM CST
MARCH  2 2015.........SUNRISE   654 AM CST   SUNSET   631 PM CST


-  INDICATES NEGATIVE NUMBERS.
R  INDICATES RECORD WAS SET OR TIED.
MM INDICATES DATA IS MISSING.
T  INDICATES TRACE AMOUNT.




$$
