000
CDUS44 KCRP 200904
CLICRP

CLIMATE REPORT
NATIONAL WEATHER SERVICE CORPUS CHRISTI TX
403 AM CDT SUN AUG 20 2017


...................................

...THE CORPUS CHRISTI CLIMATE SUMMARY FOR AUGUST 19 2017...

CLIMATE NORMAL PERIOD 1981 TO 2010
CLIMATE RECORD PERIOD 1887 TO 2017


WEATHER ITEM   OBSERVED TIME   RECORD YEAR NORMAL DEPARTURE LAST
                VALUE   (LST)  VALUE       VALUE  FROM      YEAR
                                                  NORMAL
..................................................................
TEMPERATURE (F)
 YESTERDAY
  MAXIMUM         98    117 PM 101    2011  95      3       94
  MINIMUM         76    634 AM  69    1992  75      1       78
  AVERAGE         87                        85      2       86

PRECIPITATION (IN)
  YESTERDAY        0.00          1.35 1961   0.10  -0.10      T
  MONTH TO DATE    0.82                      1.39  -0.57     1.95
  SINCE JUN 1      4.02                      7.54  -3.52     4.90
  SINCE JAN 1     17.29                     17.81  -0.52    23.12

SNOWFALL (IN)
  YESTERDAY        0.0
  MONTH TO DATE    0.0
  SINCE JUN 1      0.0
  SINCE JUL 1      0.0
  SNOW DEPTH       0

DEGREE DAYS
 HEATING
  YESTERDAY        0                         0      0        0
  MONTH TO DATE    0                         0      0        0
  SINCE JUN 1      0                         0      0        0
  SINCE JUL 1      0                         0      0        0

 COOLING
  YESTERDAY       22                        20      2       21
  MONTH TO DATE  411                       380     31      406
  SINCE JUN 1   1588                      1489     99     1635
  SINCE JAN 1   2778                      2330    448     2671
..................................................................


WIND (MPH)
  HIGHEST WIND SPEED    18   HIGHEST WIND DIRECTION    SE (130)
  HIGHEST GUST SPEED    24   HIGHEST GUST DIRECTION    SE (140)
  AVERAGE WIND SPEED     9.1


SKY COVER
  POSSIBLE SUNSHINE  MM
  AVERAGE SKY COVER 0.2


WEATHER CONDITIONS
 THE FOLLOWING WEATHER WAS RECORDED YESTERDAY.
  NO SIGNIFICANT WEATHER WAS OBSERVED.


RELATIVE HUMIDITY (PERCENT)
 HIGHEST    97           300 AM
 LOWEST     45           200 PM
 AVERAGE    71

..........................................................


THE CORPUS CHRISTI CLIMATE NORMALS FOR TODAY
                         NORMAL    RECORD    YEAR
 MAXIMUM TEMPERATURE (F)   95       100      1999
                                             1948
 MINIMUM TEMPERATURE (F)   75        70      1913
                                             1908


SUNRISE AND SUNSET
AUGUST 20 2017........SUNRISE   703 AM CDT   SUNSET   803 PM CDT
AUGUST 21 2017........SUNRISE   704 AM CDT   SUNSET   802 PM CDT


-  INDICATES NEGATIVE NUMBERS.
R  INDICATES RECORD WAS SET OR TIED.
MM INDICATES DATA IS MISSING.
T  INDICATES TRACE AMOUNT.




$$
