000
CDUS44 KCRP 180736
CLICRP

CLIMATE REPORT
NATIONAL WEATHER SERVICE CORPUS CHRISTI TX
136 AM CST THU JAN 18 2018


...................................

...THE CORPUS CHRISTI CLIMATE SUMMARY FOR JANUARY 17 2018...

CLIMATE NORMAL PERIOD 1981 TO 2010
CLIMATE RECORD PERIOD 1887 TO 2018


WEATHER ITEM   OBSERVED TIME   RECORD YEAR NORMAL DEPARTURE LAST
                VALUE   (LST)  VALUE       VALUE  FROM      YEAR
                                                  NORMAL
..................................................................
TEMPERATURE (F)
 YESTERDAY
  MAXIMUM         36    958 PM  86    1936  67    -31       79
  MINIMUM         28    925 AM  23    1930  47    -19       69
  AVERAGE         32                        57    -25       74

PRECIPITATION (IN)
  YESTERDAY        0.00          2.33 1992   0.04  -0.04     0.02
  MONTH TO DATE    0.27                      0.85  -0.58     0.13
  SINCE DEC 1      4.65                      2.68   1.97     2.33
  SINCE JAN 1      0.27                      0.85  -0.58     0.13

SNOWFALL (IN)
  YESTERDAY        0.0
  MONTH TO DATE    T
  SINCE DEC 1      1.0
  SINCE JUL 1      1.0
  SNOW DEPTH       0

DEGREE DAYS
 HEATING
  YESTERDAY       33                         9     24        0
  MONTH TO DATE  248                       153     95       92
  SINCE DEC 1    537                       403    134      241
  SINCE JUL 1    601                       504     97      259

 COOLING
  YESTERDAY        0                         1     -1        9
  MONTH TO DATE    1                        17    -16       71
  SINCE DEC 1     39                        66    -27      159
  SINCE JAN 1      1                        17    -16       71
..................................................................


WIND (MPH)
  HIGHEST WIND SPEED    23   HIGHEST WIND DIRECTION     N (10)
  HIGHEST GUST SPEED    29   HIGHEST GUST DIRECTION     N (360)
  AVERAGE WIND SPEED    12.6


SKY COVER
  POSSIBLE SUNSHINE  MM
  AVERAGE SKY COVER 1.0


WEATHER CONDITIONS
 THE FOLLOWING WEATHER WAS RECORDED YESTERDAY.
  NO SIGNIFICANT WEATHER WAS OBSERVED.


RELATIVE HUMIDITY (PERCENT)
 HIGHEST    53          1200 AM
 LOWEST     38           400 PM
 AVERAGE    46

..........................................................


THE CORPUS CHRISTI CLIMATE NORMALS FOR TODAY
                         NORMAL    RECORD    YEAR
 MAXIMUM TEMPERATURE (F)   67        85      2000
 MINIMUM TEMPERATURE (F)   47        14      1930


SUNRISE AND SUNSET
JANUARY 18 2018.......SUNRISE   722 AM CST   SUNSET   600 PM CST
JANUARY 19 2018.......SUNRISE   721 AM CST   SUNSET   600 PM CST


-  INDICATES NEGATIVE NUMBERS.
R  INDICATES RECORD WAS SET OR TIED.
MM INDICATES DATA IS MISSING.
T  INDICATES TRACE AMOUNT.




$$
