000
CDUS44 KCRP 230754
CLICRP

CLIMATE REPORT
NATIONAL WEATHER SERVICE CORPUS CHRISTI TX
254 AM CDT SAT AUG 23 2014


...................................

...THE CORPUS CHRISTI CLIMATE SUMMARY FOR AUGUST 22 2014...

CLIMATE NORMAL PERIOD 1981 TO 2010
CLIMATE RECORD PERIOD 1887 TO 2014


WEATHER ITEM   OBSERVED TIME   RECORD YEAR NORMAL DEPARTURE LAST
                VALUE   (LST)  VALUE       VALUE  FROM      YEAR
                                                  NORMAL
..................................................................
TEMPERATURE (F)
 YESTERDAY
  MAXIMUM         98   1241 PM 101    2010  94      4       96
                                      2009
                                      1997
  MINIMUM         79    657 AM  67    1986  75      4       77
                                      1946
  AVERAGE         89                        85      4       87

PRECIPITATION (IN)
  YESTERDAY        0.00          4.56 1999   0.11  -0.11     0.01
  MONTH TO DATE    1.04                      1.71  -0.67     0.60
  SINCE JUN 1      3.19                      7.86  -4.67     5.67
  SINCE JAN 1     10.29                     18.13  -7.84    10.40

SNOWFALL (IN)
  YESTERDAY        0.0
  MONTH TO DATE    0.0
  SINCE JUN 1      0.0
  SINCE JUL 1      0.0
  SNOW DEPTH       0

DEGREE DAYS
 HEATING
  YESTERDAY        0                         0      0        0
  MONTH TO DATE    0                         0      0        0
  SINCE JUN 1      0                         0      0        0
  SINCE JUL 1      0                         0      0        0

 COOLING
  YESTERDAY       24                        20      4       22
  MONTH TO DATE  485                       440     45      492
  SINCE JUN 1   1712                      1549    163     1807
  SINCE JAN 1   2518                      2390    128     2825
..................................................................


WIND (MPH)
  HIGHEST WIND SPEED    25   HIGHEST WIND DIRECTION    SE (140)
  HIGHEST GUST SPEED    31   HIGHEST GUST DIRECTION    SE (120)
  AVERAGE WIND SPEED    15.0


SKY COVER
  POSSIBLE SUNSHINE  MM
  AVERAGE SKY COVER 0.3


WEATHER CONDITIONS
 THE FOLLOWING WEATHER WAS RECORDED YESTERDAY.
  NO SIGNIFICANT WEATHER WAS OBSERVED.


RELATIVE HUMIDITY (PERCENT)
 HIGHEST    97           600 AM
 LOWEST     35           100 PM
 AVERAGE    66

..........................................................


THE CORPUS CHRISTI CLIMATE NORMALS FOR TODAY
                         NORMAL    RECORD    YEAR
 MAXIMUM TEMPERATURE (F)   94       102      2010
 MINIMUM TEMPERATURE (F)   75        66      1949
                                             1891


SUNRISE AND SUNSET
AUGUST 23 2014........SUNRISE   704 AM CDT   SUNSET   800 PM CDT
AUGUST 24 2014........SUNRISE   705 AM CDT   SUNSET   759 PM CDT


-  INDICATES NEGATIVE NUMBERS.
R  INDICATES RECORD WAS SET OR TIED.
MM INDICATES DATA IS MISSING.
T  INDICATES TRACE AMOUNT.

$$
