654
CDUS41 KRLX 060716
CLICRW


CLIMATE REPORT
NATIONAL WEATHER SERVICE CHARLESTON WV
316 AM EDT FRI MAY 6 2016


...................................

...THE CHARLESTON WV CLIMATE SUMMARY FOR MAY 5 2016...

CLIMATE NORMAL PERIOD 1981 TO 2010
CLIMATE RECORD PERIOD 1901 TO 2016


WEATHER ITEM   OBSERVED TIME   RECORD YEAR NORMAL DEPARTURE LAST
                VALUE   (LST)  VALUE       VALUE  FROM      YEAR
                                                  NORMAL
..................................................................
TEMPERATURE (F)
 YESTERDAY
  MAXIMUM         51   1159 PM  94    1928  73    -22       86
  MINIMUM         44    631 AM  32    1907  50     -6       58
  AVERAGE         48                        61    -13       72

PRECIPITATION (IN)
  YESTERDAY        0.15          1.32 2012   0.15   0.00     0.00
  MONTH TO DATE    2.23                      0.70   1.53     0.02
  SINCE JAN 1     14.00                     14.04  -0.04    17.28

SNOWFALL (IN)
  YESTERDAY        0.0
  MONTH TO DATE    0.0
  SINCE SEP 1     33.5
  SNOW DEPTH       0

DEGREE DAYS
 HEATING
  YESTERDAY       17                         5     12        0
  MONTH TO DATE   30                        28      2       18
  SINCE MAR 1    673                       922   -249      894
  SINCE JUL 1   3608                      4376   -768     4799

 COOLING
  YESTERDAY        0                         1     -1        7
  MONTH TO DATE    8                         5      3        7
  SINCE MAR 1     54                        37     17       22
  SINCE JAN 1     54                        37     17       22
..................................................................


WIND (MPH)
  HIGHEST WIND SPEED    12   HIGHEST WIND DIRECTION     W (290)
  HIGHEST GUST SPEED    19   HIGHEST GUST DIRECTION    NW (300)
  AVERAGE WIND SPEED     5.7


SKY COVER
  POSSIBLE SUNSHINE  MM
  AVERAGE SKY COVER 1.0


WEATHER CONDITIONS
 THE FOLLOWING WEATHER WAS RECORDED YESTERDAY.
  LIGHT RAIN
  FOG


RELATIVE HUMIDITY (PERCENT)
 HIGHEST    93          1200 AM
 LOWEST     63          1100 AM
 AVERAGE    78

..........................................................


THE CHARLESTON WV CLIMATE NORMALS FOR TODAY
                         NORMAL    RECORD    YEAR
 MAXIMUM TEMPERATURE (F)   73        94      1932
 MINIMUM TEMPERATURE (F)   50        31      1968


SUNRISE AND SUNSET
MAY  6 2016...........SUNRISE   623 AM EDT   SUNSET   823 PM EDT
MAY  7 2016...........SUNRISE   622 AM EDT   SUNSET   824 PM EDT


-  INDICATES NEGATIVE NUMBERS.
R  INDICATES RECORD WAS SET OR TIED.
MM INDICATES DATA IS MISSING.
T  INDICATES TRACE AMOUNT.




$$
