000
CDUS41 KRLX 312116
CLICRW


CLIMATE REPORT
NATIONAL WEATHER SERVICE CHARLESTON WV
515 PM EDT THU JUL 31 2014


...................................

...THE CHARLESTON WV CLIMATE SUMMARY FOR JULY 31 2014...
VALID TODAY AS OF 0500 PM LOCAL TIME.

CLIMATE NORMAL PERIOD 1981 TO 2010
CLIMATE RECORD PERIOD 1901 TO 2014


WEATHER ITEM   OBSERVED TIME   RECORD YEAR NORMAL DEPARTURE LAST
                VALUE   (LST)  VALUE       VALUE  FROM      YEAR
                                                  NORMAL
..................................................................
TEMPERATURE (F)
 TODAY
  MAXIMUM         83    359 PM 100    1931  85     -2       73
  MINIMUM         59    626 AM  52    1956  66     -7       66
                                      1936
                                      1925
  AVERAGE         71                        75     -4       70

PRECIPITATION (IN)
  TODAY            0.00          3.12 1996   0.16  -0.16     0.10
  MONTH TO DATE    5.44                      4.94   0.50     7.37
  SINCE JUN 1     11.98                      9.23   2.75    14.49
  SINCE JAN 1     28.10                     27.37   0.73    29.92

DEGREE DAYS
 HEATING
  TODAY            0                         0      0        0
  MONTH TO DATE    0                         0      0        0
  SINCE JUN 1      0                        13    -13        0
  SINCE JUL 1      0                         0      0        0

 COOLING
  TODAY            6                        10     -4        5
  MONTH TO DATE  258                       324    -66      323
  SINCE JUN 1    522                       544    -22      558
  SINCE JAN 1    643                       654    -11      705
..................................................................


WIND (MPH)
  HIGHEST WIND SPEED     9   HIGHEST WIND DIRECTION    SW (220)
  HIGHEST GUST SPEED    14   HIGHEST GUST DIRECTION     S (200)
  AVERAGE WIND SPEED     2.6


SKY COVER
  POSSIBLE SUNSHINE  MM
  AVERAGE SKY COVER 0.6


WEATHER CONDITIONS
 THE FOLLOWING WEATHER WAS RECORDED TODAY.
  FOG
  FOG W/VISIBILITY <= 1/4 MILE


RELATIVE HUMIDITY (PERCENT)
 HIGHEST   100           200 AM
 LOWEST     42           300 PM
 AVERAGE    71

..........................................................


THE CHARLESTON WV CLIMATE NORMALS FOR TOMORROW
                         NORMAL    RECORD    YEAR
 MAXIMUM TEMPERATURE (F)   85       101      1931
 MINIMUM TEMPERATURE (F)   66        55      1925
                                             1914


SUNRISE AND SUNSET
JULY 31 2014..........SUNRISE   628 AM EDT   SUNSET   837 PM EDT
AUGUST  1 2014........SUNRISE   629 AM EDT   SUNSET   836 PM EDT


-  INDICATES NEGATIVE NUMBERS.
R  INDICATES RECORD WAS SET OR TIED.
MM INDICATES DATA IS MISSING.
T  INDICATES TRACE AMOUNT.




$$
