000
CDUS41 KRLX 280723
CLICRW


CLIMATE REPORT
NATIONAL WEATHER SERVICE CHARLESTON WV
322 AM EDT SUN MAY 28 2017


...................................

...THE CHARLESTON WV CLIMATE SUMMARY FOR MAY 27 2017...

CLIMATE NORMAL PERIOD 1981 TO 2010
CLIMATE RECORD PERIOD 1901 TO 2017


WEATHER ITEM   OBSERVED TIME   RECORD YEAR NORMAL DEPARTURE LAST
                VALUE   (LST)  VALUE       VALUE  FROM      YEAR
                                                  NORMAL
..................................................................
TEMPERATURE (F)
 YESTERDAY
  MAXIMUM         82    339 PM  95    1918  77      5       89
  MINIMUM         60    200 AM  37    1949  56      4       59
  AVERAGE         71                        66      5       74

PRECIPITATION (IN)
  YESTERDAY        T             2.38 1917   0.16  -0.16      T
  MONTH TO DATE    5.36                      4.13   1.23     5.09
  SINCE JAN 1     19.63                     17.47   2.16    16.86

SNOWFALL (IN)
  YESTERDAY        0.0
  MONTH TO DATE    0.0
  SINCE SEP 1      7.5
  SNOW DEPTH       0

DEGREE DAYS
 HEATING
  YESTERDAY        0                         2     -2        0
  MONTH TO DATE  104                       109     -5      138
  SINCE MAR 1    821                      1003   -182      781
  SINCE JUL 1   3528                      4457   -929     3716

 COOLING
  YESTERDAY        6                         4      2        9
  MONTH TO DATE   72                        60     12       46
  SINCE MAR 1    125                        92     33       92
  SINCE JAN 1    125                        92     33       92
..................................................................


WIND (MPH)
  HIGHEST WIND SPEED    14   HIGHEST WIND DIRECTION    SW (240)
  HIGHEST GUST SPEED    18   HIGHEST GUST DIRECTION    SW (230)
  AVERAGE WIND SPEED     5.4


SKY COVER
  POSSIBLE SUNSHINE  MM
  AVERAGE SKY COVER 0.8


WEATHER CONDITIONS
 THE FOLLOWING WEATHER WAS RECORDED YESTERDAY.
  FOG


RELATIVE HUMIDITY (PERCENT)
 HIGHEST    93          1100 PM
 LOWEST     58           300 PM
 AVERAGE    76

..........................................................


THE CHARLESTON WV CLIMATE NORMALS FOR TODAY
                         NORMAL    RECORD    YEAR
 MAXIMUM TEMPERATURE (F)   77        94      1929
                                             1911
 MINIMUM TEMPERATURE (F)   56        38      1907


SUNRISE AND SUNSET
MAY 28 2017...........SUNRISE   606 AM EDT   SUNSET   842 PM EDT
MAY 29 2017...........SUNRISE   606 AM EDT   SUNSET   842 PM EDT


-  INDICATES NEGATIVE NUMBERS.
R  INDICATES RECORD WAS SET OR TIED.
MM INDICATES DATA IS MISSING.
T  INDICATES TRACE AMOUNT.




$$
