717
CDUS41 KRLX 102237
CLICRW


CLIMATE REPORT
NATIONAL WEATHER SERVICE CHARLESTON WV
536 PM EST SAT DEC 10 2016


...................................

...THE CHARLESTON WV CLIMATE SUMMARY FOR DECEMBER 10 2016...
VALID TODAY AS OF 0500 PM LOCAL TIME.

CLIMATE NORMAL PERIOD 1981 TO 2010
CLIMATE RECORD PERIOD 1901 TO 2016


WEATHER ITEM   OBSERVED TIME   RECORD YEAR NORMAL DEPARTURE LAST
                VALUE   (LST)  VALUE       VALUE  FROM      YEAR
                                                  NORMAL
..................................................................
TEMPERATURE (F)
 TODAY
  MAXIMUM         32    320 PM  80    1971  47    -15       63
  MINIMUM         23    853 AM   0    1917  30     -7       43
  AVERAGE         28                        39    -11       53

PRECIPITATION (IN)
  TODAY            T             1.43 1952   0.11  -0.11     0.00
  MONTH TO DATE    0.39                      1.11  -0.72     2.08
  SINCE DEC 1      0.39                      1.11  -0.72     2.08
  SINCE JAN 1     38.49                     41.87  -3.38    45.00

DEGREE DAYS
 HEATING
  TODAY           37                        26     11       12
  MONTH TO DATE  269                       251     18      208
  SINCE DEC 1    269                       251     18      208
  SINCE JUL 1    923                      1135   -212      860

 COOLING
  TODAY            0                         0      0        0
  MONTH TO DATE    0                         0      0        0
  SINCE DEC 1      0                         0      0        0
  SINCE JAN 1   1473                      1096    377     1266
..................................................................


WIND (MPH)
  HIGHEST WIND SPEED    10   HIGHEST WIND DIRECTION     W (250)
  HIGHEST GUST SPEED    14   HIGHEST GUST DIRECTION    SW (230)
  AVERAGE WIND SPEED     6.1


SKY COVER
  POSSIBLE SUNSHINE  MM
  AVERAGE SKY COVER 0.8


WEATHER CONDITIONS
 THE FOLLOWING WEATHER WAS RECORDED TODAY.
  LIGHT SNOW


RELATIVE HUMIDITY (PERCENT)
 HIGHEST    65           200 AM
 LOWEST     47           200 PM
 AVERAGE    56

..........................................................


THE CHARLESTON WV CLIMATE NORMALS FOR TOMORROW
                         NORMAL    RECORD    YEAR
 MAXIMUM TEMPERATURE (F)   47        73      2007
 MINIMUM TEMPERATURE (F)   30        -2      1917


SUNRISE AND SUNSET
DECEMBER 10 2016......SUNRISE   733 AM EST   SUNSET   506 PM EST
DECEMBER 11 2016......SUNRISE   734 AM EST   SUNSET   506 PM EST


-  INDICATES NEGATIVE NUMBERS.
R  INDICATES RECORD WAS SET OR TIED.
MM INDICATES DATA IS MISSING.
T  INDICATES TRACE AMOUNT.




$$
