000
CDUS41 KRLX 032118
CLICRW


CLIMATE REPORT
NATIONAL WEATHER SERVICE CHARLESTON WV
517 PM EDT THU SEP 3 2015


...................................

...THE CHARLESTON WV CLIMATE SUMMARY FOR SEPTEMBER 3 2015...
VALID TODAY AS OF 0500 PM LOCAL TIME.

CLIMATE NORMAL PERIOD 1981 TO 2010
CLIMATE RECORD PERIOD 1901 TO 2015


WEATHER ITEM   OBSERVED TIME   RECORD YEAR NORMAL DEPARTURE LAST
                VALUE   (LST)  VALUE       VALUE  FROM      YEAR
                                                  NORMAL
..................................................................
TEMPERATURE (F)
 TODAY
  MAXIMUM         90    344 PM 104    1932  82      8       84
  MINIMUM         66    714 AM  45    1967  61      5       66
  AVERAGE         78                        72      6       75

PRECIPITATION (IN)
  TODAY            0.00          2.30 1914   0.12  -0.12     0.00
  MONTH TO DATE    0.00                      0.34  -0.34     1.61
  SINCE SEP 1      0.00                      0.34  -0.34     1.61
  SINCE JAN 1     36.39                     31.45   4.94    33.76

DEGREE DAYS
 HEATING
  TODAY            0                         0      0        0
  MONTH TO DATE    0                         0      0        0
  SINCE SEP 1      0                         0      0        0
  SINCE JUL 1      0                         2     -2        0

 COOLING
  TODAY           13                         7      6       10
  MONTH TO DATE   38                        21     17       37
  SINCE SEP 1     38                        21     17       37
  SINCE JAN 1   1109                       967    142      944
..................................................................


WIND (MPH)
  HIGHEST WIND SPEED     7   HIGHEST WIND DIRECTION    SW (220)
  HIGHEST GUST SPEED    10   HIGHEST GUST DIRECTION     W (250)
  AVERAGE WIND SPEED     1.1


SKY COVER
  POSSIBLE SUNSHINE  MM
  AVERAGE SKY COVER 0.4


WEATHER CONDITIONS
 THE FOLLOWING WEATHER WAS RECORDED TODAY.
  FOG
  HAZE


RELATIVE HUMIDITY (PERCENT)
 HIGHEST   100           200 AM
 LOWEST     44           300 PM
 AVERAGE    72

..........................................................


THE CHARLESTON WV CLIMATE NORMALS FOR TOMORROW
                         NORMAL    RECORD    YEAR
 MAXIMUM TEMPERATURE (F)   82       100      1925
 MINIMUM TEMPERATURE (F)   61        44      1997


SUNRISE AND SUNSET
SEPTEMBER  3 2015.....SUNRISE   657 AM EDT   SUNSET   754 PM EDT
SEPTEMBER  4 2015.....SUNRISE   658 AM EDT   SUNSET   752 PM EDT


-  INDICATES NEGATIVE NUMBERS.
R  INDICATES RECORD WAS SET OR TIED.
MM INDICATES DATA IS MISSING.
T  INDICATES TRACE AMOUNT.




$$
