000
CDUS41 KRLX 210817
CLICRW


CLIMATE REPORT
NATIONAL WEATHER SERVICE CHARLESTON WV
317 AM EST SUN JAN 21 2018


...................................

...THE CHARLESTON WV CLIMATE SUMMARY FOR JANUARY 20 2018...

CLIMATE NORMAL PERIOD 1981 TO 2010
CLIMATE RECORD PERIOD 1901 TO 2018


WEATHER ITEM   OBSERVED TIME   RECORD YEAR NORMAL DEPARTURE LAST
                VALUE   (LST)  VALUE       VALUE  FROM      YEAR
                                                  NORMAL
..................................................................
TEMPERATURE (F)
 YESTERDAY
  MAXIMUM         56    224 PM  77    1920  42     14       65
  MINIMUM         27    106 AM -15    1985  26      1       44
  AVERAGE         42                        34      8       55

PRECIPITATION (IN)
  YESTERDAY        0.00          1.30 1979   0.09  -0.09     0.20
  MONTH TO DATE    2.35                      1.92   0.43     3.47
  SINCE JAN 1      2.35                      1.92   0.43     3.47

SNOWFALL (IN)
  YESTERDAY        0.0          11.7  1978   0.4   -0.4      0.0
  MONTH TO DATE    6.5                       7.3   -0.8      4.0
  SINCE SEP 1      8.5                      15.4   -6.9      5.2
  SNOW DEPTH       1

DEGREE DAYS
 HEATING
  YESTERDAY       23                        31     -8       10
  MONTH TO DATE  782                       619    163      475
  SINCE DEC 1   1680                      1475    205     1267
  SINCE JUL 1   2466                      2359    107     1921

 COOLING
  YESTERDAY        0                         0      0        0
  MONTH TO DATE    0                         0      0        0
  SINCE DEC 1      0                         1     -1        0
  SINCE JAN 1      0                         0      0        0
..................................................................


WIND (MPH)
  HIGHEST WIND SPEED    20   HIGHEST WIND DIRECTION    SW (240)
  HIGHEST GUST SPEED    27   HIGHEST GUST DIRECTION    SW (240)
  AVERAGE WIND SPEED     7.8


SKY COVER
  POSSIBLE SUNSHINE  MM
  AVERAGE SKY COVER 0.5


WEATHER CONDITIONS
 THE FOLLOWING WEATHER WAS RECORDED YESTERDAY.
  NO SIGNIFICANT WEATHER WAS OBSERVED.


RELATIVE HUMIDITY (PERCENT)
 HIGHEST    82          1100 PM
 LOWEST     47           300 AM
 AVERAGE    65

..........................................................


THE CHARLESTON WV CLIMATE NORMALS FOR TODAY
                         NORMAL    RECORD    YEAR
 MAXIMUM TEMPERATURE (F)   43        76      1920
 MINIMUM TEMPERATURE (F)   26       -15      1985


SUNRISE AND SUNSET
JANUARY 21 2018.......SUNRISE   739 AM EST   SUNSET   536 PM EST
JANUARY 22 2018.......SUNRISE   739 AM EST   SUNSET   538 PM EST


-  INDICATES NEGATIVE NUMBERS.
R  INDICATES RECORD WAS SET OR TIED.
MM INDICATES DATA IS MISSING.
T  INDICATES TRACE AMOUNT.




$$
