000
CDUS41 KRLX 160729
CLICRW


CLIMATE REPORT
NATIONAL WEATHER SERVICE CHARLESTON WV
327 AM EDT TUE SEP 16 2014


...................................

...THE CHARLESTON WV CLIMATE SUMMARY FOR SEPTEMBER 15 2014...

CLIMATE NORMAL PERIOD 1981 TO 2010
CLIMATE RECORD PERIOD 1901 TO 2014


WEATHER ITEM   OBSERVED TIME   RECORD YEAR NORMAL DEPARTURE LAST
                VALUE   (LST)  VALUE       VALUE  FROM      YEAR
                                                  NORMAL
..................................................................
TEMPERATURE (F)
 YESTERDAY
  MAXIMUM         73        MM  98    1931  78     -5       78
                                      1903
  MINIMUM         50        MM  40    1985  57     -7       46
                                      1964
  AVERAGE         62                        68     -6       62

PRECIPITATION (IN)
  YESTERDAY        T             2.21 1956   0.11  -0.11     0.00
  MONTH TO DATE    4.48                      1.67   2.81     1.48
  SINCE JAN 1     36.63                     32.78   3.85    35.52

SNOWFALL (IN)
  YESTERDAY        0.0
  MONTH TO DATE    0.0
  SINCE SEP 1      0.0
  SNOW DEPTH       0

DEGREE DAYS
 HEATING
  YESTERDAY        3                         1      2        3
  MONTH TO DATE   14                         8      6       12
  SINCE SEP 1     14                         8      6       12
  SINCE JUL 1     14                        10      4       15

 COOLING
  YESTERDAY        0                         4     -4        0
  MONTH TO DATE  104                        84     20       98
  SINCE SEP 1    104                        84     20       98
  SINCE JAN 1   1011                      1030    -19     1064
..................................................................


WIND (MPH)
  HIGHEST WIND SPEED     8   HIGHEST WIND DIRECTION     W (250)
  HIGHEST GUST SPEED    MM   HIGHEST GUST DIRECTION    MM
  AVERAGE WIND SPEED     2.2


SKY COVER
  POSSIBLE SUNSHINE  MM
  AVERAGE SKY COVER 0.9


WEATHER CONDITIONS
 THE FOLLOWING WEATHER WAS RECORDED YESTERDAY.
  FOG
  FOG W/VISIBILITY <= 1/4 MILE


RELATIVE HUMIDITY (PERCENT)
 HIGHEST   100          1200 AM
 LOWEST     61           100 PM
 AVERAGE    81

..........................................................


THE CHARLESTON WV CLIMATE NORMALS FOR TODAY
                         NORMAL    RECORD    YEAR
 MAXIMUM TEMPERATURE (F)   78        98      1928
                                             1903
 MINIMUM TEMPERATURE (F)   57        41      2007
                                             1902
                                             1892


SUNRISE AND SUNSET
SEPTEMBER 16 2014.....SUNRISE   709 AM EDT   SUNSET   733 PM EDT
SEPTEMBER 17 2014.....SUNRISE   710 AM EDT   SUNSET   731 PM EDT


-  INDICATES NEGATIVE NUMBERS.
R  INDICATES RECORD WAS SET OR TIED.
MM INDICATES DATA IS MISSING.
T  INDICATES TRACE AMOUNT.




$$
