000
CDUS42 KFFC 270817
CLICSG


CLIMATE REPORT
NATIONAL WEATHER SERVICE PEACHTREE CITY GA
417 AM EDT SAT MAY 27 2017


...................................

...THE COLUMBUS CLIMATE SUMMARY FOR MAY 26 2017...

CLIMATE NORMAL PERIOD 1981 TO 2010
CLIMATE RECORD PERIOD 1948 TO 2017


WEATHER ITEM   OBSERVED TIME   RECORD YEAR NORMAL DEPARTURE LAST
                VALUE   (LST)  VALUE       VALUE  FROM      YEAR
                                                  NORMAL
..................................................................
TEMPERATURE (F)
 YESTERDAY
  MAXIMUM         87    435 PM  98    1933  86      1       88
  MINIMUM         55    532 AM  47    1979  65    -10       66
  AVERAGE         71                        76     -5       77

PRECIPITATION (IN)
  YESTERDAY        0.00          1.94 2015   0.10  -0.10     0.00
  MONTH TO DATE    5.35                      2.65   2.70     2.51
  SINCE MAR 1     11.29                     11.66  -0.37    12.01
  SINCE JAN 1     25.55                     19.95   5.60    19.44

DEGREE DAYS
 HEATING
  YESTERDAY        0                         0      0        0
  MONTH TO DATE   13                         6      7        7
  SINCE MAR 1    239                       341   -102      221
  SINCE JUL 1   1369                      2118   -749     1611

 COOLING
  YESTERDAY        6                        11     -5       12
  MONTH TO DATE  211                       196     15      175
  SINCE MAR 1    466                       296    170      313
  SINCE JAN 1    483                       300    183      315
..................................................................


WIND (MPH)
  HIGHEST WIND SPEED    14   HIGHEST WIND DIRECTION    NW (300)
  HIGHEST GUST SPEED    17   HIGHEST GUST DIRECTION    NW (300)
  AVERAGE WIND SPEED     4.5


SKY COVER
  AVERAGE SKY COVER 0.0


WEATHER CONDITIONS
 THE FOLLOWING WEATHER WAS RECORDED YESTERDAY.
  NO SIGNIFICANT WEATHER WAS OBSERVED.


RELATIVE HUMIDITY (PERCENT)
 HIGHEST    93           400 AM
 LOWEST     37           300 PM
 AVERAGE    65

..........................................................


THE COLUMBUS CLIMATE NORMALS FOR TODAY
                         NORMAL    RECORD    YEAR
 MAXIMUM TEMPERATURE (F)   87        98      1916
                                             1911
 MINIMUM TEMPERATURE (F)   65        45      1961


SUNRISE AND SUNSET
MAY 27 2017...........SUNRISE   635 AM EDT   SUNSET   839 PM EDT
MAY 28 2017...........SUNRISE   634 AM EDT   SUNSET   840 PM EDT


-  INDICATES NEGATIVE NUMBERS.
R  INDICATES RECORD WAS SET OR TIED.
MM INDICATES DATA IS MISSING.
T  INDICATES TRACE AMOUNT.




$$
