000
CDUS42 KFFC 010917
CLICSG


CLIMATE REPORT
NATIONAL WEATHER SERVICE PEACHTREE CITY GA
417 AM EST SUN FEB 1 2015


...................................

...THE COLUMBUS CLIMATE SUMMARY FOR JANUARY 31 2015...

CLIMATE NORMAL PERIOD 1981 TO 2010
CLIMATE RECORD PERIOD 1948 TO 2015


WEATHER ITEM   OBSERVED TIME   RECORD YEAR NORMAL DEPARTURE LAST
                VALUE   (LST)  VALUE       VALUE  FROM      YEAR
                                                  NORMAL
..................................................................
TEMPERATURE (F)
 YESTERDAY
  MAXIMUM         59    453 PM  78    2002  59      0       59
                                      1985
                                      1950
  MINIMUM         28    739 AM  11    1966  38    -10       22
  AVERAGE         44                        48     -4       41

PRECIPITATION (IN)
  YESTERDAY        0.00          0.76 1999   0.14  -0.14     0.00
  MONTH TO DATE    3.15                      3.85  -0.70     2.91
  SINCE DEC 1      7.77                      8.12  -0.35    11.78
  SINCE JAN 1      3.15                      3.85  -0.70     2.91

SNOWFALL (IN)
  YESTERDAY        0.0           0.0  2002   0.0    0.0      0.0
  MONTH TO DATE    0.0                       0.2   -0.2      1.2
  SINCE DEC 1      0.0                       0.3   -0.3      1.2
  SINCE JUL 1      0.0                       0.3   -0.3      1.2
  SNOW DEPTH       0

DEGREE DAYS
 HEATING
  YESTERDAY       21                        17      4       24
  MONTH TO DATE  587                       551     36      774
  SINCE DEC 1    982                      1051    -69     1202
  SINCE JUL 1   1450                      1383     67     1550

 COOLING
  YESTERDAY        0                         0      0        0
  MONTH TO DATE    0                         1     -1        0
  SINCE DEC 1      1                         5     -4       17
  SINCE JAN 1      0                         1     -1        0
..................................................................


WIND (MPH)
  HIGHEST WIND SPEED    12   HIGHEST WIND DIRECTION    SE (130)
  HIGHEST GUST SPEED    14   HIGHEST GUST DIRECTION    SE (140)
  AVERAGE WIND SPEED     3.6


SKY COVER
  AVERAGE SKY COVER 0.0


WEATHER CONDITIONS
 THE FOLLOWING WEATHER WAS RECORDED YESTERDAY.
  HAZE


RELATIVE HUMIDITY (PERCENT)
 HIGHEST    75           800 AM
 LOWEST     19           500 PM
 AVERAGE    47

..........................................................


THE COLUMBUS CLIMATE NORMALS FOR TODAY
                         NORMAL    RECORD    YEAR
 MAXIMUM TEMPERATURE (F)   59        80      1957
 MINIMUM TEMPERATURE (F)   38        19      1951


SUNRISE AND SUNSET
FEBRUARY  1 2015......SUNRISE   734 AM EST   SUNSET   613 PM EST
FEBRUARY  2 2015......SUNRISE   734 AM EST   SUNSET   614 PM EST


-  INDICATES NEGATIVE NUMBERS.
R  INDICATES RECORD WAS SET OR TIED.
MM INDICATES DATA IS MISSING.
T  INDICATES TRACE AMOUNT.




$$
