000
CDUS42 KFFC 210022
CLICSG


CLIMATE REPORT
NATIONAL WEATHER SERVICE PEACHTREE CITY GA
722 PM EST MON NOV 20 2017


...................................

...THE COLUMBUS CLIMATE SUMMARY FOR NOVEMBER 20 2017...
VALID AS OF 0700 PM LOCAL TIME.

CLIMATE NORMAL PERIOD 1981 TO 2010
CLIMATE RECORD PERIOD 1948 TO 2017


WEATHER ITEM   OBSERVED TIME   RECORD YEAR NORMAL DEPARTURE LAST
                VALUE   (LST)  VALUE       VALUE  FROM      YEAR
                                                  NORMAL
..................................................................
TEMPERATURE (F)
 TODAY
  MAXIMUM         63    315 PM  83    1942  67     -4       60
  MINIMUM         32    708 AM  19    1914  45    -13       33
  AVERAGE         48                        56     -8       47

PRECIPITATION (IN)
  TODAY            0.00          2.74 1986   0.15  -0.15     0.00
  MONTH TO DATE    1.54                      2.52  -0.98     0.00
  SINCE SEP 1      9.35                      8.16   1.19     1.67
  SINCE JAN 1     48.36                     40.90   7.46    28.59

SNOWFALL (IN)
  TODAY            0.0           0.0  2001   0.0    0.0      0.0
  MONTH TO DATE    0.0                       0.0    0.0      0.0
  SINCE SEP 1      0.0                       0.0    0.0      0.0
  SINCE JUL 1      0.0                       0.0    0.0      0.0
  SNOW DEPTH       0

DEGREE DAYS
 HEATING
  TODAY           17                        10      7       18
  MONTH TO DATE  122                       144    -22      107
  SINCE SEP 1    189                       220    -31      117
  SINCE JUL 1    189                       220    -31      117
..................................................................


WIND (MPH)
  HIGHEST WIND SPEED    12   HIGHEST WIND DIRECTION     E (90)
  HIGHEST GUST SPEED    14   HIGHEST GUST DIRECTION    SE (150)
  AVERAGE WIND SPEED     3.3


SKY COVER
  AVERAGE SKY COVER 0.0


WEATHER CONDITIONS
 THE FOLLOWING WEATHER WAS RECORDED TODAY.
  NO SIGNIFICANT WEATHER WAS OBSERVED.


RELATIVE HUMIDITY (PERCENT)
 HIGHEST    82           500 AM
 LOWEST     35           200 PM

..........................................................


THE COLUMBUS CLIMATE NORMALS FOR TOMORROW
                         NORMAL    RECORD
 MAXIMUM TEMPERATURE (F)   67        81
 MINIMUM TEMPERATURE (F)   45        21


SUNRISE AND SUNSET
NOVEMBER 20 2017......SUNRISE   714 AM EST   SUNSET   536 PM EST
NOVEMBER 21 2017......SUNRISE   715 AM EST   SUNSET   536 PM EST


-  INDICATES NEGATIVE NUMBERS.
R  INDICATES RECORD WAS SET OR TIED.
MM INDICATES DATA IS MISSING.
T  INDICATES TRACE AMOUNT.




$$
