969
CDUS42 KFFC 220817
CLICSG


CLIMATE REPORT
NATIONAL WEATHER SERVICE PEACHTREE CITY GA
417 AM EDT FRI SEP 22 2017


...................................

...THE COLUMBUS CLIMATE SUMMARY FOR SEPTEMBER 21 2017...

CLIMATE NORMAL PERIOD 1981 TO 2010
CLIMATE RECORD PERIOD 1948 TO 2017


WEATHER ITEM   OBSERVED TIME   RECORD YEAR NORMAL DEPARTURE LAST
                VALUE   (LST)  VALUE       VALUE  FROM      YEAR
                                                  NORMAL
..................................................................
TEMPERATURE (F)
 YESTERDAY
  MAXIMUM         94    251 PM 101    1925  85      9       94
  MINIMUM         72    640 AM  47    1918  65      7       69
  AVERAGE         83                        75      8       82

PRECIPITATION (IN)
  YESTERDAY        0.00          2.87 1969   0.09  -0.09     0.00
  MONTH TO DATE    3.19                      2.18   1.01     0.34
  SINCE SEP 1      3.19                      2.18   1.01     0.34
  SINCE JAN 1     42.20                     34.92   7.28    27.26

DEGREE DAYS
 HEATING
  YESTERDAY        0                         0      0        0
  MONTH TO DATE    3                         0      3        0
  SINCE SEP 1      3                         0      3        0
  SINCE JUL 1      3                         0      3        0

 COOLING
  YESTERDAY       18                        10      8       17
  MONTH TO DATE  233                       272    -39      342
  SINCE SEP 1    233                       272    -39      342
  SINCE JAN 1   2327                      2144    183     2399
..................................................................


WIND (MPH)
  HIGHEST WIND SPEED    12   HIGHEST WIND DIRECTION    SE (140)
  HIGHEST GUST SPEED    15   HIGHEST GUST DIRECTION    SE (150)
  AVERAGE WIND SPEED     2.3


SKY COVER
  AVERAGE SKY COVER 0.1


WEATHER CONDITIONS
 THE FOLLOWING WEATHER WAS RECORDED YESTERDAY.
  THUNDERSTORM


RELATIVE HUMIDITY (PERCENT)
 HIGHEST    87           200 AM
 LOWEST     38           500 PM
 AVERAGE    63

..........................................................


THE COLUMBUS CLIMATE NORMALS FOR TODAY
                         NORMAL    RECORD    YEAR
 MAXIMUM TEMPERATURE (F)   85       101      1925
 MINIMUM TEMPERATURE (F)   65        46      1913


SUNRISE AND SUNSET
SEPTEMBER 22 2017.....SUNRISE   728 AM EDT   SUNSET   736 PM EDT
SEPTEMBER 23 2017.....SUNRISE   729 AM EDT   SUNSET   735 PM EDT


-  INDICATES NEGATIVE NUMBERS.
R  INDICATES RECORD WAS SET OR TIED.
MM INDICATES DATA IS MISSING.
T  INDICATES TRACE AMOUNT.




$$
