000
CDUS42 KFFC 220920
CLICSG


CLIMATE REPORT
NATIONAL WEATHER SERVICE PEACHTREE CITY GA
420 AM EST MON DEC 22 2014


...................................

...THE COLUMBUS CLIMATE SUMMARY FOR DECEMBER 21 2014...

CLIMATE NORMAL PERIOD 1981 TO 2010
CLIMATE RECORD PERIOD 1948 TO 2014


WEATHER ITEM   OBSERVED TIME   RECORD YEAR NORMAL DEPARTURE LAST
                VALUE   (LST)  VALUE       VALUE  FROM      YEAR
                                                  NORMAL
..................................................................
TEMPERATURE (F)
 YESTERDAY
  MAXIMUM         53    439 PM  75    1998  58     -5       74
                                      1971
  MINIMUM         49   1159 PM  18    1981  38     11       53
  AVERAGE         51                        48      3       64

PRECIPITATION (IN)
  YESTERDAY        T             2.50 1972   0.13  -0.13      T
  MONTH TO DATE    0.61                      2.98  -2.37     2.38
  SINCE DEC 1      0.61                      2.98  -2.37     2.38
  SINCE JAN 1     48.12                     45.46   2.66    56.16

SNOWFALL (IN)
  YESTERDAY        0.0           0.0  2001   0.1   -0.1      0.0
  MONTH TO DATE    0.0                       0.1   -0.1      0.0
  SINCE DEC 1      0.0                       0.1   -0.1      0.0
  SINCE JUL 1      0.0                       0.1   -0.1      0.0
  SNOW DEPTH       0

DEGREE DAYS
 HEATING
  YESTERDAY       14                        17     -3        1
  MONTH TO DATE  269                       318    -49      244
  SINCE DEC 1    269                       318    -49      244
  SINCE JUL 1    737                       650     87      592

 COOLING
  YESTERDAY        0                         0      0        0
  MONTH TO DATE    1                         0      1       15
  SINCE DEC 1      1                         0      1       15
  SINCE JAN 1   2314                      2364    -50     2362
..................................................................


WIND (MPH)
  HIGHEST WIND SPEED    13   HIGHEST WIND DIRECTION    SE (120)
  HIGHEST GUST SPEED    18   HIGHEST GUST DIRECTION     E (90)
  AVERAGE WIND SPEED     7.3


SKY COVER
  AVERAGE SKY COVER 1.0


WEATHER CONDITIONS
 THE FOLLOWING WEATHER WAS RECORDED YESTERDAY.
  LIGHT RAIN
  FOG
  HAZE


RELATIVE HUMIDITY (PERCENT)
 HIGHEST   100          1100 PM
 LOWEST     83          1200 PM
 AVERAGE    92

..........................................................


THE COLUMBUS CLIMATE NORMALS FOR TODAY
                         NORMAL    RECORD    YEAR
 MAXIMUM TEMPERATURE (F)   58        76      1990
 MINIMUM TEMPERATURE (F)   38        16      1960


SUNRISE AND SUNSET
DECEMBER 22 2014......SUNRISE   738 AM EST   SUNSET   539 PM EST
DECEMBER 23 2014......SUNRISE   738 AM EST   SUNSET   539 PM EST


-  INDICATES NEGATIVE NUMBERS.
R  INDICATES RECORD WAS SET OR TIED.
MM INDICATES DATA IS MISSING.
T  INDICATES TRACE AMOUNT.




$$
