000
CDUS44 KOHX 020804
CLICSV

CLIMATE REPORT
NATIONAL WEATHER SERVICE NASHVILLE TN
256 AM CDT SAT AUG 2 2014


...................................

...THE CROSSVILLE CLIMATE SUMMARY FOR AUGUST 1 2014...

CLIMATE NORMAL PERIOD 1981 TO 2010
CLIMATE RECORD PERIOD 1954 TO 2014


WEATHER ITEM   OBSERVED TIME   RECORD YEAR NORMAL DEPARTURE
                VALUE   (LST)  VALUE       VALUE  FROM
                                                  NORMAL
...............................................................
TEMPERATURE (F)
 YESTERDAY
  MAXIMUM         80    245 PM  92    1954  84     -4
  MINIMUM         59    500 AM  56    1997  65     -6
  AVERAGE         70                        75     -5

PRECIPITATION (IN)
  YESTERDAY        0.00          1.44 1989   0.14  -0.14
  MONTH TO DATE    0.00                      0.14  -0.14
  SINCE JUN 1      9.50                      9.89  -0.39
  SINCE JAN 1     27.41                     34.27  -6.86

DEGREE DAYS
 HEATING
  YESTERDAY        0                                0
  MONTH TO DATE    0                                0
  SINCE JUN 1      1                              -13
  SINCE JUL 1      1                                1

 COOLING
  YESTERDAY        5                               -5
  MONTH TO DATE    5                               -5
  SINCE JUN 1    439                              -64
  SINCE JAN 1    557                              -29
...............................................................


WIND (MPH)
  HIGHEST WIND SPEED     8   HIGHEST WIND DIRECTION     N (360)
  HIGHEST GUST SPEED    12   HIGHEST GUST DIRECTION    NW (330)
  AVERAGE WIND SPEED     1.0


SKY COVER
  AVERAGE SKY COVER 0.6


WEATHER CONDITIONS
 THE FOLLOWING WEATHER WAS RECORDED YESTERDAY.
  FOG
  HAZE


RELATIVE HUMIDITY (PERCENT)
 HIGHEST    90           400 AM
 LOWEST     56          1000 AM
 AVERAGE    73

..........................................................


THE CROSSVILLE CLIMATE NORMALS FOR TODAY
                         NORMAL    RECORD    YEAR
 MAXIMUM TEMPERATURE (F)   84        96      1991
 MINIMUM TEMPERATURE (F)   65        55      1992


SUNRISE AND SUNSET
AUGUST  2 2014........SUNRISE   549 AM CDT   SUNSET   744 PM CDT
AUGUST  3 2014........SUNRISE   549 AM CDT   SUNSET   743 PM CDT


-  INDICATES NEGATIVE NUMBERS.
R  INDICATES RECORD WAS SET OR TIED.
MM INDICATES DATA IS MISSING.
T  INDICATES TRACE AMOUNT.




$$
