000
CDUS44 KOHX 250735
CLICSV

CLIMATE REPORT
NATIONAL WEATHER SERVICE NASHVILLE TN
232 AM CDT FRI JUL 25 2014


...................................

...THE CROSSVILLE CLIMATE SUMMARY FOR JULY 24 2014...

CLIMATE NORMAL PERIOD 1981 TO 2010
CLIMATE RECORD PERIOD 1954 TO 2014


WEATHER ITEM   OBSERVED TIME   RECORD YEAR NORMAL DEPARTURE
                VALUE   (LST)  VALUE       VALUE  FROM
                                                  NORMAL
...............................................................
TEMPERATURE (F)
 YESTERDAY
  MAXIMUM         81   1259 PM  96    1993  84     -3
  MINIMUM         62   1159 PM  56    2008  65     -3
  AVERAGE         72                        75     -3

PRECIPITATION (IN)
  YESTERDAY        0.00          3.82 1959   0.18  -0.18
  MONTH TO DATE    4.93                      4.00   0.93
  SINCE JUN 1      9.26                      8.60   0.66
  SINCE JAN 1     27.17                     32.98  -5.81

DEGREE DAYS
 HEATING
  YESTERDAY        0                                0
  MONTH TO DATE    0                                0
  SINCE JUN 1      0                              -14
  SINCE JUL 1      0                                0

 COOLING
  YESTERDAY        7                               -3
  MONTH TO DATE  174                              -60
  SINCE JUN 1    402                              -27
  SINCE JAN 1    520                                8
...............................................................


WIND (MPH)
  HIGHEST WIND SPEED    16   HIGHEST WIND DIRECTION    NW (310)
  HIGHEST GUST SPEED    21   HIGHEST GUST DIRECTION    NW (320)
  AVERAGE WIND SPEED     6.9


SKY COVER
  AVERAGE SKY COVER 0.6


WEATHER CONDITIONS
 THE FOLLOWING WEATHER WAS RECORDED YESTERDAY.
  FOG
  HAZE


RELATIVE HUMIDITY (PERCENT)
 HIGHEST   100           500 AM
 LOWEST     58           100 PM
 AVERAGE    79

..........................................................


THE CROSSVILLE CLIMATE NORMALS FOR TODAY
                         NORMAL    RECORD    YEAR
 MAXIMUM TEMPERATURE (F)   84        95      1993
 MINIMUM TEMPERATURE (F)   65        56      2003


SUNRISE AND SUNSET
JULY 25 2014..........SUNRISE   542 AM CDT   SUNSET   751 PM CDT
JULY 26 2014..........SUNRISE   543 AM CDT   SUNSET   750 PM CDT


-  INDICATES NEGATIVE NUMBERS.
R  INDICATES RECORD WAS SET OR TIED.
MM INDICATES DATA IS MISSING.
T  INDICATES TRACE AMOUNT.




$$
19
