000
CDUS45 KTFX 281014
CLICTB


CLIMATE REPORT
NATIONAL WEATHER SERVICE GREAT FALLS MT
412 AM MDT SUN AUG 28 2016


...................................

...THE CUT BANK MT CLIMATE SUMMARY FOR AUGUST 27 2016...

CLIMATE NORMAL PERIOD 1981 TO 2010
CLIMATE RECORD PERIOD 1903 TO 2016


WEATHER ITEM   OBSERVED TIME   RECORD YEAR NORMAL DEPARTURE LAST
                VALUE   (LST)  VALUE       VALUE  FROM      YEAR
                                                  NORMAL
..................................................................
TEMPERATURE (F)
 YESTERDAY
  MAXIMUM         80   1102 AM  93    2001  76      4       88
                                      1971
  MINIMUM         51    204 AM  29    1911  46      5       49
  AVERAGE         66                        61      5       69

PRECIPITATION (IN)
  YESTERDAY        0.00          0.82 1946   0.04  -0.04     0.00
  MONTH TO DATE    1.17                      1.03   0.14     0.60
  SINCE OCT 1     10.56                      9.52   1.04     8.28
  SINCE JAN 1      8.64                      8.50   0.14     5.75

SNOWFALL (IN)
  YESTERDAY       MM
  SNOW DEPTH       0

DEGREE DAYS
 HEATING
  YESTERDAY        0                         5     -5        0
  MONTH TO DATE   91                        84      7       74
  SINCE JUN 1    329                       403    -74      271
  SINCE JUL 1    165                       170     -5      141

 COOLING
  YESTERDAY        1                         1      0        4
  MONTH TO DATE   26                        61    -35       85
  SINCE JUN 1     99                       148    -49      215
  SINCE JAN 1     99                       150    -51      215
..................................................................


WIND (MPH)
  HIGHEST WIND SPEED    36   HIGHEST WIND DIRECTION     W (250)
  HIGHEST GUST SPEED    41   HIGHEST GUST DIRECTION    SW (240)
  AVERAGE WIND SPEED    13.8


SKY COVER
  AVERAGE SKY COVER 0.4


WEATHER CONDITIONS
 THE FOLLOWING WEATHER WAS RECORDED YESTERDAY.
  HAZE


RELATIVE HUMIDITY (PERCENT)
 HIGHEST    63           100 AM
 LOWEST     23          1100 AM
 AVERAGE    43

..........................................................


THE CUT BANK MT CLIMATE NORMALS FOR TODAY
                         NORMAL    RECORD    YEAR
 MAXIMUM TEMPERATURE (F)   75        95      2012
 MINIMUM TEMPERATURE (F)   45        30      1918


SUNRISE AND SUNSET
AUGUST 28 2016........SUNRISE   642 AM MDT   SUNSET   818 PM MDT
AUGUST 29 2016........SUNRISE   643 AM MDT   SUNSET   816 PM MDT


-  INDICATES NEGATIVE NUMBERS.
R  INDICATES RECORD WAS SET OR TIED.
MM INDICATES DATA IS MISSING.
T  INDICATES TRACE AMOUNT.




$$
