000
CDUS45 KTFX 280728
CLICTB


CLIMATE REPORT
NATIONAL WEATHER SERVICE GREAT FALLS MT
128 AM MDT SUN MAY 28 2017


...................................

...THE CUT BANK MT CLIMATE SUMMARY FOR MAY 27 2017...

CLIMATE NORMAL PERIOD 1981 TO 2010
CLIMATE RECORD PERIOD 1903 TO 2017


WEATHER ITEM   OBSERVED TIME   RECORD YEAR NORMAL DEPARTURE LAST
                VALUE   (LST)  VALUE       VALUE  FROM      YEAR
                                                  NORMAL
..................................................................
TEMPERATURE (F)
 YESTERDAY
  MAXIMUM         76    433 PM  91    1936  66     10       63
  MINIMUM         41    253 AM  27    1911  41      0       40
  AVERAGE         59                        53      6       52

PRECIPITATION (IN)
  YESTERDAY        0.00          1.04 2010   0.09  -0.09     0.00
  MONTH TO DATE    0.96                      1.59  -0.63     2.15
  SINCE OCT 1      6.45                      4.30   2.15     6.73
  SINCE JAN 1      5.02                      3.28   1.74     4.81

SNOWFALL (IN)
  YESTERDAY       MM
  SNOW DEPTH       0

DEGREE DAYS
 HEATING
  YESTERDAY        6                        12     -6       13
  MONTH TO DATE  362                       424    -62      427
  SINCE MAR 1   2070                      2184   -114     1842
  SINCE JUL 1   8421                      8244    177     7307

 COOLING
  YESTERDAY        0                         0      0        0
  MONTH TO DATE    0                         0      0        0
  SINCE MAR 1      0                         0      0        0
  SINCE JAN 1      0                         0      0        0
..................................................................


WIND (MPH)
  HIGHEST WIND SPEED    26   HIGHEST WIND DIRECTION     N (360)
  HIGHEST GUST SPEED    33   HIGHEST GUST DIRECTION     N (10)
  AVERAGE WIND SPEED    13.3


SKY COVER
  AVERAGE SKY COVER 0.3


WEATHER CONDITIONS
 THE FOLLOWING WEATHER WAS RECORDED YESTERDAY.
  NO SIGNIFICANT WEATHER WAS OBSERVED.


RELATIVE HUMIDITY (PERCENT)
 HIGHEST    76           100 AM
 LOWEST     23           300 PM
 AVERAGE    50

..........................................................


THE CUT BANK MT CLIMATE NORMALS FOR TODAY
                         NORMAL    RECORD    YEAR
 MAXIMUM TEMPERATURE (F)   66        90      1934
 MINIMUM TEMPERATURE (F)   41        25      1947


SUNRISE AND SUNSET
MAY 28 2017...........SUNRISE   534 AM MDT   SUNSET   920 PM MDT
MAY 29 2017...........SUNRISE   534 AM MDT   SUNSET   921 PM MDT


-  INDICATES NEGATIVE NUMBERS.
R  INDICATES RECORD WAS SET OR TIED.
MM INDICATES DATA IS MISSING.
T  INDICATES TRACE AMOUNT.




$$
