375
CDUS45 KTFX 230857
CLICTB


CLIMATE REPORT
NATIONAL WEATHER SERVICE GREAT FALLS MT
256 AM MDT SAT JUL 23 2016


...................................

...THE CUT BANK MT CLIMATE SUMMARY FOR JULY 22 2016...

CLIMATE NORMAL PERIOD 1981 TO 2010
CLIMATE RECORD PERIOD 1903 TO 2016


WEATHER ITEM   OBSERVED TIME   RECORD YEAR NORMAL DEPARTURE LAST
                VALUE   (LST)  VALUE       VALUE  FROM      YEAR
                                                  NORMAL
..................................................................
TEMPERATURE (F)
 YESTERDAY
  MAXIMUM         88    335 PM 101    1936  81      7       84
  MINIMUM         46    521 AM  36    1984  51     -5       52
  AVERAGE         67                        66      1       68

PRECIPITATION (IN)
  YESTERDAY        0.00          0.50 1924   0.03  -0.03     0.00
  MONTH TO DATE    0.89                      0.97  -0.08     0.86
  SINCE OCT 1      8.82                      8.18   0.64     7.59
  SINCE JAN 1      6.90                      7.16  -0.26     5.06

SNOWFALL (IN)
  YESTERDAY        0.0
  SNOW DEPTH       0

DEGREE DAYS
 HEATING
  YESTERDAY        0                         2     -2        0
  MONTH TO DATE   72                        70      2       54
  SINCE JUN 1    236                       303    -67      184
  SINCE JUL 1     72                        70      2       54

 COOLING
  YESTERDAY        2                         3     -1        3
  MONTH TO DATE   25                        45    -20       53
  SINCE JUN 1     47                        60    -13      113
  SINCE JAN 1     47                        62    -15      113
..................................................................


WIND (MPH)
  HIGHEST WIND SPEED    46   HIGHEST WIND DIRECTION     W (270)
  HIGHEST GUST SPEED    55   HIGHEST GUST DIRECTION     W (270)
  AVERAGE WIND SPEED    13.6


SKY COVER
  AVERAGE SKY COVER 0.0


WEATHER CONDITIONS
 THE FOLLOWING WEATHER WAS RECORDED YESTERDAY.
  NO SIGNIFICANT WEATHER WAS OBSERVED.


RELATIVE HUMIDITY (PERCENT)
 HIGHEST    77           400 AM
 LOWEST     23           400 PM
 AVERAGE    50

..........................................................


THE CUT BANK MT CLIMATE NORMALS FOR TODAY
                         NORMAL    RECORD    YEAR
 MAXIMUM TEMPERATURE (F)   81       100      2007
 MINIMUM TEMPERATURE (F)   51        37      1982


SUNRISE AND SUNSET
JULY 23 2016..........SUNRISE   553 AM MDT   SUNSET   918 PM MDT
JULY 24 2016..........SUNRISE   554 AM MDT   SUNSET   917 PM MDT


-  INDICATES NEGATIVE NUMBERS.
R  INDICATES RECORD WAS SET OR TIED.
MM INDICATES DATA IS MISSING.
T  INDICATES TRACE AMOUNT.




$$
