000
CDUS45 KTFX 282321
CLICTB


CLIMATE REPORT
NATIONAL WEATHER SERVICE GREAT FALLS MT
420 PM MST FRI NOV 28 2014


...................................

...THE CUT BANK MT CLIMATE SUMMARY FOR NOVEMBER 28 2014...
VALID TODAY AS OF 0400 PM LOCAL TIME.

CLIMATE NORMAL PERIOD 1981 TO 2010
CLIMATE RECORD PERIOD 1903 TO 2014


WEATHER ITEM   OBSERVED TIME   RECORD YEAR NORMAL DEPARTURE LAST
                VALUE   (LST)  VALUE       VALUE  FROM      YEAR
                                                  NORMAL
..................................................................
TEMPERATURE (F)
 TODAY
  MAXIMUM         49   1012 AM  60    1956  35     14       51
  MINIMUM          1    359 PM -24    1985  16    -15       13
  AVERAGE         25                        26     -1       32

PRECIPITATION (IN)
  TODAY            T             0.18 1976   0.01  -0.01     0.00
  MONTH TO DATE    0.75                      0.34   0.41     0.41
  SINCE OCT 1      1.27                      0.78   0.49     0.76
  SINCE JAN 1     16.18                     10.66   5.52    14.46

SNOWFALL (IN)
  TODAY           MM
  SNOW DEPTH       T

DEGREE DAYS
 HEATING
  TODAY           40                        39      1       33
  MONTH TO DATE 1048                       959     89     1023
  SINCE SEP 1   1834                      1989   -155     1972
  SINCE JUL 1   1931                      2183   -252     2044

 COOLING
  TODAY            0                         0      0        0
  MONTH TO DATE    0                         0      0        0
  SINCE SEP 1     11                         9      2       31
  SINCE JAN 1    208                       162     46      226
..................................................................


WIND (MPH)
  HIGHEST WIND SPEED    32   HIGHEST WIND DIRECTION     N (360)
  HIGHEST GUST SPEED    41   HIGHEST GUST DIRECTION    SW (240)
  AVERAGE WIND SPEED    21.3


SKY COVER
  AVERAGE SKY COVER 0.3


WEATHER CONDITIONS
 THE FOLLOWING WEATHER WAS RECORDED TODAY.
  LIGHT SNOW
  FOG
  HAZE


RELATIVE HUMIDITY (PERCENT)
 HIGHEST    84          1100 AM
 LOWEST     61          1000 AM
 AVERAGE    73

..........................................................


THE CUT BANK MT CLIMATE NORMALS FOR TOMORROW
                         NORMAL    RECORD    YEAR
 MAXIMUM TEMPERATURE (F)   35        62      1969
 MINIMUM TEMPERATURE (F)   16       -21      1975


SUNRISE AND SUNSET
NOVEMBER 28 2014......SUNRISE   757 AM MST   SUNSET   438 PM MST
NOVEMBER 29 2014......SUNRISE   758 AM MST   SUNSET   437 PM MST


-  INDICATES NEGATIVE NUMBERS.
R  INDICATES RECORD WAS SET OR TIED.
MM INDICATES DATA IS MISSING.
T  INDICATES TRACE AMOUNT.




$$
