000
CDUS45 KTFX 302230
CLICTB


CLIMATE REPORT
NATIONAL WEATHER SERVICE GREAT FALLS MT
430 PM MDT FRI SEP 30 2016


...................................

...THE CUT BANK MT CLIMATE SUMMARY FOR SEPTEMBER 30 2016...
VALID TODAY AS OF 0400 PM LOCAL TIME.

CLIMATE NORMAL PERIOD 1981 TO 2010
CLIMATE RECORD PERIOD 1903 TO 2016


WEATHER ITEM   OBSERVED TIME   RECORD YEAR NORMAL DEPARTURE LAST
                VALUE   (LST)  VALUE       VALUE  FROM      YEAR
                                                  NORMAL
..................................................................
TEMPERATURE (F)
 TODAY
  MAXIMUM         75    254 PM  89    1992  62     13       76
  MINIMUM         39    538 AM  19    1959  35      4       33
  AVERAGE         57                        49      8       55

PRECIPITATION (IN)
  TODAY            0.00          0.69 1977   0.03  -0.03     0.00
  MONTH TO DATE    1.26                      1.22   0.04     2.55
  SINCE OCT 1     11.82                     10.90   0.92    10.83
  SINCE JAN 1      9.90                      9.88   0.02     8.30

DEGREE DAYS
 HEATING
  TODAY            8                        16     -8       10
  MONTH TO DATE  350                       345      5      310
  SINCE SEP 1    350                       343      7      310
  SINCE JUL 1    523                       537    -14      461

 COOLING
  TODAY            0                         0      0        0
  MONTH TO DATE    5                         8     -3        3
  SINCE SEP 1      5                         8     -3        3
  SINCE JAN 1    108                       161    -53      231
..................................................................


WIND (MPH)
  HIGHEST WIND SPEED    15   HIGHEST WIND DIRECTION    SE (140)
  HIGHEST GUST SPEED    19   HIGHEST GUST DIRECTION     S (170)
  AVERAGE WIND SPEED     6.5


SKY COVER
  AVERAGE SKY COVER 0.2


WEATHER CONDITIONS
 THE FOLLOWING WEATHER WAS RECORDED TODAY.
  NO SIGNIFICANT WEATHER WAS OBSERVED.


RELATIVE HUMIDITY (PERCENT)
 HIGHEST   100           100 AM
 LOWEST     35           200 PM
 AVERAGE    68

..........................................................


THE CUT BANK MT CLIMATE NORMALS FOR TOMORROW
                         NORMAL    RECORD    YEAR
 MAXIMUM TEMPERATURE (F)   62        88      1992
 MINIMUM TEMPERATURE (F)   35        14      1950


SUNRISE AND SUNSET
SEPTEMBER 30 2016.....SUNRISE   728 AM MDT   SUNSET   709 PM MDT
OCTOBER  1 2016.......SUNRISE   730 AM MDT   SUNSET   707 PM MDT


-  INDICATES NEGATIVE NUMBERS.
R  INDICATES RECORD WAS SET OR TIED.
MM INDICATES DATA IS MISSING.
T  INDICATES TRACE AMOUNT.




$$
