000
CDUS45 KTFX 201013
CLICTB


CLIMATE REPORT
NATIONAL WEATHER SERVICE GREAT FALLS MT
412 AM MDT SUN APR 20 2014


...................................

...THE CUT BANK MT CLIMATE SUMMARY FOR APRIL 19 2014...

CLIMATE NORMAL PERIOD 1981 TO 2010
CLIMATE RECORD PERIOD 1903 TO 2014


WEATHER ITEM   OBSERVED TIME   RECORD YEAR NORMAL DEPARTURE LAST
                VALUE   (LST)  VALUE       VALUE  FROM      YEAR
                                                  NORMAL
..................................................................
TEMPERATURE (F)
 YESTERDAY
  MAXIMUM         60    447 PM  83    1962  54      6       57
  MINIMUM         31    339 AM   2    1927  30      1       39
  AVERAGE         46                        42      4       48

PRECIPITATION (IN)
  YESTERDAY        0.00          0.45 1985   0.03  -0.03     0.00
  MONTH TO DATE    0.50                      0.43   0.07     0.68
  SINCE OCT 1      3.62                      2.36   1.26     4.15
  SINCE JAN 1      2.42                      1.34   1.08     1.98

SNOWFALL (IN)
  YESTERDAY       MM
  SNOW DEPTH       0

DEGREE DAYS
 HEATING
  YESTERDAY       19                        23     -4       17
  MONTH TO DATE  470                       486    -16      569
  SINCE MAR 1   1692                      1524    168     1624
  SINCE JUL 1   7898                      7584    314     7363

 COOLING
  YESTERDAY        0                         0      0        0
  MONTH TO DATE    0                         0      0        0
  SINCE MAR 1      0                         0      0        0
  SINCE JAN 1      0                         0      0        0
..................................................................


WIND (MPH)
  HIGHEST WIND SPEED    36   HIGHEST WIND DIRECTION     W (260)
  HIGHEST GUST SPEED    46   HIGHEST GUST DIRECTION     W (260)
  AVERAGE WIND SPEED    16.1


SKY COVER
  AVERAGE SKY COVER 0.0


WEATHER CONDITIONS
 THE FOLLOWING WEATHER WAS RECORDED YESTERDAY.
  NO SIGNIFICANT WEATHER WAS OBSERVED.


RELATIVE HUMIDITY (PERCENT)
 HIGHEST    64           100 AM
 LOWEST     13           100 PM
 AVERAGE    39

..........................................................


THE CUT BANK MT CLIMATE NORMALS FOR TODAY
                         NORMAL    RECORD    YEAR
 MAXIMUM TEMPERATURE (F)   55        81      1980
 MINIMUM TEMPERATURE (F)   30        -5      1927


SUNRISE AND SUNSET
APRIL 20 2014.........SUNRISE   629 AM MDT   SUNSET   828 PM MDT
APRIL 21 2014.........SUNRISE   627 AM MDT   SUNSET   830 PM MDT


-  INDICATES NEGATIVE NUMBERS.
R  INDICATES RECORD WAS SET OR TIED.
MM INDICATES DATA IS MISSING.
T  INDICATES TRACE AMOUNT.




$$
