189
CDUS45 KTFX 291007
CLICTB


CLIMATE REPORT
NATIONAL WEATHER SERVICE GREAT FALLS MT
406 AM MDT WED MAR 29 2017


...................................

...THE CUT BANK MT CLIMATE SUMMARY FOR MARCH 28 2017...

CLIMATE NORMAL PERIOD 1981 TO 2010
CLIMATE RECORD PERIOD 1903 TO 2017


WEATHER ITEM   OBSERVED TIME   RECORD YEAR NORMAL DEPARTURE LAST
                VALUE   (LST)  VALUE       VALUE  FROM      YEAR
                                                  NORMAL
..................................................................
TEMPERATURE (F)
 YESTERDAY
  MAXIMUM         51    246 PM  66    1986  47      4       41
  MINIMUM         32    205 AM -25    1936  24      8       32
  AVERAGE         42                        36      6       37

PRECIPITATION (IN)
  YESTERDAY        0.00          0.81 1977   0.02  -0.02     0.02
  MONTH TO DATE    0.06                      0.44  -0.38     0.16
  SINCE OCT 1      2.91                      1.87   1.04     2.56
  SINCE JAN 1      1.48                      0.85   0.63     0.64

SNOWFALL (IN)
  YESTERDAY       MM
  SNOW DEPTH       0

DEGREE DAYS
 HEATING
  YESTERDAY       23                        30     -7       28
  MONTH TO DATE  960                       955      5      766
  SINCE MAR 1    960                       955      5      766
  SINCE JUL 1   7311                      7015    296     6231

 COOLING
  YESTERDAY        0                         0      0        0
  MONTH TO DATE    0                         0      0        0
  SINCE MAR 1      0                         0      0        0
  SINCE JAN 1      0                         0      0        0
..................................................................


WIND (MPH)
  HIGHEST WIND SPEED    36   HIGHEST WIND DIRECTION     W (250)
  HIGHEST GUST SPEED    43   HIGHEST GUST DIRECTION     W (250)
  AVERAGE WIND SPEED    22.3


SKY COVER
  AVERAGE SKY COVER 0.0


WEATHER CONDITIONS
 THE FOLLOWING WEATHER WAS RECORDED YESTERDAY.
  NO SIGNIFICANT WEATHER WAS OBSERVED.


RELATIVE HUMIDITY (PERCENT)
 HIGHEST    69           200 AM
 LOWEST     33           100 PM
 AVERAGE    51

..........................................................


THE CUT BANK MT CLIMATE NORMALS FOR TODAY
                         NORMAL    RECORD    YEAR
 MAXIMUM TEMPERATURE (F)   47        67      1966
 MINIMUM TEMPERATURE (F)   24       -11      1936


SUNRISE AND SUNSET
MARCH 29 2017.........SUNRISE   713 AM MDT   SUNSET   756 PM MDT
MARCH 30 2017.........SUNRISE   711 AM MDT   SUNSET   758 PM MDT


-  INDICATES NEGATIVE NUMBERS.
R  INDICATES RECORD WAS SET OR TIED.
MM INDICATES DATA IS MISSING.
T  INDICATES TRACE AMOUNT.




$$
