000
CDUS45 KTFX 210732
CLICTB


CLIMATE REPORT
NATIONAL WEATHER SERVICE GREAT FALLS MT
130 AM MDT FRI JUL 21 2017


...................................

...THE CUT BANK MT CLIMATE SUMMARY FOR JULY 20 2017...

CLIMATE NORMAL PERIOD 1981 TO 2010
CLIMATE RECORD PERIOD 1903 TO 2017


WEATHER ITEM   OBSERVED TIME   RECORD YEAR NORMAL DEPARTURE LAST
                VALUE   (LST)  VALUE       VALUE  FROM      YEAR
                                                  NORMAL
..................................................................
TEMPERATURE (F)
 YESTERDAY
  MAXIMUM         92    244 PM 102    1921  81     11       84
  MINIMUM         50    533 AM  36    1980  50      0       55
  AVERAGE         71                        66      5       70

PRECIPITATION (IN)
  YESTERDAY        T             0.52 1912   0.04  -0.04     0.00
  MONTH TO DATE    0.01                      0.91  -0.90     0.89
  SINCE OCT 1      8.94                      8.12   0.82     8.82
  SINCE JAN 1      7.51                      7.10   0.41     6.90

SNOWFALL (IN)
  YESTERDAY       MM
  SNOW DEPTH       0

DEGREE DAYS
 HEATING
  YESTERDAY        0                         2     -2        0
  MONTH TO DATE   11                        66    -55       72
  SINCE JUN 1    182                       299   -117      236
  SINCE JUL 1     11                        66    -55       72

 COOLING
  YESTERDAY        6                         3      3        5
  MONTH TO DATE   97                        39     58       20
  SINCE JUN 1    109                        54     55       42
  SINCE JAN 1    111                        56     55       42
..................................................................


WIND (MPH)
  HIGHEST WIND SPEED    37   HIGHEST WIND DIRECTION     W (270)
  HIGHEST GUST SPEED    50   HIGHEST GUST DIRECTION     W (270)
  AVERAGE WIND SPEED    12.2


SKY COVER
  AVERAGE SKY COVER 0.0


WEATHER CONDITIONS
 THE FOLLOWING WEATHER WAS RECORDED YESTERDAY.
  LIGHT RAIN


RELATIVE HUMIDITY (PERCENT)
 HIGHEST    64           600 AM
 LOWEST     13           300 PM
 AVERAGE    39

..........................................................


THE CUT BANK MT CLIMATE NORMALS FOR TODAY
                         NORMAL    RECORD    YEAR
 MAXIMUM TEMPERATURE (F)   81        97      1985
 MINIMUM TEMPERATURE (F)   51        35      1933


SUNRISE AND SUNSET
JULY 21 2017..........SUNRISE   550 AM MDT   SUNSET   921 PM MDT
JULY 22 2017..........SUNRISE   551 AM MDT   SUNSET   920 PM MDT


-  INDICATES NEGATIVE NUMBERS.
R  INDICATES RECORD WAS SET OR TIED.
MM INDICATES DATA IS MISSING.
T  INDICATES TRACE AMOUNT.




$$
