000
CDUS45 KTFX 160942
CLICTB


CLIMATE REPORT
NATIONAL WEATHER SERVICE GREAT FALLS MT
241 AM MST TUE JAN 16 2018


...................................

...THE CUT BANK MT CLIMATE SUMMARY FOR JANUARY 15 2018...

CLIMATE NORMAL PERIOD 1981 TO 2010
CLIMATE RECORD PERIOD 1903 TO 2018


WEATHER ITEM   OBSERVED TIME   RECORD YEAR NORMAL DEPARTURE LAST
                VALUE   (LST)  VALUE       VALUE  FROM      YEAR
                                                  NORMAL
..................................................................
TEMPERATURE (F)
 YESTERDAY
  MAXIMUM         21   1226 AM  58    1973  33    -12       37
  MINIMUM          1   1159 PM -35    2005  11    -10       21
  AVERAGE         11                        22    -11       29

PRECIPITATION (IN)
  YESTERDAY        0.00          0.35 1924   0.00   0.00     0.00
  MONTH TO DATE    T                         0.10  -0.10     0.45
  SINCE OCT 1      1.05                      1.12  -0.07     1.88
  SINCE JAN 1      T                         0.10  -0.10     0.45

SNOWFALL (IN)
  YESTERDAY       MM
  SNOW DEPTH       1

DEGREE DAYS
 HEATING
  YESTERDAY       54                        43     11       36
  MONTH TO DATE  690                       648     42      894
  SINCE DEC 1   2137                      1975    162     2539
  SINCE JUL 1   4361                      4238    123     4517

 COOLING
  YESTERDAY        0                         0      0        0
  MONTH TO DATE    0                         0      0        0
  SINCE DEC 1      0                         0      0        0
  SINCE JAN 1      0                         0      0        0
..................................................................


WIND (MPH)
  HIGHEST WIND SPEED    17   HIGHEST WIND DIRECTION    SE (150)
  HIGHEST GUST SPEED    21   HIGHEST GUST DIRECTION    SE (140)
  AVERAGE WIND SPEED    10.5


SKY COVER
  AVERAGE SKY COVER 1.0


WEATHER CONDITIONS
 THE FOLLOWING WEATHER WAS RECORDED YESTERDAY.
  FOG
  FOG W/VISIBILITY <= 1/4 MILE


RELATIVE HUMIDITY (PERCENT)
 HIGHEST   100          1200 AM
 LOWEST     80           300 PM
 AVERAGE    90

..........................................................


THE CUT BANK MT CLIMATE NORMALS FOR TODAY
                         NORMAL    RECORD    YEAR
 MAXIMUM TEMPERATURE (F)   33        52      1958
 MINIMUM TEMPERATURE (F)   12       -36      1930


SUNRISE AND SUNSET
JANUARY 16 2018.......SUNRISE   816 AM MST   SUNSET   503 PM MST
JANUARY 17 2018.......SUNRISE   815 AM MST   SUNSET   505 PM MST


-  INDICATES NEGATIVE NUMBERS.
R  INDICATES RECORD WAS SET OR TIED.
MM INDICATES DATA IS MISSING.
T  INDICATES TRACE AMOUNT.




$$
