000
CDUS45 KTFX 241028
CLICTB


CLIMATE REPORT
NATIONAL WEATHER SERVICE GREAT FALLS MT
428 AM MDT FRI OCT 24 2014


...................................

...THE CUT BANK MT CLIMATE SUMMARY FOR OCTOBER 23 2014...

CLIMATE NORMAL PERIOD 1981 TO 2010
CLIMATE RECORD PERIOD 1903 TO 2014


WEATHER ITEM   OBSERVED TIME   RECORD YEAR NORMAL DEPARTURE LAST
                VALUE   (LST)  VALUE       VALUE  FROM      YEAR
                                                  NORMAL
..................................................................
TEMPERATURE (F)
 YESTERDAY
  MAXIMUM         63    121 PM  81    1965  52     11       56
  MINIMUM         45    120 AM   6    2012  28     17       32
                                      1919
  AVERAGE         54                        40     14       44

PRECIPITATION (IN)
  YESTERDAY        0.00          0.38 1954   0.01  -0.01     0.00
  MONTH TO DATE    0.27                      0.36  -0.09     0.20
  SINCE OCT 1      0.27                      0.36  -0.09     0.20
  SINCE JAN 1     15.18                     10.24   4.94    13.90

SNOWFALL (IN)
  YESTERDAY       MM
  SNOW DEPTH       0

DEGREE DAYS
 HEATING
  YESTERDAY       11                        25    -14       21
  MONTH TO DATE  291                       474   -183      487
  SINCE SEP 1    605                       817   -212      710
  SINCE JUL 1    702                      1011   -309      782

 COOLING
  YESTERDAY        0                         0      0        0
  MONTH TO DATE    0                         0      0        0
  SINCE SEP 1     11                         8      3       31
  SINCE JAN 1    208                       161     47      226
..................................................................


WIND (MPH)
  HIGHEST WIND SPEED    40   HIGHEST WIND DIRECTION     W (250)
  HIGHEST GUST SPEED    51   HIGHEST GUST DIRECTION     W (250)
  AVERAGE WIND SPEED    16.5


SKY COVER
  AVERAGE SKY COVER 0.2


WEATHER CONDITIONS
 THE FOLLOWING WEATHER WAS RECORDED YESTERDAY.
  NO SIGNIFICANT WEATHER WAS OBSERVED.


RELATIVE HUMIDITY (PERCENT)
 HIGHEST    76           600 PM
 LOWEST     42           100 PM
 AVERAGE    59

..........................................................


THE CUT BANK MT CLIMATE NORMALS FOR TODAY
                         NORMAL    RECORD    YEAR
 MAXIMUM TEMPERATURE (F)   52        75      1929
 MINIMUM TEMPERATURE (F)   28        -4      1919


SUNRISE AND SUNSET
OCTOBER 24 2014.......SUNRISE   803 AM MDT   SUNSET   623 PM MDT
OCTOBER 25 2014.......SUNRISE   805 AM MDT   SUNSET   621 PM MDT


-  INDICATES NEGATIVE NUMBERS.
R  INDICATES RECORD WAS SET OR TIED.
MM INDICATES DATA IS MISSING.
T  INDICATES TRACE AMOUNT.




$$
