000
CDUS45 KTFX 211052
CLICTB


CLIMATE REPORT
NATIONAL WEATHER SERVICE GREAT FALLS MT
452 AM MDT THU SEP 21 2017


...................................

...THE CUT BANK MT CLIMATE SUMMARY FOR SEPTEMBER 20 2017...

CLIMATE NORMAL PERIOD 1981 TO 2010
CLIMATE RECORD PERIOD 1903 TO 2017


WEATHER ITEM   OBSERVED TIME   RECORD YEAR NORMAL DEPARTURE LAST
                VALUE   (LST)  VALUE       VALUE  FROM      YEAR
                                                  NORMAL
..................................................................
TEMPERATURE (F)
 YESTERDAY
  MAXIMUM         55    315 PM  86    1938  66    -11       62
  MINIMUM         38   1243 AM  17    1934  38      0       43
  AVERAGE         47                        52     -5       53

PRECIPITATION (IN)
  YESTERDAY        0.00          1.00 1968   0.04  -0.04     0.00
  MONTH TO DATE    0.51                      0.88  -0.37     0.60
  SINCE OCT 1      9.45                     10.56  -1.11    11.16
  SINCE JAN 1      8.02                      9.54  -1.52     9.24

SNOWFALL (IN)
  YESTERDAY       MM
  SNOW DEPTH       0

DEGREE DAYS
 HEATING
  YESTERDAY       18                        13      5       12
  MONTH TO DATE  167                       197    -30      233
  SINCE SEP 1    167                       197    -30      233
  SINCE JUL 1    250                       391   -141      406

 COOLING
  YESTERDAY        0                         0      0        0
  MONTH TO DATE   24                         6     18        5
  SINCE SEP 1     24                         6     18        5
  SINCE JAN 1    250                       159     91      108
..................................................................


WIND (MPH)
  HIGHEST WIND SPEED    36   HIGHEST WIND DIRECTION    SW (240)
  HIGHEST GUST SPEED    42   HIGHEST GUST DIRECTION    SW (230)
  AVERAGE WIND SPEED    18.7


SKY COVER
  AVERAGE SKY COVER 0.1


WEATHER CONDITIONS
 THE FOLLOWING WEATHER WAS RECORDED YESTERDAY.
  NO SIGNIFICANT WEATHER WAS OBSERVED.


RELATIVE HUMIDITY (PERCENT)
 HIGHEST    76           100 AM
 LOWEST     35           100 PM
 AVERAGE    56

..........................................................


THE CUT BANK MT CLIMATE NORMALS FOR TODAY
                         NORMAL    RECORD    YEAR
 MAXIMUM TEMPERATURE (F)   66        88      1967
 MINIMUM TEMPERATURE (F)   38        20      1995


SUNRISE AND SUNSET
SEPTEMBER 21 2017.....SUNRISE   715 AM MDT   SUNSET   729 PM MDT
SEPTEMBER 22 2017.....SUNRISE   717 AM MDT   SUNSET   727 PM MDT


-  INDICATES NEGATIVE NUMBERS.
R  INDICATES RECORD WAS SET OR TIED.
MM INDICATES DATA IS MISSING.
T  INDICATES TRACE AMOUNT.




$$
