000
CDUS42 KTAE 210624
CLICTY


CLIMATE REPORT
NATIONAL WEATHER SERVICE TALLAHASSEE FL
221 AM EDT MON APR 21 2014

...................................

...THE CROSS CITY (AWOS) CLIMATE SUMMARY FOR APRIL 20 2014...

CLIMATE NORMAL PERIOD 1981 TO 2010
CLIMATE RECORD PERIOD 1948 TO 2014


WEATHER ITEM   OBSERVED TIME   NORMAL DEPARTURE LAST
                VALUE   (LST)  VALUE  FROM      YEAR
                                      NORMAL
......................................................
TEMPERATURE (F)
 YESTERDAY
  MAXIMUM         69    225 PM  81    -12
  MINIMUM         57    938 AM  54      3
  AVERAGE         63            68     -5

PRECIPITATION (IN)
  YESTERDAY        0.00          0.07  -0.07     1.17
  MONTH TO DATE    3.82          2.35   1.47     2.77
  SINCE MAR 1      8.78          6.56   2.22     3.98
  SINCE JAN 1     18.93         13.87   5.06     7.49

DEGREE DAYS
 HEATING
  YESTERDAY        2             1      1
  MONTH TO DATE   20            41    -21
  SINCE MAR 1    185           176      9
  SINCE JUL 1   1180          1296   -116

 COOLING
  YESTERDAY        0             4     -4
  MONTH TO DATE   57            62     -5
  SINCE MAR 1     74           109    -35
  SINCE JAN 1    109           136    -27
......................................................

WIND (MPH)
  RESULTANT WIND SPEED   7   RESULTANT WIND DIRECTION   N (20)
  HIGHEST WIND SPEED    16   HIGHEST WIND DIRECTION     N (20)
  HIGHEST GUST SPEED    20   HIGHEST GUST DIRECTION     N (10)
  AVERAGE WIND SPEED     7.3



WEATHER CONDITIONS
 THE FOLLOWING WEATHER WAS RECORDED YESTERDAY.
  NO SIGNIFICANT WEATHER WAS OBSERVED.


RELATIVE HUMIDITY (PERCENT)
 HIGHEST    93
 LOWEST     67

..........................................................




SUNRISE AND SUNSET
APRIL 21 2014.........SUNRISE   700 AM EDT   SUNSET   803 PM EDT
APRIL 22 2014.........SUNRISE   659 AM EDT   SUNSET   804 PM EDT


-  INDICATES NEGATIVE NUMBERS.
R  INDICATES RECORD WAS SET OR TIED.
MM INDICATES DATA IS MISSING.
T  INDICATES TRACE AMOUNT.

$$
