000
CDUS42 KTAE 010652
CLICTY


CLIMATE REPORT
NATIONAL WEATHER SERVICE TALLAHASSEE FL
152 AM EST SUN MAR 1 2015


...................................

...THE CROSS CITY  CLIMATE SUMMARY FOR FEBRUARY 28 2015...

CLIMATE NORMAL PERIOD 1981 TO 2010
CLIMATE RECORD PERIOD 1948 TO 2015


WEATHER ITEM   OBSERVED TIME   NORMAL DEPARTURE LAST
                VALUE   (LST)  VALUE  FROM      YEAR
                                      NORMAL
......................................................
TEMPERATURE (F)
 YESTERDAY
  MAXIMUM         59    241 PM  73    -14       67
  MINIMUM         48    347 AM  45      3       29
  AVERAGE         54            59     -5

PRECIPITATION (IN)
  YESTERDAY        0.28          0.18   0.10     0.00
  MONTH TO DATE    3.03          3.27  -0.24     5.20
  SINCE DEC 1      9.21          9.83  -0.62    11.97
  SINCE JAN 1      5.97          7.31  -1.34    10.15

DEGREE DAYS
 HEATING
  YESTERDAY       11             7      4
  MONTH TO DATE  339           241     98
  SINCE DEC 1    875           952    -77
  SINCE JUL 1   1160          1120     40

 COOLING
  YESTERDAY        0             1     -1
  MONTH TO DATE    0            16    -16
  SINCE DEC 1     54            45      9
  SINCE JAN 1     16            27    -11
......................................................


WIND (MPH)
  RESULTANT WIND SPEED   9   RESULTANT WIND DIRECTION  NE (50)
  HIGHEST WIND SPEED    14   HIGHEST WIND DIRECTION    NE (50)
  HIGHEST GUST SPEED    23   HIGHEST GUST DIRECTION    NE (60)
  AVERAGE WIND SPEED     8.7



WEATHER CONDITIONS
 THE FOLLOWING WEATHER WAS RECORDED YESTERDAY.
  NO SIGNIFICANT WEATHER WAS OBSERVED.


RELATIVE HUMIDITY (PERCENT)
 HIGHEST    96
 LOWEST     61

..........................................................




SUNRISE AND SUNSET
MARCH  1 2015.........SUNRISE   658 AM EST   SUNSET   632 PM EST
MARCH  2 2015.........SUNRISE   657 AM EST   SUNSET   632 PM EST


-  INDICATES NEGATIVE NUMBERS.
R  INDICATES RECORD WAS SET OR TIED.
MM INDICATES DATA IS MISSING.
T  INDICATES TRACE AMOUNT.




$$
