000
CDUS42 KTAE 300633
CLICTY


CLIMATE REPORT
NATIONAL WEATHER SERVICE TALLAHASSEE FL
233 AM EDT THU MAR 30 2017


...................................

...THE CROSS CITY  CLIMATE SUMMARY FOR MARCH 29 2017...

CLIMATE NORMAL PERIOD 1981 TO 2010
CLIMATE RECORD PERIOD 1948 TO 2017


WEATHER ITEM   OBSERVED TIME   NORMAL DEPARTURE LAST
                VALUE   (LST)  VALUE  FROM      YEAR
                                      NORMAL
......................................................
TEMPERATURE (F)
 YESTERDAY
  MAXIMUM         86    400 PM  78      8       76
  MINIMUM         52    600 AM  51      1       56
  AVERAGE         69            64      5

PRECIPITATION (IN)
  YESTERDAY        0.00          0.13  -0.13     0.00
  MONTH TO DATE    0.86          3.96  -3.10     3.47
  SINCE MAR 1      0.86          3.96  -3.10     3.47
  SINCE JAN 1      3.41         11.27  -7.86    10.23

DEGREE DAYS
 HEATING
  YESTERDAY        0             3     -3
  MONTH TO DATE  135           130      5
  SINCE MAR 1    135           130      5
  SINCE JUL 1    734          1250   -516

 COOLING
  YESTERDAY        4             2      2
  MONTH TO DATE   53            40     13
  SINCE MAR 1     53            40     13
  SINCE JAN 1    115            67     48
......................................................


WIND (MPH)
  RESULTANT WIND SPEED   2   RESULTANT WIND DIRECTION   W (270)
  HIGHEST WIND SPEED    14   HIGHEST WIND DIRECTION     W (280)
  HIGHEST GUST SPEED    17   HIGHEST GUST DIRECTION    SW (240)
  AVERAGE WIND SPEED     3.3



WEATHER CONDITIONS
 THE FOLLOWING WEATHER WAS RECORDED YESTERDAY.
  FOG
  FOG W/VISIBILITY <= 1/4 MILE


RELATIVE HUMIDITY (PERCENT)
 HIGHEST   100
 LOWEST     35

..........................................................




SUNRISE AND SUNSET
MARCH 30 2017.........SUNRISE   724 AM EDT   SUNSET   750 PM EDT
MARCH 31 2017.........SUNRISE   723 AM EDT   SUNSET   751 PM EDT


-  INDICATES NEGATIVE NUMBERS.
R  INDICATES RECORD WAS SET OR TIED.
MM INDICATES DATA IS MISSING.
T  INDICATES TRACE AMOUNT.




$$
