000
CDUS42 KTAE 200630
CLICTY


CLIMATE REPORT
NATIONAL WEATHER SERVICE TALLAHASSEE FL
130 AM EST FRI JAN 20 2017


...................................

...THE CROSS CITY  CLIMATE SUMMARY FOR JANUARY 19 2017...

CLIMATE NORMAL PERIOD 1981 TO 2010
CLIMATE RECORD PERIOD 1948 TO 2017


WEATHER ITEM   OBSERVED TIME   NORMAL DEPARTURE LAST
                VALUE   (LST)  VALUE  FROM      YEAR
                                      NORMAL
......................................................
TEMPERATURE (F)
 YESTERDAY
  MAXIMUM         77    300 PM  67     10       56
  MINIMUM         57   1100 PM  40     17       28
  AVERAGE         67            53     14

PRECIPITATION (IN)
  YESTERDAY        0.00          0.14  -0.14     0.00
  MONTH TO DATE    1.29          2.48  -1.19     2.53
  SINCE DEC 1      5.16          5.00   0.16     4.79
  SINCE JAN 1      1.29          2.48  -1.19     2.53

DEGREE DAYS
 HEATING
  YESTERDAY        0            12    -12
  MONTH TO DATE  110           239   -129
  SINCE DEC 1    271           576   -305
  SINCE JUL 1    396           744   -348

 COOLING
  YESTERDAY        2             0      2
  MONTH TO DATE   17             0     17
  SINCE DEC 1     70            18     52
  SINCE JAN 1     17             0     17
......................................................


WIND (MPH)
  RESULTANT WIND SPEED   2   RESULTANT WIND DIRECTION  SW (210)
  HIGHEST WIND SPEED    12   HIGHEST WIND DIRECTION    SW (220)
  HIGHEST GUST SPEED    MM   HIGHEST GUST DIRECTION    MM
  AVERAGE WIND SPEED     2.3



WEATHER CONDITIONS
 THE FOLLOWING WEATHER WAS RECORDED YESTERDAY.
  FOG
  FOG W/VISIBILITY <= 1/4 MILE


RELATIVE HUMIDITY (PERCENT)
 HIGHEST   100
 LOWEST     64

..........................................................




SUNRISE AND SUNSET
JANUARY 20 2017.......SUNRISE   727 AM EST   SUNSET   600 PM EST
JANUARY 21 2017.......SUNRISE   727 AM EST   SUNSET   601 PM EST


-  INDICATES NEGATIVE NUMBERS.
R  INDICATES RECORD WAS SET OR TIED.
MM INDICATES DATA IS MISSING.
T  INDICATES TRACE AMOUNT.




$$
