188
CDUS42 KTAE 270633
CLICTY


CLIMATE REPORT
NATIONAL WEATHER SERVICE TALLAHASSEE FL
233 AM EDT WED JUL 27 2016


...................................

...THE CROSS CITY  CLIMATE SUMMARY FOR JULY 26 2016...

CLIMATE NORMAL PERIOD 1981 TO 2010
CLIMATE RECORD PERIOD 1948 TO 2016


WEATHER ITEM   OBSERVED TIME   NORMAL DEPARTURE LAST
                VALUE   (LST)  VALUE  FROM      YEAR
                                      NORMAL
......................................................
TEMPERATURE (F)
 YESTERDAY
  MAXIMUM         94    323 PM  91      3       92
  MINIMUM         75   1159 PM  72      3       73
  AVERAGE         85            82      3

PRECIPITATION (IN)
  YESTERDAY        0.15          0.21  -0.06     0.29
  MONTH TO DATE    6.12          4.65   1.47    14.05
  SINCE JUN 1     11.20          9.74   1.46    21.42
  SINCE JAN 1     27.95         26.91   1.04    34.56

DEGREE DAYS
 HEATING
  YESTERDAY        0             0      0
  MONTH TO DATE    0             0      0
  SINCE JUN 1      0             0      0
  SINCE JUL 1      0             0      0

 COOLING
  YESTERDAY       20            17      3
  MONTH TO DATE  501           426     75
  SINCE JUN 1   1036           873    163
  SINCE JAN 1   1711          1352    359
......................................................


WIND (MPH)
  RESULTANT WIND SPEED   4   RESULTANT WIND DIRECTION   S (200)
  HIGHEST WIND SPEED    24   HIGHEST WIND DIRECTION     S (170)
  HIGHEST GUST SPEED    30   HIGHEST GUST DIRECTION     S (160)
  AVERAGE WIND SPEED     4.8



WEATHER CONDITIONS
 THE FOLLOWING WEATHER WAS RECORDED YESTERDAY.
  NO SIGNIFICANT WEATHER WAS OBSERVED.


RELATIVE HUMIDITY (PERCENT)
 HIGHEST    87
 LOWEST     46

..........................................................




SUNRISE AND SUNSET
JULY 27 2016..........SUNRISE   649 AM EDT   SUNSET   828 PM EDT
JULY 28 2016..........SUNRISE   650 AM EDT   SUNSET   827 PM EDT


-  INDICATES NEGATIVE NUMBERS.
R  INDICATES RECORD WAS SET OR TIED.
MM INDICATES DATA IS MISSING.
T  INDICATES TRACE AMOUNT.




$$
