000
CDUS42 KTAE 100635
CLICTY


CLIMATE REPORT
NATIONAL WEATHER SERVICE TALLAHASSEE FL
134 AM EST WED FEB 10 2016


...................................

...THE CROSS CITY  CLIMATE SUMMARY FOR FEBRUARY 9 2016...

CLIMATE NORMAL PERIOD 1981 TO 2010
CLIMATE RECORD PERIOD 1948 TO 2016


WEATHER ITEM   OBSERVED TIME   NORMAL DEPARTURE LAST
                VALUE   (LST)  VALUE  FROM      YEAR
                                      NORMAL
......................................................
TEMPERATURE (F)
 YESTERDAY
  MAXIMUM         57    342 PM  69    -12       64
  MINIMUM         40   1159 PM  43     -3       40
  AVERAGE         49            56     -7

PRECIPITATION (IN)
  YESTERDAY        0.00          0.07  -0.07     0.11
  MONTH TO DATE    2.95          0.85   2.10     1.27
  SINCE DEC 1      8.29          7.41   0.88     7.45
  SINCE JAN 1      6.03          4.89   1.14     4.21

DEGREE DAYS
 HEATING
  YESTERDAY       16             9      7
  MONTH TO DATE   85            89     -4
  SINCE DEC 1    515           799   -284
  SINCE JUL 1    553           967   -414

 COOLING
  YESTERDAY        0             1     -1
  MONTH TO DATE   17             9      8
  SINCE DEC 1    187            38    149
  SINCE JAN 1     21            20      1
......................................................


WIND (MPH)
  RESULTANT WIND SPEED  12   RESULTANT WIND DIRECTION   W (290)
  HIGHEST WIND SPEED    29   HIGHEST WIND DIRECTION     W (260)
  HIGHEST GUST SPEED    42   HIGHEST GUST DIRECTION     W (260)
  AVERAGE WIND SPEED    12.6



WEATHER CONDITIONS
 THE FOLLOWING WEATHER WAS RECORDED YESTERDAY.
  NO SIGNIFICANT WEATHER WAS OBSERVED.


RELATIVE HUMIDITY (PERCENT)
 HIGHEST    51
 LOWEST     28

..........................................................




SUNRISE AND SUNSET
FEBRUARY 10 2016......SUNRISE   716 AM EST   SUNSET   617 PM EST
FEBRUARY 11 2016......SUNRISE   715 AM EST   SUNSET   618 PM EST


-  INDICATES NEGATIVE NUMBERS.
R  INDICATES RECORD WAS SET OR TIED.
MM INDICATES DATA IS MISSING.
T  INDICATES TRACE AMOUNT.




$$
