000
CDUS42 KCAE 240604
CLICUB


CLIMATE REPORT
NATIONAL WEATHER SERVICE COLUMBIA SC
204 AM EDT FRI MAR 24 2017


...................................

...THE HAMILTON - OWENS AIRPORT SC CLIMATE SUMMARY FOR MARCH 23 2017...

CLIMATE NORMAL PERIOD 1981 TO 2010
CLIMATE RECORD PERIOD 9999 TO 9999


WEATHER ITEM   OBSERVED TIME   NORMAL DEPARTURE LAST
                VALUE   (LST)  VALUE  FROM      YEAR
                                      NORMAL
......................................................
TEMPERATURE (F)
 YESTERDAY
  MAXIMUM         65    450 PM  71     -6       77
  MINIMUM         43    700 AM  47     -4       43
  AVERAGE         54            59     -5       60

PRECIPITATION (IN)
  YESTERDAY        0.00          0.11  -0.11     0.00
  MONTH TO DATE    2.19          2.90  -0.71     0.92
  SINCE MAR 1      2.19          2.90  -0.71     0.92
  SINCE JAN 1      9.89         10.18  -0.29     5.84

DEGREE DAYS
 HEATING
  YESTERDAY       11             7      4        5
  MONTH TO DATE  266           226     40      130
  SINCE MAR 1    266           226     40      130
  SINCE JUL 1   1530          2155   -625     1630

 COOLING
  YESTERDAY        0             1     -1        0
  MONTH TO DATE   14             3     11       55
  SINCE MAR 1     14             3     11       55
  SINCE JAN 1     32             6     26       58
......................................................


WIND (MPH)
  HIGHEST WIND SPEED    13   HIGHEST WIND DIRECTION     E (70)
  HIGHEST GUST SPEED    20   HIGHEST GUST DIRECTION     E (80)
  AVERAGE WIND SPEED     4.6


SKY COVER
  AVERAGE SKY COVER 0.0


WEATHER CONDITIONS
 THE FOLLOWING WEATHER WAS RECORDED YESTERDAY.
  NO SIGNIFICANT WEATHER WAS OBSERVED.


RELATIVE HUMIDITY (PERCENT)
 HIGHEST    53           500 AM
 LOWEST     20           500 PM

..........................................................


THE HAMILTON - OWENS AIRPORT SC CLIMATE NORMALS FOR TODAY
                         NORMAL    RECORD    YEAR
 MAXIMUM TEMPERATURE (F)   71        MM        MM
 MINIMUM TEMPERATURE (F)   47        MM        MM


SUNRISE AND SUNSET
MARCH 24 2017.........SUNRISE   722 AM EDT   SUNSET   739 PM EDT
MARCH 25 2017.........SUNRISE   721 AM EDT   SUNSET   740 PM EDT


-  INDICATES NEGATIVE NUMBERS.
R  INDICATES RECORD WAS SET OR TIED.
MM INDICATES DATA IS MISSING.
T  INDICATES TRACE AMOUNT.




$$
