529
CDUS42 KCAE 220539
CLICUB


CLIMATE REPORT
NATIONAL WEATHER SERVICE COLUMBIA SC
139 AM EDT SUN OCT 22 2017


...................................

...THE HAMILTON - OWENS AIRPORT SC CLIMATE SUMMARY FOR OCTOBER 21 2017...

CLIMATE NORMAL PERIOD 1981 TO 2010
CLIMATE RECORD PERIOD 9999 TO 9999


WEATHER ITEM   OBSERVED TIME   NORMAL DEPARTURE LAST
                VALUE   (LST)  VALUE  FROM      YEAR
                                      NORMAL
......................................................
TEMPERATURE (F)
 YESTERDAY
  MAXIMUM         82    136 PM  75      7       80
  MINIMUM         51    705 AM  52     -1       58
  AVERAGE         67            63      4       69

PRECIPITATION (IN)
  YESTERDAY        0.00          0.11  -0.11     0.00
  MONTH TO DATE    0.87          2.39  -1.52     4.78
  SINCE SEP 1      4.77          6.43  -1.66    10.34
  SINCE JAN 1     40.97         38.28   2.69    38.07

DEGREE DAYS
 HEATING
  YESTERDAY        0             4     -4        0
  MONTH TO DATE    7            39    -32        5
  SINCE SEP 1      7            42    -35        5
  SINCE JUL 1      7            42    -35        5

 COOLING
  YESTERDAY        2             2      0        4
  MONTH TO DATE  178            81     97      126
  SINCE SEP 1    553           410    143      568
  SINCE JAN 1   2653          2228    425     2802
......................................................


WIND (MPH)
  HIGHEST WIND SPEED     8   HIGHEST WIND DIRECTION     S (160)
  HIGHEST GUST SPEED    11   HIGHEST GUST DIRECTION     E (110)
  AVERAGE WIND SPEED     1.1


SKY COVER
  AVERAGE SKY COVER 0.0


WEATHER CONDITIONS
 THE FOLLOWING WEATHER WAS RECORDED YESTERDAY.
  NO SIGNIFICANT WEATHER WAS OBSERVED.


RELATIVE HUMIDITY (PERCENT)
 HIGHEST    96           400 AM
 LOWEST     35           200 PM

..........................................................


THE HAMILTON - OWENS AIRPORT SC CLIMATE NORMALS FOR TODAY
                         NORMAL    RECORD    YEAR
 MAXIMUM TEMPERATURE (F)   74        MM        MM
 MINIMUM TEMPERATURE (F)   52        MM        MM


SUNRISE AND SUNSET
OCTOBER 22 2017.......SUNRISE   735 AM EDT   SUNSET   641 PM EDT
OCTOBER 23 2017.......SUNRISE   736 AM EDT   SUNSET   640 PM EDT


-  INDICATES NEGATIVE NUMBERS.
R  INDICATES RECORD WAS SET OR TIED.
MM INDICATES DATA IS MISSING.
T  INDICATES TRACE AMOUNT.




$$
