000
CDUS43 KUNR 300831
CLICUT


CLIMATE REPORT
NATIONAL WEATHER SERVICE RAPID CITY SD
231 AM MDT THU JUL 30 2015


...................................

...THE CUSTER COUNTY AIRPORT SD CLIMATE SUMMARY FOR JULY 29 2015...

CLIMATE NORMAL PERIOD 1981 TO 2010
CLIMATE RECORD PERIOD 9999 TO 9999


WEATHER ITEM   OBSERVED TIME   NORMAL DEPARTURE LAST
                VALUE   (LST)  VALUE  FROM      YEAR
                                      NORMAL
......................................................
TEMPERATURE (F)
 YESTERDAY
  MAXIMUM         74    402 PM  80     -6       65
  MINIMUM         42    449 AM  52    -10       50
  AVERAGE         58            66     -8       58

PRECIPITATION (IN)
  YESTERDAY        0.00          0.07  -0.07      T
  MONTH TO DATE    2.30          2.29   0.01     1.44
  SINCE JUN 1      8.80          5.51   3.29     4.83
  SINCE JAN 1     18.11         12.62   5.49    12.55

DEGREE DAYS
 HEATING
  YESTERDAY        7             2      5        7
  MONTH TO DATE   55            62     -7       76
  SINCE JUN 1    157           282   -125      349
  SINCE JUL 1     55            62     -7       76

 COOLING
  YESTERDAY        0             3     -3        0
  MONTH TO DATE   69            77     -8       85
  SINCE JUN 1     96           102     -6       86
  SINCE JAN 1     96           103     -7       90
......................................................


WIND (MPH)
  HIGHEST WIND SPEED    16   HIGHEST WIND DIRECTION     W (280)
  HIGHEST GUST SPEED    22   HIGHEST GUST DIRECTION     W (280)
  AVERAGE WIND SPEED     6.6


SKY COVER
  AVERAGE SKY COVER 0.0


WEATHER CONDITIONS
 THE FOLLOWING WEATHER WAS RECORDED YESTERDAY.
  NO SIGNIFICANT WEATHER WAS OBSERVED.


RELATIVE HUMIDITY (PERCENT)
 HIGHEST    70
 LOWEST     25
 AVERAGE    48

..........................................................




SUNRISE AND SUNSET
JULY 30 2015..........SUNRISE   541 AM MDT   SUNSET   820 PM MDT
JULY 31 2015..........SUNRISE   542 AM MDT   SUNSET   819 PM MDT


-  INDICATES NEGATIVE NUMBERS.
R  INDICATES RECORD WAS SET OR TIED.
MM INDICATES DATA IS MISSING.
T  INDICATES TRACE AMOUNT.




$$
