000
CDUS43 KUNR 230837
CLICUT


CLIMATE REPORT
NATIONAL WEATHER SERVICE RAPID CITY SD
235 AM MDT SAT JUL 23 2016


...................................

...THE CUSTER COUNTY AIRPORT SD CLIMATE SUMMARY FOR JULY 22 2016...

CLIMATE NORMAL PERIOD 1981 TO 2010
CLIMATE RECORD PERIOD 9999 TO 9999


WEATHER ITEM   OBSERVED TIME   NORMAL DEPARTURE LAST
                VALUE   (LST)  VALUE  FROM      YEAR
                                      NORMAL
......................................................
TEMPERATURE (F)
 YESTERDAY
  MAXIMUM         89   1125 AM  80      9       86
  MINIMUM         60    502 AM  52      8       53
  AVERAGE         75            66      9       70

PRECIPITATION (IN)
  YESTERDAY        T             0.09  -0.09      T
  MONTH TO DATE    1.50          1.78  -0.28     1.02
  SINCE JUN 1      4.20          5.00  -0.80     7.52
  SINCE JAN 1      8.78         12.11  -3.33    16.83

DEGREE DAYS
 HEATING
  YESTERDAY        0             2     -2        0
  MONTH TO DATE   36            48    -12       40
  SINCE JUN 1     92           268   -176      142
  SINCE JUL 1     36            48    -12       40

 COOLING
  YESTERDAY       10             3      7        5
  MONTH TO DATE   85            56     29       35
  SINCE JUN 1    162            81     81       62
  SINCE JAN 1    162            82     80       62
......................................................


WIND (MPH)
  HIGHEST WIND SPEED    17   HIGHEST WIND DIRECTION     S (170)
  HIGHEST GUST SPEED    26   HIGHEST GUST DIRECTION     S (200)
  AVERAGE WIND SPEED     6.0


SKY COVER
  AVERAGE SKY COVER 0.0


WEATHER CONDITIONS
 THE FOLLOWING WEATHER WAS RECORDED YESTERDAY.
  THUNDERSTORM
  LIGHT RAIN


RELATIVE HUMIDITY (PERCENT)
 HIGHEST    78
 LOWEST     21
 AVERAGE    50

..........................................................




SUNRISE AND SUNSET
JULY 23 2016..........SUNRISE   535 AM MDT   SUNSET   827 PM MDT
JULY 24 2016..........SUNRISE   536 AM MDT   SUNSET   826 PM MDT


-  INDICATES NEGATIVE NUMBERS.
R  INDICATES RECORD WAS SET OR TIED.
MM INDICATES DATA IS MISSING.
T  INDICATES TRACE AMOUNT.




$$
