000
CDUS43 KUNR 200833
CLICUT


CLIMATE REPORT
NATIONAL WEATHER SERVICE RAPID CITY SD
133 AM MST MON NOV 20 2017


...................................

...THE CUSTER COUNTY AIRPORT SD CLIMATE SUMMARY FOR NOVEMBER 19 2017...

CLIMATE NORMAL PERIOD 1981 TO 2010
CLIMATE RECORD PERIOD 9999 TO 9999


WEATHER ITEM   OBSERVED TIME   NORMAL DEPARTURE LAST
                VALUE   (LST)  VALUE  FROM      YEAR
                                      NORMAL
......................................................
TEMPERATURE (F)
 YESTERDAY
  MAXIMUM         47   1122 AM  40      7       44
  MINIMUM         25    707 AM  20      5        7
  AVERAGE         36            30      6       26

PRECIPITATION (IN)
  YESTERDAY        0.00          0.01  -0.01     0.00
  MONTH TO DATE    0.80          0.42   0.38     0.12
  SINCE SEP 1      3.13          3.46  -0.33     2.43
  SINCE JAN 1     20.70         18.38   2.32    15.27

DEGREE DAYS
 HEATING
  YESTERDAY       29            35     -6       39
  MONTH TO DATE  603           589     14      398
  SINCE SEP 1   1592          1614    -22     1147
  SINCE JUL 1   1693          1768    -75     1283

 COOLING
  YESTERDAY        0             0      0        0
  MONTH TO DATE    0             0      0        0
  SINCE SEP 1     27            11     16        7
  SINCE JAN 1    235           177     58      259
......................................................


WIND (MPH)
  HIGHEST WIND SPEED    20   HIGHEST WIND DIRECTION     W (270)
  HIGHEST GUST SPEED    27   HIGHEST GUST DIRECTION     W (260)
  AVERAGE WIND SPEED     8.6


SKY COVER
  AVERAGE SKY COVER 0.0


WEATHER CONDITIONS
 THE FOLLOWING WEATHER WAS RECORDED YESTERDAY.
  NO SIGNIFICANT WEATHER WAS OBSERVED.


RELATIVE HUMIDITY (PERCENT)
 HIGHEST    55
 LOWEST     26
 AVERAGE    41

..........................................................




SUNRISE AND SUNSET
NOVEMBER 20 2017......SUNRISE   655 AM MST   SUNSET   424 PM MST
NOVEMBER 21 2017......SUNRISE   657 AM MST   SUNSET   424 PM MST


-  INDICATES NEGATIVE NUMBERS.
R  INDICATES RECORD WAS SET OR TIED.
MM INDICATES DATA IS MISSING.
T  INDICATES TRACE AMOUNT.




$$
