000
CDUS43 KUNR 040836
CLICUT


CLIMATE REPORT
NATIONAL WEATHER SERVICE RAPID CITY SD
234 AM MDT FRI SEP 4 2015


...................................

...THE CUSTER COUNTY AIRPORT SD CLIMATE SUMMARY FOR SEPTEMBER 3 2015...

CLIMATE NORMAL PERIOD 1981 TO 2010
CLIMATE RECORD PERIOD 9999 TO 9999


WEATHER ITEM   OBSERVED TIME   NORMAL DEPARTURE LAST
                VALUE   (LST)  VALUE  FROM      YEAR
                                      NORMAL
......................................................
TEMPERATURE (F)
 YESTERDAY
  MAXIMUM         89    239 PM  74     15       86
  MINIMUM         57    430 AM  46     11       47
  AVERAGE         73            60     13       67

PRECIPITATION (IN)
  YESTERDAY        0.00          0.06  -0.06     0.00
  MONTH TO DATE    0.00          0.20  -0.20      T
  SINCE SEP 1      0.00          0.20  -0.20      T
  SINCE JAN 1     20.24         15.12   5.12    14.51

DEGREE DAYS
 HEATING
  YESTERDAY        0             6     -6        0
  MONTH TO DATE    0            18    -18       18
  SINCE SEP 1      0            18    -18       18
  SINCE JUL 1    146           172    -26      149

 COOLING
  YESTERDAY        8             1      7        2
  MONTH TO DATE   18             3     15        2
  SINCE SEP 1     18             3     15        2
  SINCE JAN 1    205           169     36      136
......................................................


WIND (MPH)
  HIGHEST WIND SPEED    17   HIGHEST WIND DIRECTION     S (180)
  HIGHEST GUST SPEED    27   HIGHEST GUST DIRECTION     S (170)
  AVERAGE WIND SPEED     5.5


SKY COVER
  AVERAGE SKY COVER 0.1


WEATHER CONDITIONS
 THE FOLLOWING WEATHER WAS RECORDED YESTERDAY.
  NO SIGNIFICANT WEATHER WAS OBSERVED.


RELATIVE HUMIDITY (PERCENT)
 HIGHEST    47
 LOWEST     14
 AVERAGE    31

..........................................................




SUNRISE AND SUNSET
SEPTEMBER  4 2015.....SUNRISE   621 AM MDT   SUNSET   725 PM MDT
SEPTEMBER  5 2015.....SUNRISE   622 AM MDT   SUNSET   723 PM MDT


-  INDICATES NEGATIVE NUMBERS.
R  INDICATES RECORD WAS SET OR TIED.
MM INDICATES DATA IS MISSING.
T  INDICATES TRACE AMOUNT.




$$
