000
CDUS43 KUNR 060831
CLICUT


CLIMATE REPORT
NATIONAL WEATHER SERVICE RAPID CITY SD
231 AM MDT FRI MAY 6 2016


...................................

...THE CUSTER COUNTY AIRPORT SD CLIMATE SUMMARY FOR MAY 5 2016...

CLIMATE NORMAL PERIOD 1981 TO 2010
CLIMATE RECORD PERIOD 9999 TO 9999


WEATHER ITEM   OBSERVED TIME   NORMAL DEPARTURE LAST
                VALUE   (LST)  VALUE  FROM      YEAR
                                      NORMAL
......................................................
TEMPERATURE (F)
 YESTERDAY
  MAXIMUM         79    133 PM  58     21       56
  MINIMUM         42    234 AM  33      9       36
  AVERAGE         61            45     16       46

PRECIPITATION (IN)
  YESTERDAY        0.00          0.10  -0.10     0.07
  MONTH TO DATE    0.00          0.50  -0.50     0.35
  SINCE MAR 1      2.30          3.63  -1.33     2.66
  SINCE JAN 1      2.91          4.49  -1.58     3.06

DEGREE DAYS
 HEATING
  YESTERDAY        4            20    -16       19
  MONTH TO DATE   73           102    -29       85
  SINCE MAR 1   1614          1917   -303     1625
  SINCE JUL 1   6669          7752  -1083     7074

 COOLING
  YESTERDAY        0             0      0        0
  MONTH TO DATE    0             0      0        0
  SINCE MAR 1      0             0      0        0
  SINCE JAN 1      0             0      0        0
......................................................


WIND (MPH)
  HIGHEST WIND SPEED    14   HIGHEST WIND DIRECTION     W (250)
  HIGHEST GUST SPEED    25   HIGHEST GUST DIRECTION    SW (210)
  AVERAGE WIND SPEED     4.2


SKY COVER
  AVERAGE SKY COVER 0.0


WEATHER CONDITIONS
 THE FOLLOWING WEATHER WAS RECORDED YESTERDAY.
  NO SIGNIFICANT WEATHER WAS OBSERVED.


RELATIVE HUMIDITY (PERCENT)
 HIGHEST    66
 LOWEST     14
 AVERAGE    40

..........................................................




SUNRISE AND SUNSET
MAY  6 2016...........SUNRISE   539 AM MDT   SUNSET   804 PM MDT
MAY  7 2016...........SUNRISE   538 AM MDT   SUNSET   805 PM MDT


-  INDICATES NEGATIVE NUMBERS.
R  INDICATES RECORD WAS SET OR TIED.
MM INDICATES DATA IS MISSING.
T  INDICATES TRACE AMOUNT.




$$
