000
CDUS43 KUNR 230832
CLICUT


CLIMATE REPORT
NATIONAL WEATHER SERVICE RAPID CITY SD
231 AM MDT SUN JUL 23 2017


...................................

...THE CUSTER COUNTY AIRPORT SD CLIMATE SUMMARY FOR JULY 22 2017...

CLIMATE NORMAL PERIOD 1981 TO 2010
CLIMATE RECORD PERIOD 9999 TO 9999


WEATHER ITEM   OBSERVED TIME   NORMAL DEPARTURE LAST
                VALUE   (LST)  VALUE  FROM      YEAR
                                      NORMAL
......................................................
TEMPERATURE (F)
 YESTERDAY
  MAXIMUM         85   1015 AM  80      5       89
  MINIMUM         58    314 AM  52      6       60
  AVERAGE         72            66      6       75

PRECIPITATION (IN)
  YESTERDAY        0.00          0.09  -0.09      T
  MONTH TO DATE    1.48          1.78  -0.30     1.50
  SINCE JUN 1      2.82          5.00  -2.18     4.20
  SINCE JAN 1     10.70         12.11  -1.41     8.78

DEGREE DAYS
 HEATING
  YESTERDAY        0             2     -2        0
  MONTH TO DATE    3            48    -45       36
  SINCE JUN 1    158           268   -110       92
  SINCE JUL 1      3            48    -45       36

 COOLING
  YESTERDAY        7             3      4       10
  MONTH TO DATE  131            56     75       85
  SINCE JUN 1    151            81     70      162
  SINCE JAN 1    151            82     69      162
......................................................


WIND (MPH)
  HIGHEST WIND SPEED    23   HIGHEST WIND DIRECTION     E (80)
  HIGHEST GUST SPEED    28   HIGHEST GUST DIRECTION     E (80)
  AVERAGE WIND SPEED     9.5


SKY COVER
  AVERAGE SKY COVER 0.3


WEATHER CONDITIONS
 THE FOLLOWING WEATHER WAS RECORDED YESTERDAY.
  NO SIGNIFICANT WEATHER WAS OBSERVED.


RELATIVE HUMIDITY (PERCENT)
 HIGHEST    46
 LOWEST     16
 AVERAGE    31

..........................................................




SUNRISE AND SUNSET
JULY 23 2017..........SUNRISE   534 AM MDT   SUNSET   827 PM MDT
JULY 24 2017..........SUNRISE   535 AM MDT   SUNSET   826 PM MDT


-  INDICATES NEGATIVE NUMBERS.
R  INDICATES RECORD WAS SET OR TIED.
MM INDICATES DATA IS MISSING.
T  INDICATES TRACE AMOUNT.




$$
