919
CDUS43 KUNR 051016
CLICUT


CLIMATE REPORT
NATIONAL WEATHER SERVICE RAPID CITY SD
314 AM MST FRI FEB 5 2016


...................................

...THE CUSTER COUNTY AIRPORT SD CLIMATE SUMMARY FOR FEBRUARY 4 2016...

CLIMATE NORMAL PERIOD 1981 TO 2010
CLIMATE RECORD PERIOD 9999 TO 9999


WEATHER ITEM   OBSERVED TIME   NORMAL DEPARTURE LAST
                VALUE   (LST)  VALUE  FROM      YEAR
                                      NORMAL
......................................................
TEMPERATURE (F)
 YESTERDAY
  MAXIMUM         29    137 PM  35     -6       24
  MINIMUM          6    719 AM  14     -8       10
  AVERAGE         18            24     -6       17

PRECIPITATION (IN)
  YESTERDAY        0.00          0.02  -0.02     0.00
  MONTH TO DATE    0.29          0.08   0.21     0.00
  SINCE DEC 1      0.71          0.79  -0.08     0.39
  SINCE JAN 1      0.33          0.41  -0.08     0.24

DEGREE DAYS
 HEATING
  YESTERDAY       47            41      6       48
  MONTH TO DATE  196           164     32      173
  SINCE DEC 1   2513          2718   -205     2443
  SINCE JUL 1   4301          4899   -598     4531

 COOLING
  YESTERDAY        0             0      0        0
  MONTH TO DATE    0             0      0        0
  SINCE DEC 1      0             0      0        0
  SINCE JAN 1      0             0      0        0
......................................................


WIND (MPH)
  HIGHEST WIND SPEED    22   HIGHEST WIND DIRECTION     W (270)
  HIGHEST GUST SPEED    36   HIGHEST GUST DIRECTION    SW (210)
  AVERAGE WIND SPEED    10.5


SKY COVER
  AVERAGE SKY COVER 0.1


WEATHER CONDITIONS
 THE FOLLOWING WEATHER WAS RECORDED YESTERDAY.
  NO SIGNIFICANT WEATHER WAS OBSERVED.


RELATIVE HUMIDITY (PERCENT)
 HIGHEST    80
 LOWEST     39
 AVERAGE    60

..........................................................




SUNRISE AND SUNSET
FEBRUARY  5 2016......SUNRISE   707 AM MST   SUNSET   510 PM MST
FEBRUARY  6 2016......SUNRISE   706 AM MST   SUNSET   512 PM MST


-  INDICATES NEGATIVE NUMBERS.
R  INDICATES RECORD WAS SET OR TIED.
MM INDICATES DATA IS MISSING.
T  INDICATES TRACE AMOUNT.




$$
