000
CDUS43 KUNR 250850
CLICUT


CLIMATE REPORT
NATIONAL WEATHER SERVICE RAPID CITY SD
244 AM MDT THU MAY 25 2017


...................................

...THE CUSTER COUNTY AIRPORT SD CLIMATE SUMMARY FOR MAY 24 2017...

CLIMATE NORMAL PERIOD 1981 TO 2010
CLIMATE RECORD PERIOD 9999 TO 9999


WEATHER ITEM   OBSERVED TIME   NORMAL DEPARTURE LAST
                VALUE   (LST)  VALUE  FROM      YEAR
                                      NORMAL
......................................................
TEMPERATURE (F)
 YESTERDAY
  MAXIMUM         73    225 PM  62     11       62
  MINIMUM         30    314 AM  39     -9       36
  AVERAGE         52            51      1       49

PRECIPITATION (IN)
  YESTERDAY        0.04          0.12  -0.08     0.46
  MONTH TO DATE    1.46          2.36  -0.90     1.33
  SINCE MAR 1      5.62          5.49   0.13     3.63
  SINCE JAN 1      7.63          6.35   1.28     4.24

DEGREE DAYS
 HEATING
  YESTERDAY       13            14     -1       16
  MONTH TO DATE  399           425    -26      423
  SINCE MAR 1   1983          2240   -257     1964
  SINCE JUL 1   7351          8075   -724     7019

 COOLING
  YESTERDAY        0             0      0        0
  MONTH TO DATE    0             0      0        0
  SINCE MAR 1      0             0      0        0
  SINCE JAN 1      0             0      0        0
......................................................


WIND (MPH)
  HIGHEST WIND SPEED    15   HIGHEST WIND DIRECTION    SW (240)
  HIGHEST GUST SPEED    21   HIGHEST GUST DIRECTION     S (180)
  AVERAGE WIND SPEED     5.3


SKY COVER
  AVERAGE SKY COVER 0.0


WEATHER CONDITIONS
 THE FOLLOWING WEATHER WAS RECORDED YESTERDAY.
  THUNDERSTORM
  RAIN


RELATIVE HUMIDITY (PERCENT)
 HIGHEST    85
 LOWEST     29
 AVERAGE    57

..........................................................




SUNRISE AND SUNSET
MAY 25 2017...........SUNRISE   520 AM MDT   SUNSET   824 PM MDT
MAY 26 2017...........SUNRISE   519 AM MDT   SUNSET   825 PM MDT


-  INDICATES NEGATIVE NUMBERS.
R  INDICATES RECORD WAS SET OR TIED.
MM INDICATES DATA IS MISSING.
T  INDICATES TRACE AMOUNT.




$$
