000
CDUS43 KUNR 010832
CLICUT


CLIMATE REPORT
NATIONAL WEATHER SERVICE RAPID CITY SD
232 AM MDT FRI AUG 1 2014


...................................

...THE CUSTER COUNTY AIRPORT SD CLIMATE SUMMARY FOR JULY 31 2014...

CLIMATE NORMAL PERIOD 1981 TO 2010
CLIMATE RECORD PERIOD 9999 TO 9999


WEATHER ITEM   OBSERVED TIME   NORMAL DEPARTURE LAST
                VALUE   (LST)  VALUE  FROM      YEAR
                                      NORMAL
......................................................
TEMPERATURE (F)
 YESTERDAY
  MAXIMUM         79   1245 PM  80     -1       74
  MINIMUM         49    425 AM  52     -3       50
  AVERAGE         64            66     -2       62

PRECIPITATION (IN)
  YESTERDAY        0.06          0.07  -0.01     0.02
  MONTH TO DATE    1.50          2.44  -0.94     3.82
  SINCE JUN 1      4.89          5.66  -0.77     5.47
  SINCE JAN 1     12.61         12.77  -0.16    12.00

DEGREE DAYS
 HEATING
  YESTERDAY        1             2     -1        3
  MONTH TO DATE   79            66     13       42
  SINCE JUN 1    352           281     71      235
  SINCE JUL 1     79            61     18       42

 COOLING
  YESTERDAY        0             3     -3        0
  MONTH TO DATE   85            81      4       63
  SINCE JUN 1     86           106    -20       72
  SINCE JAN 1     90           107    -17       74
......................................................


WIND (MPH)
  HIGHEST WIND SPEED    15   HIGHEST WIND DIRECTION     E (70)
  HIGHEST GUST SPEED    19   HIGHEST GUST DIRECTION     E (90)
  AVERAGE WIND SPEED     5.4


SKY COVER
  AVERAGE SKY COVER 0.3


WEATHER CONDITIONS
 THE FOLLOWING WEATHER WAS RECORDED YESTERDAY.
  THUNDERSTORM
  RAIN
  LIGHT RAIN


RELATIVE HUMIDITY (PERCENT)
 HIGHEST    93
 LOWEST     27
 AVERAGE    60

..........................................................




SUNRISE AND SUNSET
AUGUST  1 2014........SUNRISE   543 AM MDT   SUNSET   817 PM MDT
AUGUST  2 2014........SUNRISE   544 AM MDT   SUNSET   816 PM MDT


-  INDICATES NEGATIVE NUMBERS.
R  INDICATES RECORD WAS SET OR TIED.
MM INDICATES DATA IS MISSING.
T  INDICATES TRACE AMOUNT.




$$
