000
CDUS41 KILN 260543
CLICVG


CLIMATE REPORT
NATIONAL WEATHER SERVICE WILMINGTON OH
143 AM EDT FRI MAY 26 2017


...................................

...THE CINCINNATI OH CLIMATE SUMMARY FOR MAY 25 2017...

CLIMATE NORMAL PERIOD 1981 TO 2010
CLIMATE RECORD PERIOD 1869 TO 2017


WEATHER ITEM   OBSERVED TIME   RECORD YEAR NORMAL DEPARTURE LAST
                VALUE   (LST)  VALUE       VALUE  FROM      YEAR
                                                  NORMAL
..................................................................
TEMPERATURE (F)
 YESTERDAY
  MAXIMUM         63    649 PM  93    1908  76    -13       82
  MINIMUM         57    831 AM  32    1925  56      1       58
  AVERAGE         60                        66     -6       70

PRECIPITATION (IN)
  YESTERDAY        0.70          1.90 1995   0.16   0.54     0.00
  MONTH TO DATE    5.95                      3.97   1.98     2.71
  SINCE MAR 1     15.92                     11.82   4.10    12.89
  SINCE JAN 1     23.14                     17.63   5.51    19.52

SNOWFALL (IN)
  YESTERDAY        0.0           0.0    MM   0.0    0.0      0.0
  MONTH TO DATE    0.0                       0.0    0.0      0.0
  SINCE MAR 1      2.0                       3.5   -1.5      2.3
  SINCE JUL 1     10.0                      22.1  -12.1     19.2
  SNOW DEPTH       0

DEGREE DAYS
 HEATING
  YESTERDAY        5                         3      2        0
  MONTH TO DATE  136                       114     22      161
  SINCE MAR 1    928                      1121   -193      926
  SINCE JUL 1   4008                      4948   -940     4134

 COOLING
  YESTERDAY        0                         4     -4        5
  MONTH TO DATE   57                        52      5       21
  SINCE MAR 1    109                        70     39       39
  SINCE JAN 1    109                        70     39       39
..................................................................


WIND (MPH)
  RESULTANT WIND SPEED  10   RESULTANT WIND DIRECTION   W (270)
  HIGHEST WIND SPEED    24   HIGHEST WIND DIRECTION     W (280)
  HIGHEST GUST SPEED    31   HIGHEST GUST DIRECTION     W (270)
  AVERAGE WIND SPEED    11.3


SKY COVER
  POSSIBLE SUNSHINE  MM
  AVERAGE SKY COVER 0.9


WEATHER CONDITIONS
 THE FOLLOWING WEATHER WAS RECORDED YESTERDAY.
  RAIN
  LIGHT RAIN
  FOG


RELATIVE HUMIDITY (PERCENT)
 HIGHEST   100           400 AM
 LOWEST     78           700 PM
 AVERAGE    89

..........................................................


THE CINCINNATI OH CLIMATE NORMALS FOR TODAY
                         NORMAL    RECORD    YEAR
 MAXIMUM TEMPERATURE (F)   76        95      1911
 MINIMUM TEMPERATURE (F)   56        37      1983


SUNRISE AND SUNSET
MAY 26 2017...........SUNRISE   618 AM EDT   SUNSET   854 PM EDT
MAY 27 2017...........SUNRISE   617 AM EDT   SUNSET   855 PM EDT


-  INDICATES NEGATIVE NUMBERS.
R  INDICATES RECORD WAS SET OR TIED.
MM INDICATES DATA IS MISSING.
T  INDICATES TRACE AMOUNT.




$$
