000
CDUS41 KILN 252151
CLICVG


CLIMATE REPORT
NATIONAL WEATHER SERVICE WILMINGTON OH
450 PM EST SAT FEB 25 2017


...................................

...THE CINCINNATI OH CLIMATE SUMMARY FOR FEBRUARY 25 2017...
VALID TODAY AS OF 0400 PM LOCAL TIME.

CLIMATE NORMAL PERIOD 1981 TO 2010
CLIMATE RECORD PERIOD 1869 TO 2017


WEATHER ITEM   OBSERVED TIME   RECORD YEAR NORMAL DEPARTURE LAST
                VALUE   (LST)  VALUE       VALUE  FROM      YEAR
                                                  NORMAL
..................................................................
TEMPERATURE (F)
 TODAY
  MAXIMUM         52   1210 AM  75    2000  46      6       37
  MINIMUM         31    144 PM  -7    1967  28      3       32
  AVERAGE         42                        37      5       35

PRECIPITATION (IN)
  TODAY            T             1.55 1961   0.10  -0.10     0.04
  MONTH TO DATE    1.92                      2.51  -0.59     5.03
  SINCE DEC 1     10.02                      8.88   1.14    12.51
  SINCE JAN 1      5.59                      5.51   0.08     6.42

SNOWFALL (IN)
  TODAY            T             6.7  1993   0.2   -0.2      0.5
  MONTH TO DATE    1.6                       6.0   -4.4      8.4
  SINCE DEC 1      8.0                      17.3   -9.3     16.9
  SINCE JUL 1      8.0                      18.1  -10.1     16.9
  SNOW DEPTH       0

DEGREE DAYS
 HEATING
  TODAY           23                        28     -5       30
  MONTH TO DATE  515                       773   -258      742
  SINCE DEC 1   2332                      2785   -453     2381
  SINCE JUL 1   3014                      3745   -731     3126

 COOLING
  TODAY            0                         0      0        0
  MONTH TO DATE    0                         0      0        0
  SINCE DEC 1      0                         0      0        0
  SINCE JAN 1      0                         0      0        0
..................................................................


WIND (MPH)
  HIGHEST WIND SPEED    31   HIGHEST WIND DIRECTION     W (270)
  HIGHEST GUST SPEED    37   HIGHEST GUST DIRECTION     W (270)
  AVERAGE WIND SPEED    14.8


SKY COVER
  POSSIBLE SUNSHINE  MM
  AVERAGE SKY COVER 0.9


WEATHER CONDITIONS
 THE FOLLOWING WEATHER WAS RECORDED TODAY.
  LIGHT SNOW


RELATIVE HUMIDITY (PERCENT)
 HIGHEST    80           200 AM
 LOWEST     51           400 PM
 AVERAGE    66

..........................................................


THE CINCINNATI OH CLIMATE NORMALS FOR TOMORROW
                         NORMAL    RECORD    YEAR
 MAXIMUM TEMPERATURE (F)   46        73      2000
                                             1944
 MINIMUM TEMPERATURE (F)   29        -1      1950


SUNRISE AND SUNSET
FEBRUARY 25 2017......SUNRISE   717 AM EST   SUNSET   627 PM EST
FEBRUARY 26 2017......SUNRISE   715 AM EST   SUNSET   628 PM EST


-  INDICATES NEGATIVE NUMBERS.
R  INDICATES RECORD WAS SET OR TIED.
MM INDICATES DATA IS MISSING.
T  INDICATES TRACE AMOUNT.




$$
