000
CDUS41 KILN 280628
CLICVG


CLIMATE REPORT
NATIONAL WEATHER SERVICE WILMINGTON OH
224 AM EDT TUE JUL 28 2015


...................................

...THE CINCINNATI OH CLIMATE SUMMARY FOR JULY 27 2015...

CLIMATE NORMAL PERIOD 1981 TO 2010
CLIMATE RECORD PERIOD 1869 TO 2015


WEATHER ITEM   OBSERVED TIME   RECORD YEAR NORMAL DEPARTURE LAST
                VALUE   (LST)  VALUE       VALUE  FROM      YEAR
                                                  NORMAL
..................................................................
TEMPERATURE (F)
 YESTERDAY
  MAXIMUM         89    347 PM 101    1936  86      3       83
  MINIMUM         72    609 AM  49    1962  66      6       66
  AVERAGE         81                        76      5       75

PRECIPITATION (IN)
  YESTERDAY        T             4.07 1926   0.12  -0.12     0.38
  MONTH TO DATE    4.08                      3.28   0.80     2.83
  SINCE JUN 1     11.41                      7.31   4.10     9.05
  SINCE JAN 1     28.64                     25.90   2.74    26.52

SNOWFALL (IN)
  YESTERDAY        0.0           0.0         0.0    0.0      0.0
  MONTH TO DATE    0.0                       0.0    0.0      0.0
  SINCE JUN 1      0.0                       0.0    0.0      0.0
  SINCE JUL 1      0.0                       0.0    0.0      0.0
  SNOW DEPTH       0

DEGREE DAYS
 HEATING
  YESTERDAY        0                         0      0        0
  MONTH TO DATE    0                         0      0        2
  SINCE JUN 1     19                        15      4        5
  SINCE JUL 1      0                         0      0        2

 COOLING
  YESTERDAY       16                        11      5       10
  MONTH TO DATE  264                       295    -31      205
  SINCE JUN 1    523                       521      2      479
  SINCE JAN 1    672                       615     57      613
..................................................................


WIND (MPH)
  RESULTANT WIND SPEED   3   RESULTANT WIND DIRECTION  NE (60)
  HIGHEST WIND SPEED    10   HIGHEST WIND DIRECTION    NE (30)
  HIGHEST GUST SPEED    21   HIGHEST GUST DIRECTION     N (20)
  AVERAGE WIND SPEED     3.9


SKY COVER
  POSSIBLE SUNSHINE  MM
  AVERAGE SKY COVER 0.8


WEATHER CONDITIONS
 THE FOLLOWING WEATHER WAS RECORDED YESTERDAY.
  LIGHT RAIN
  FOG
  HAZE


RELATIVE HUMIDITY (PERCENT)
 HIGHEST    93          1200 AM
 LOWEST     57           600 PM
 AVERAGE    75

..........................................................


THE CINCINNATI OH CLIMATE NORMALS FOR TODAY
                         NORMAL    RECORD    YEAR
 MAXIMUM TEMPERATURE (F)   86       103      1930
 MINIMUM TEMPERATURE (F)   66        53      2013
                                             1962
                                             1920


SUNRISE AND SUNSET
JULY 28 2015..........SUNRISE   636 AM EDT   SUNSET   854 PM EDT
JULY 29 2015..........SUNRISE   636 AM EDT   SUNSET   853 PM EDT


-  INDICATES NEGATIVE NUMBERS.
R  INDICATES RECORD WAS SET OR TIED.
MM INDICATES DATA IS MISSING.
T  INDICATES TRACE AMOUNT.




$$
