000
CDUS41 KILN 300604
CLICVG


CLIMATE REPORT
NATIONAL WEATHER SERVICE WILMINGTON OH
202 AM EDT SAT AUG 30 2014


...................................

...THE CINCINNATI OH CLIMATE SUMMARY FOR AUGUST 29 2014...

CLIMATE NORMAL PERIOD 1981 TO 2010
CLIMATE RECORD PERIOD 1869 TO 2014


WEATHER ITEM   OBSERVED TIME   RECORD YEAR NORMAL DEPARTURE LAST
                VALUE   (LST)  VALUE       VALUE  FROM      YEAR
                                                  NORMAL
..................................................................
TEMPERATURE (F)
 YESTERDAY
  MAXIMUM         89    453 PM  99    1953  84      5       87
  MINIMUM         67    649 AM  43    1986  63      4       68
                                      1965
  AVERAGE         78                        73      5       78

PRECIPITATION (IN)
  YESTERDAY        0.00          1.63 1942   0.10  -0.10     0.00
  MONTH TO DATE    3.78                      3.21   0.57     2.11
  SINCE JUN 1     12.83                     11.00   1.83    13.59
  SINCE JAN 1     30.30                     29.59   0.71    31.47

SNOWFALL (IN)
  YESTERDAY        0.0           0.0    MM   0.0    0.0      0.0
  MONTH TO DATE    0.0                       0.0    0.0      0.0
  SINCE JUN 1      0.0                       0.0    0.0      0.0
  SINCE JUL 1      0.0                       0.0    0.0      0.0
  SNOW DEPTH       0

DEGREE DAYS
 HEATING
  YESTERDAY        0                         0      0        0
  MONTH TO DATE    0                         0      0        2
  SINCE JUN 1      8                        15     -7        5
  SINCE JUL 1      5                         0      5        4

 COOLING
  YESTERDAY       13                         9      4       13
  MONTH TO DATE  297                       293      4      265
  SINCE JUN 1    788                       858    -70      808
  SINCE JAN 1    922                       952    -30      947
..................................................................


WIND (MPH)
  RESULTANT WIND SPEED   6   RESULTANT WIND DIRECTION  SE (130)
  HIGHEST WIND SPEED    15   HIGHEST WIND DIRECTION    SE (130)
  HIGHEST GUST SPEED    17   HIGHEST GUST DIRECTION    SE (130)
  AVERAGE WIND SPEED     7.1


SKY COVER
  POSSIBLE SUNSHINE  MM
  AVERAGE SKY COVER 0.5


WEATHER CONDITIONS
 THE FOLLOWING WEATHER WAS RECORDED YESTERDAY.
  NO SIGNIFICANT WEATHER WAS OBSERVED.


RELATIVE HUMIDITY (PERCENT)
 HIGHEST    82          1100 PM
 LOWEST     46           200 PM
 AVERAGE    64

..........................................................


THE CINCINNATI OH CLIMATE NORMALS FOR TODAY
                         NORMAL    RECORD    YEAR
 MAXIMUM TEMPERATURE (F)   84        96      1962
                                             1953
                                             1932
 MINIMUM TEMPERATURE (F)   63        45      1915


SUNRISE AND SUNSET
AUGUST 30 2014........SUNRISE   706 AM EDT   SUNSET   812 PM EDT
AUGUST 31 2014........SUNRISE   706 AM EDT   SUNSET   811 PM EDT


-  INDICATES NEGATIVE NUMBERS.
R  INDICATES RECORD WAS SET OR TIED.
MM INDICATES DATA IS MISSING.
T  INDICATES TRACE AMOUNT.




$$
