000
CDUS41 KILN 010527
CLICVG


CLIMATE REPORT
NATIONAL WEATHER SERVICE WILMINGTON OH
127 AM EDT SAT OCT 1 2016


...................................

...THE CINCINNATI OH CLIMATE SUMMARY FOR SEPTEMBER 30 2016...

CLIMATE NORMAL PERIOD 1981 TO 2010
CLIMATE RECORD PERIOD 1869 TO 2016


WEATHER ITEM   OBSERVED TIME   RECORD YEAR NORMAL DEPARTURE LAST
                VALUE   (LST)  VALUE       VALUE  FROM      YEAR
                                                  NORMAL
..................................................................
TEMPERATURE (F)
 YESTERDAY
  MAXIMUM         67    354 PM  92    1953  72     -5       67
                                      1941
  MINIMUM         56   1031 PM  31    1993  51      5       58
  AVERAGE         62                        62      0       63

PRECIPITATION (IN)
  YESTERDAY        0.03          1.60 1893   0.09  -0.06      T
  MONTH TO DATE    2.49                      2.63  -0.14     2.02
  SINCE SEP 1      2.49                      2.63  -0.14     2.02
  SINCE JAN 1     35.57                     32.42   3.15    34.23

SNOWFALL (IN)
  YESTERDAY        0.0                       0.0    0.0      0.0
  MONTH TO DATE    0.0                       0.0    0.0      0.0
  SINCE SEP 1      0.0                       0.0    0.0      0.0
  SINCE JUL 1      0.0                       0.0    0.0      0.0
  SNOW DEPTH       0

DEGREE DAYS
 HEATING
  YESTERDAY        3                         5     -2        2
  MONTH TO DATE   22                        58    -36       16
  SINCE SEP 1     22                        58    -36       16
  SINCE JUL 1     22                        58    -36       18

 COOLING
  YESTERDAY        0                         2     -2        0
  MONTH TO DATE  236                       137     99      184
  SINCE SEP 1    236                       137     99      184
  SINCE JAN 1   1411                      1105    306     1139
..................................................................


WIND (MPH)
  RESULTANT WIND SPEED   2   RESULTANT WIND DIRECTION   S (160)
  HIGHEST WIND SPEED    10   HIGHEST WIND DIRECTION     E (90)
  HIGHEST GUST SPEED    26   HIGHEST GUST DIRECTION    NW (320)
  AVERAGE WIND SPEED     3.1


SKY COVER
  POSSIBLE SUNSHINE  MM
  AVERAGE SKY COVER 0.9


WEATHER CONDITIONS
 THE FOLLOWING WEATHER WAS RECORDED YESTERDAY.
  LIGHT RAIN
  FOG


RELATIVE HUMIDITY (PERCENT)
 HIGHEST   100          1200 AM
 LOWEST     63           400 PM
 AVERAGE    82

..........................................................


THE CINCINNATI OH CLIMATE NORMALS FOR TODAY
                         NORMAL    RECORD    YEAR
 MAXIMUM TEMPERATURE (F)   72        88      1927
                                             1919
                                             1897
 MINIMUM TEMPERATURE (F)   51        34      1987
                                             1974


SUNRISE AND SUNSET
OCTOBER  1 2016.......SUNRISE   735 AM EDT   SUNSET   721 PM EDT
OCTOBER  2 2016.......SUNRISE   736 AM EDT   SUNSET   719 PM EDT


-  INDICATES NEGATIVE NUMBERS.
R  INDICATES RECORD WAS SET OR TIED.
MM INDICATES DATA IS MISSING.
T  INDICATES TRACE AMOUNT.




$$
