000
CDUS41 KILN 100605
CLICVG


CLIMATE REPORT
NATIONAL WEATHER SERVICE WILMINGTON OH
205 AM EDT THU JUL 10 2014


...................................

...THE CINCINNATI OH CLIMATE SUMMARY FOR JULY 9 2014...

CLIMATE NORMAL PERIOD 1981 TO 2010
CLIMATE RECORD PERIOD 1869 TO 2014


WEATHER ITEM   OBSERVED TIME   RECORD YEAR NORMAL DEPARTURE LAST
                VALUE   (LST)  VALUE       VALUE  FROM      YEAR
                                                  NORMAL
..................................................................
TEMPERATURE (F)
 YESTERDAY
  MAXIMUM         83    406 PM 103    1988  86     -3       89
                                      1936
  MINIMUM         64    539 AM  51    1918  66     -2       74
  AVERAGE         74                        76     -2       82

PRECIPITATION (IN)
  YESTERDAY        0.07          1.22 2003   0.13  -0.06     0.08
  MONTH TO DATE    0.68                      1.07  -0.39     3.83
  SINCE JUN 1      6.90                      5.10   1.80     9.85
  SINCE JAN 1     24.37                     23.69   0.68    27.73

SNOWFALL (IN)
  YESTERDAY        0.0           0.0         0.0    0.0      0.0
  MONTH TO DATE    0.0                       0.0    0.0      0.0
  SINCE JUN 1      0.0                       0.0    0.0      0.0
  SINCE JUL 1      0.0                       0.0    0.0      0.0
  SNOW DEPTH       0

DEGREE DAYS
 HEATING
  YESTERDAY        0                         0      0        0
  MONTH TO DATE    0                         0      0        0
  SINCE JUN 1      3                        15    -12        1
  SINCE JUL 1      0                         0      0        0

 COOLING
  YESTERDAY        9                        11     -2       17
  MONTH TO DATE   69                        97    -28       79
  SINCE JUN 1    343                       323     20      318
  SINCE JAN 1    477                       417     60      457
..................................................................


WIND (MPH)
  RESULTANT WIND SPEED   6   RESULTANT WIND DIRECTION   W (260)
  HIGHEST WIND SPEED    17   HIGHEST WIND DIRECTION    NW (300)
  HIGHEST GUST SPEED    22   HIGHEST GUST DIRECTION     W (270)
  AVERAGE WIND SPEED     7.0


SKY COVER
  POSSIBLE SUNSHINE  MM
  AVERAGE SKY COVER 0.4


WEATHER CONDITIONS
 THE FOLLOWING WEATHER WAS RECORDED YESTERDAY.
  FOG


RELATIVE HUMIDITY (PERCENT)
 HIGHEST    93           100 AM
 LOWEST     43           200 PM
 AVERAGE    68

..........................................................


THE CINCINNATI OH CLIMATE NORMALS FOR TODAY
                         NORMAL    RECORD    YEAR
 MAXIMUM TEMPERATURE (F)   86       105      1936
 MINIMUM TEMPERATURE (F)   66        50      1963


SUNRISE AND SUNSET
JULY 10 2014..........SUNRISE   622 AM EDT   SUNSET   906 PM EDT
JULY 11 2014..........SUNRISE   622 AM EDT   SUNSET   906 PM EDT


-  INDICATES NEGATIVE NUMBERS.
R  INDICATES RECORD WAS SET OR TIED.
MM INDICATES DATA IS MISSING.
T  INDICATES TRACE AMOUNT.




$$
