000
CDUS41 KILN 100534
CLICVG


CLIMATE REPORT
NATIONAL WEATHER SERVICE WILMINGTON OH
1234 AM EST WED FEB 10 2016


...................................

...THE CINCINNATI OH CLIMATE SUMMARY FOR FEBRUARY 9 2016...

CLIMATE NORMAL PERIOD 1981 TO 2010
CLIMATE RECORD PERIOD 1869 TO 2016


WEATHER ITEM   OBSERVED TIME   RECORD YEAR NORMAL DEPARTURE LAST
                VALUE   (LST)  VALUE       VALUE  FROM      YEAR
                                                  NORMAL
..................................................................
TEMPERATURE (F)
 YESTERDAY
  MAXIMUM         24    510 PM  67    2001  41    -17       51
  MINIMUM         15   1153 PM -17    1899  25    -10       26
  AVERAGE         20                        33    -13       39

PRECIPITATION (IN)
  YESTERDAY        0.14          1.18 1885   0.10   0.04     0.01
  MONTH TO DATE    2.14                      0.94   1.20     0.37
  SINCE DEC 1      9.62                      7.31   2.31     6.32
  SINCE JAN 1      3.53                      3.94  -0.41     2.72

SNOWFALL (IN)
  YESTERDAY        2.0           5.7  2010   0.2    1.8       T
  MONTH TO DATE    4.1                       2.4    1.7      1.1
  SINCE DEC 1     12.6                      13.7   -1.1      2.4
  SINCE JUL 1     12.6                      14.5   -1.9      7.5
  SNOW DEPTH       3

DEGREE DAYS
 HEATING
  YESTERDAY       45                        32     13       26
  MONTH TO DATE  249                       294    -45      275
  SINCE DEC 1   1888                      2306   -418     2192
  SINCE JUL 1   2633                      3266   -633     3330

 COOLING
  YESTERDAY        0                         0      0        0
  MONTH TO DATE    0                         0      0        0
  SINCE DEC 1      0                         0      0        0
  SINCE JAN 1      0                         0      0        0
..................................................................


WIND (MPH)
  RESULTANT WIND SPEED  12   RESULTANT WIND DIRECTION   W (270)
  HIGHEST WIND SPEED    23   HIGHEST WIND DIRECTION     W (280)
  HIGHEST GUST SPEED    28   HIGHEST GUST DIRECTION     W (270)
  AVERAGE WIND SPEED    11.3


SKY COVER
  POSSIBLE SUNSHINE  MM
  AVERAGE SKY COVER 1.0


WEATHER CONDITIONS
 THE FOLLOWING WEATHER WAS RECORDED YESTERDAY.
  LIGHT SNOW
  FOG
  HAZE


RELATIVE HUMIDITY (PERCENT)
 HIGHEST    91           600 AM
 LOWEST     67          1100 PM
 AVERAGE    79

..........................................................


THE CINCINNATI OH CLIMATE NORMALS FOR TODAY
                         NORMAL    RECORD    YEAR
 MAXIMUM TEMPERATURE (F)   42        76      1932
 MINIMUM TEMPERATURE (F)   25       -12      1899


SUNRISE AND SUNSET
FEBRUARY 10 2016......SUNRISE   737 AM EST   SUNSET   610 PM EST
FEBRUARY 11 2016......SUNRISE   735 AM EST   SUNSET   611 PM EST


-  INDICATES NEGATIVE NUMBERS.
R  INDICATES RECORD WAS SET OR TIED.
MM INDICATES DATA IS MISSING.
T  INDICATES TRACE AMOUNT.




$$
