000
CDUS41 KILN 160543
CLICVG


CLIMATE REPORT
NATIONAL WEATHER SERVICE WILMINGTON OH
1243 AM EST TUE JAN 16 2018


...................................

...THE CINCINNATI OH CLIMATE SUMMARY FOR JANUARY 15 2018...

CLIMATE NORMAL PERIOD 1981 TO 2010
CLIMATE RECORD PERIOD 1869 TO 2018


WEATHER ITEM   OBSERVED TIME   RECORD YEAR NORMAL DEPARTURE LAST
                VALUE   (LST)  VALUE       VALUE  FROM      YEAR
                                                  NORMAL
..................................................................
TEMPERATURE (F)
 YESTERDAY
  MAXIMUM         29    346 PM  66    1932  38     -9       38
  MINIMUM         15   1159 PM -11    1972  23     -8       33
                                      1893
  AVERAGE         22                        31     -9       36

PRECIPITATION (IN)
  YESTERDAY        0.18          1.46 1885   0.10   0.08     0.07
  MONTH TO DATE    1.54                      1.48   0.06     2.36
  SINCE DEC 1      3.93                      4.85  -0.92     6.79
  SINCE JAN 1      1.54                      1.48   0.06     2.36

SNOWFALL (IN)
  YESTERDAY        2.2           3.0  1918   0.2    2.0      0.0
  MONTH TO DATE    5.7                       2.9    2.8      2.5
  SINCE DEC 1      9.5                       7.7    1.8      4.7
  SINCE JUL 1      9.5                       8.5    1.0      4.7
  SNOW DEPTH       3

DEGREE DAYS
 HEATING
  YESTERDAY       43                        34      9       29
  MONTH TO DATE  631                       510    121      485
  SINCE DEC 1   1638                      1469    169     1454
  SINCE JUL 1   2529                      2429    100     2136

 COOLING
  YESTERDAY        0                         0      0        0
  MONTH TO DATE    0                         0      0        0
  SINCE DEC 1      0                         0      0        0
  SINCE JAN 1      0                         0      0        0
..................................................................


WIND (MPH)
  RESULTANT WIND SPEED   7   RESULTANT WIND DIRECTION   S (190)
  HIGHEST WIND SPEED    22   HIGHEST WIND DIRECTION    NW (300)
  HIGHEST GUST SPEED    27   HIGHEST GUST DIRECTION    NW (310)
  AVERAGE WIND SPEED    10.0


SKY COVER
  POSSIBLE SUNSHINE  MM
  AVERAGE SKY COVER 1.0


WEATHER CONDITIONS
 THE FOLLOWING WEATHER WAS RECORDED YESTERDAY.
  LIGHT SNOW
  FOG
  HAZE


RELATIVE HUMIDITY (PERCENT)
 HIGHEST   100           700 PM
 LOWEST     67          1200 AM
 AVERAGE    84

..........................................................


THE CINCINNATI OH CLIMATE NORMALS FOR TODAY
                         NORMAL    RECORD    YEAR
 MAXIMUM TEMPERATURE (F)   39        65      1928
 MINIMUM TEMPERATURE (F)   23       -21      1977


SUNRISE AND SUNSET
JANUARY 16 2018.......SUNRISE   756 AM EST   SUNSET   542 PM EST
JANUARY 17 2018.......SUNRISE   755 AM EST   SUNSET   543 PM EST


-  INDICATES NEGATIVE NUMBERS.
R  INDICATES RECORD WAS SET OR TIED.
MM INDICATES DATA IS MISSING.
T  INDICATES TRACE AMOUNT.




$$
