000
CDUS41 KILN 040617
CLICVG


CLIMATE REPORT
NATIONAL WEATHER SERVICE WILMINGTON OH
116 AM EST WED MAR 4 2015


...................................

...THE CINCINNATI OH CLIMATE SUMMARY FOR MARCH 3 2015...

CLIMATE NORMAL PERIOD 1981 TO 2010
CLIMATE RECORD PERIOD 1869 TO 2015


WEATHER ITEM   OBSERVED TIME   RECORD YEAR NORMAL DEPARTURE LAST
                VALUE   (LST)  VALUE       VALUE  FROM      YEAR
                                                  NORMAL
..................................................................
TEMPERATURE (F)
 YESTERDAY
  MAXIMUM         50    652 PM  77    1992  48      2       21
  MINIMUM         27    358 AM -11    1980  30     -3       12
  AVERAGE         39                        39      0       17

PRECIPITATION (IN)
  YESTERDAY        1.18          1.40 1977   0.10   1.08     0.07
  MONTH TO DATE    1.32                      0.31   1.01     0.57
  SINCE MAR 1      1.32                      0.31   1.01     0.57
  SINCE JAN 1      5.47                      6.12  -0.65     6.11

SNOWFALL (IN)
  YESTERDAY        0.0           3.8  1912   0.1   -0.1      0.7
  MONTH TO DATE    1.2                       0.4    0.8      2.2
  SINCE MAR 1      1.2                       0.4    0.8      2.2
  SINCE JUL 1     26.2                      19.0    7.2     45.8
  SNOW DEPTH       3

DEGREE DAYS
 HEATING
  YESTERDAY       26                        26      0       48
  MONTH TO DATE   98                        79     19      108
  SINCE MAR 1     98                        79     19      108
  SINCE JUL 1   4325                      3906    419     4352

 COOLING
  YESTERDAY        0                         0      0        0
  MONTH TO DATE    0                         0      0        0
  SINCE MAR 1      0                         0      0        0
  SINCE JAN 1      0                         0      0        0
..................................................................


WIND (MPH)
  RESULTANT WIND SPEED   4   RESULTANT WIND DIRECTION   S (200)
  HIGHEST WIND SPEED    21   HIGHEST WIND DIRECTION     W (270)
  HIGHEST GUST SPEED    28   HIGHEST GUST DIRECTION     W (270)
  AVERAGE WIND SPEED    10.1


SKY COVER
  POSSIBLE SUNSHINE  MM
  AVERAGE SKY COVER 1.0


WEATHER CONDITIONS
 THE FOLLOWING WEATHER WAS RECORDED YESTERDAY.
  HEAVY RAIN
  RAIN
  LIGHT RAIN
  FOG
  FOG W/VISIBILITY <= 1/4 MILE
  HAZE


RELATIVE HUMIDITY (PERCENT)
 HIGHEST   100           400 PM
 LOWEST     57           200 AM
 AVERAGE    79

..........................................................


THE CINCINNATI OH CLIMATE NORMALS FOR TODAY
                         NORMAL    RECORD    YEAR
 MAXIMUM TEMPERATURE (F)   48        80      1976
 MINIMUM TEMPERATURE (F)   30         1      1873


SUNRISE AND SUNSET
MARCH  4 2015.........SUNRISE   707 AM EST   SUNSET   634 PM EST
MARCH  5 2015.........SUNRISE   706 AM EST   SUNSET   635 PM EST


-  INDICATES NEGATIVE NUMBERS.
R  INDICATES RECORD WAS SET OR TIED.
MM INDICATES DATA IS MISSING.
T  INDICATES TRACE AMOUNT.




$$
