000
CDUS41 KILN 200534
CLICVG


CLIMATE REPORT
NATIONAL WEATHER SERVICE WILMINGTON OH
1234 AM EST MON NOV 20 2017


...................................

...THE CINCINNATI OH CLIMATE SUMMARY FOR NOVEMBER 19 2017...

CLIMATE NORMAL PERIOD 1981 TO 2010
CLIMATE RECORD PERIOD 1869 TO 2017


WEATHER ITEM   OBSERVED TIME   RECORD YEAR NORMAL DEPARTURE LAST
                VALUE   (LST)  VALUE       VALUE  FROM      YEAR
                                                  NORMAL
..................................................................
TEMPERATURE (F)
 YESTERDAY
  MAXIMUM         41    136 AM  76    1930  52    -11       59
  MINIMUM         28   1150 PM   5    1880  35     -7       33
  AVERAGE         35                        44     -9       46

PRECIPITATION (IN)
  YESTERDAY        0.01          1.16 1950   0.12  -0.11     0.18
  MONTH TO DATE    3.95                      2.10   1.85     0.38
  SINCE SEP 1     11.16                      8.03   3.13     5.79
  SINCE JAN 1     47.95                     37.82  10.13    38.87

SNOWFALL (IN)
  YESTERDAY        0.0           2.6  1937   0.0    0.0       T
  MONTH TO DATE    0.0                       0.2   -0.2       T
  SINCE SEP 1      T                         0.6   -0.6       T
  SINCE JUL 1      T                         0.6   -0.6       T
  SNOW DEPTH       0

DEGREE DAYS
 HEATING
  YESTERDAY       30                        21      9       19
  MONTH TO DATE  350                       335     15      263
  SINCE SEP 1    649                       697    -48      432
  SINCE JUL 1    650                       697    -47      432

 COOLING
  YESTERDAY        0                         0      0        0
  MONTH TO DATE    3                         0      3        6
  SINCE SEP 1    180                       153     27      302
  SINCE JAN 1   1111                      1121    -10     1477
..................................................................


WIND (MPH)
  RESULTANT WIND SPEED  12   RESULTANT WIND DIRECTION   W (280)
  HIGHEST WIND SPEED    26   HIGHEST WIND DIRECTION     W (290)
  HIGHEST GUST SPEED    32   HIGHEST GUST DIRECTION     W (280)
  AVERAGE WIND SPEED    12.2


SKY COVER
  POSSIBLE SUNSHINE  MM
  AVERAGE SKY COVER 0.7


WEATHER CONDITIONS
 THE FOLLOWING WEATHER WAS RECORDED YESTERDAY.
  LIGHT RAIN
  FOG


RELATIVE HUMIDITY (PERCENT)
 HIGHEST    92           200 AM
 LOWEST     64           200 PM
 AVERAGE    78

..........................................................


THE CINCINNATI OH CLIMATE NORMALS FOR TODAY
                         NORMAL    RECORD    YEAR
 MAXIMUM TEMPERATURE (F)   52        75      1931
                                             1906
 MINIMUM TEMPERATURE (F)   35        11      1914


SUNRISE AND SUNSET
NOVEMBER 20 2017......SUNRISE   727 AM EST   SUNSET   521 PM EST
NOVEMBER 21 2017......SUNRISE   729 AM EST   SUNSET   520 PM EST


-  INDICATES NEGATIVE NUMBERS.
R  INDICATES RECORD WAS SET OR TIED.
MM INDICATES DATA IS MISSING.
T  INDICATES TRACE AMOUNT.




$$
