000
CDUS41 KILN 240527
CLICVG


CLIMATE REPORT
NATIONAL WEATHER SERVICE WILMINGTON OH
126 AM EDT SUN JUL 24 2016


...................................

...THE CINCINNATI OH CLIMATE SUMMARY FOR JULY 23 2016...

CLIMATE NORMAL PERIOD 1981 TO 2010
CLIMATE RECORD PERIOD 1869 TO 2016


WEATHER ITEM   OBSERVED TIME   RECORD YEAR NORMAL DEPARTURE LAST
                VALUE   (LST)  VALUE       VALUE  FROM      YEAR
                                                  NORMAL
..................................................................
TEMPERATURE (F)
 YESTERDAY
  MAXIMUM         93    456 PM 104    1934  86      7       84
  MINIMUM         70    610 AM  49    1947  66      4       62
  AVERAGE         82                        76      6       73

PRECIPITATION (IN)
  YESTERDAY        0.00          1.34 1989   0.13  -0.13     0.00
  MONTH TO DATE    2.57                      2.77  -0.20     4.01
  SINCE JUN 1      5.06                      6.80  -1.74    11.34
  SINCE JAN 1     24.67                     25.39  -0.72    28.57

SNOWFALL (IN)
  YESTERDAY        0.0           0.0         0.0    0.0      0.0
  MONTH TO DATE    0.0                       0.0    0.0      0.0
  SINCE JUN 1      0.0                       0.0    0.0      0.0
  SINCE JUL 1      0.0                       0.0    0.0      0.0
  SNOW DEPTH       0

DEGREE DAYS
 HEATING
  YESTERDAY        0                         0      0        0
  MONTH TO DATE    0                         0      0        0
  SINCE JUN 1      2                        15    -13       19
  SINCE JUL 1      0                         0      0        0

 COOLING
  YESTERDAY       17                        11      6        8
  MONTH TO DATE  256                       251      5      217
  SINCE JUN 1    539                       477     62      476
  SINCE JAN 1    632                       571     61      625
..................................................................


WIND (MPH)
  RESULTANT WIND SPEED   1   RESULTANT WIND DIRECTION   W (270)
  HIGHEST WIND SPEED    10   HIGHEST WIND DIRECTION    NW (310)
  HIGHEST GUST SPEED    14   HIGHEST GUST DIRECTION     W (280)
  AVERAGE WIND SPEED     3.2


SKY COVER
  POSSIBLE SUNSHINE  MM
  AVERAGE SKY COVER 0.4


WEATHER CONDITIONS
 THE FOLLOWING WEATHER WAS RECORDED YESTERDAY.
  FOG
  HAZE


RELATIVE HUMIDITY (PERCENT)
 HIGHEST   100           300 AM
 LOWEST     49           400 PM
 AVERAGE    75

..........................................................


THE CINCINNATI OH CLIMATE NORMALS FOR TODAY
                         NORMAL    RECORD    YEAR
 MAXIMUM TEMPERATURE (F)   86       106      1934
 MINIMUM TEMPERATURE (F)   66        54      1947


SUNRISE AND SUNSET
JULY 24 2016..........SUNRISE   633 AM EDT   SUNSET   857 PM EDT
JULY 25 2016..........SUNRISE   634 AM EDT   SUNSET   856 PM EDT


-  INDICATES NEGATIVE NUMBERS.
R  INDICATES RECORD WAS SET OR TIED.
MM INDICATES DATA IS MISSING.
T  INDICATES TRACE AMOUNT.




$$
