876
CDUS41 KILN 232058
CLICVG


CLIMATE REPORT
NATIONAL WEATHER SERVICE WILMINGTON OH
457 PM EDT SAT SEP 23 2017


...................................

...THE CINCINNATI OH CLIMATE SUMMARY FOR SEPTEMBER 23 2017...
VALID TODAY AS OF 0400 PM LOCAL TIME.

CLIMATE NORMAL PERIOD 1981 TO 2010
CLIMATE RECORD PERIOD 1869 TO 2017


WEATHER ITEM   OBSERVED TIME   RECORD YEAR NORMAL DEPARTURE LAST
                VALUE   (LST)  VALUE       VALUE  FROM      YEAR
                                                  NORMAL
..................................................................
TEMPERATURE (F)
 TODAY
  MAXIMUM         90    312 PM  95    2010  75     15       90
  MINIMUM         63    331 AM  34    1983  54      9       63
  AVERAGE         77                        65     12       77

PRECIPITATION (IN)
  TODAY            0.00          1.32 2000   0.09  -0.09     0.00
  MONTH TO DATE    2.41                      1.99   0.42     1.26
  SINCE SEP 1      2.41                      1.99   0.42     1.26
  SINCE JAN 1     39.20                     31.78   7.42    34.34

SNOWFALL (IN)
  TODAY            0.0          MM      MM   0.0    0.0      0.0
  MONTH TO DATE    0.0                       0.0    0.0      0.0
  SINCE SEP 1      0.0                       0.0    0.0      0.0
  SINCE JUL 1      0.0                       0.0    0.0      0.0
  SNOW DEPTH       0

DEGREE DAYS
 HEATING
  TODAY            0                         3     -3        0
  MONTH TO DATE   39                        28     11        0
  SINCE SEP 1     39                        28     11        0
  SINCE JUL 1     40                        28     12        0

 COOLING
  TODAY           12                         3      9       12
  MONTH TO DATE   88                       122    -34      216
  SINCE SEP 1     88                       122    -34      216
  SINCE JAN 1   1019                      1090    -71     1391
..................................................................


WIND (MPH)
  HIGHEST WIND SPEED    12   HIGHEST WIND DIRECTION     E (70)
  HIGHEST GUST SPEED    15   HIGHEST GUST DIRECTION    NE (40)
  AVERAGE WIND SPEED     3.8


SKY COVER
  POSSIBLE SUNSHINE  MM
  AVERAGE SKY COVER 0.1


WEATHER CONDITIONS
 THE FOLLOWING WEATHER WAS RECORDED TODAY.
  FOG
  HAZE


RELATIVE HUMIDITY (PERCENT)
 HIGHEST   100           100 AM
 LOWEST     41           200 PM
 AVERAGE    71

..........................................................


THE CINCINNATI OH CLIMATE NORMALS FOR TOMORROW
                         NORMAL    RECORD    YEAR
 MAXIMUM TEMPERATURE (F)   75        94      2007
 MINIMUM TEMPERATURE (F)   54        33      1983


SUNRISE AND SUNSET
SEPTEMBER 23 2017.....SUNRISE   727 AM EDT   SUNSET   734 PM EDT
SEPTEMBER 24 2017.....SUNRISE   728 AM EDT   SUNSET   732 PM EDT


-  INDICATES NEGATIVE NUMBERS.
R  INDICATES RECORD WAS SET OR TIED.
MM INDICATES DATA IS MISSING.
T  INDICATES TRACE AMOUNT.




$$
