000
CDUS41 KILN 020551
CLICVG


CLIMATE REPORT
NATIONAL WEATHER SERVICE WILMINGTON OH
150 AM EDT SAT AUG 2 2014


...................................

...THE CINCINNATI OH CLIMATE SUMMARY FOR AUGUST 1 2014...

CLIMATE NORMAL PERIOD 1981 TO 2010
CLIMATE RECORD PERIOD 1869 TO 2014


WEATHER ITEM   OBSERVED TIME   RECORD YEAR NORMAL DEPARTURE LAST
                VALUE   (LST)  VALUE       VALUE  FROM      YEAR
                                                  NORMAL
..................................................................
TEMPERATURE (F)
 YESTERDAY
  MAXIMUM         85    425 PM  98    1933  85      0       83
  MINIMUM         59    607 AM  52    1992  66     -7       61
  AVERAGE         72                        76     -4       72

PRECIPITATION (IN)
  YESTERDAY        0.00          2.03 1875   0.13  -0.13     0.00
  MONTH TO DATE    0.00                      0.13  -0.13     0.00
  SINCE JUN 1      9.05                      7.92   1.13    11.48
  SINCE JAN 1     26.52                     26.51   0.01    29.36

SNOWFALL (IN)
  YESTERDAY        0.0           0.0    MM   0.0    0.0      0.0
  MONTH TO DATE    0.0                       0.0    0.0      0.0
  SINCE JUN 1      0.0                       0.0    0.0      0.0
  SINCE JUL 1      0.0                       0.0    0.0      0.0
  SNOW DEPTH       0

DEGREE DAYS
 HEATING
  YESTERDAY        0                         0      0        0
  MONTH TO DATE    0                         0      0        0
  SINCE JUN 1      8                        15     -7        3
  SINCE JUL 1      5                         0      5        2

 COOLING
  YESTERDAY        7                        11     -4        7
  MONTH TO DATE    7                        11     -4        7
  SINCE JUN 1    498                       576    -78      550
  SINCE JAN 1    632                       670    -38      689
..................................................................


WIND (MPH)
  RESULTANT WIND SPEED   1   RESULTANT WIND DIRECTION   N (20)
  HIGHEST WIND SPEED     7   HIGHEST WIND DIRECTION     N (360)
  HIGHEST GUST SPEED    20   HIGHEST GUST DIRECTION    NW (320)
  AVERAGE WIND SPEED     2.0


SKY COVER
  POSSIBLE SUNSHINE  MM
  AVERAGE SKY COVER 0.4


WEATHER CONDITIONS
 THE FOLLOWING WEATHER WAS RECORDED YESTERDAY.
  FOG
  HAZE


RELATIVE HUMIDITY (PERCENT)
 HIGHEST    93           600 AM
 LOWEST     40           500 PM
 AVERAGE    67

..........................................................


THE CINCINNATI OH CLIMATE NORMALS FOR TODAY
                         NORMAL    RECORD    YEAR
 MAXIMUM TEMPERATURE (F)   85        98      1991
                                             1955
                                             1899
 MINIMUM TEMPERATURE (F)   66        50      1920


SUNRISE AND SUNSET
AUGUST  2 2014........SUNRISE   640 AM EDT   SUNSET   849 PM EDT
AUGUST  3 2014........SUNRISE   641 AM EDT   SUNSET   848 PM EDT


-  INDICATES NEGATIVE NUMBERS.
R  INDICATES RECORD WAS SET OR TIED.
MM INDICATES DATA IS MISSING.
T  INDICATES TRACE AMOUNT.




$$
