000
CDUS45 KCYS 311536
CLICYS


CLIMATE REPORT
NATIONAL WEATHER SERVICE CHEYENNE WY
935 AM MDT THU JUL 31 2014


...................................

...THE CHEYENNE WYOMING CLIMATE SUMMARY FOR JULY 30 2014...

CLIMATE NORMAL PERIOD 1981 TO 2010
CLIMATE RECORD PERIOD 1871 TO 2014


WEATHER ITEM   OBSERVED TIME   RECORD YEAR NORMAL DEPARTURE LAST
                VALUE   (LST)  VALUE       VALUE  FROM      YEAR
                                                  NORMAL
..................................................................
TEMPERATURE (F)
 YESTERDAY
  MAXIMUM         61    407 PM  97    2006  84    -23       84
  MINIMUM         55    351 AM  41    1971  56     -1       51
  AVERAGE         58                        70    -12       68

PRECIPITATION (IN)
  YESTERDAY        0.31          0.98 1997   0.07   0.24     0.08
  MONTH TO DATE    3.24                      2.11   1.13     1.58
  SINCE JAN 1     12.18                     10.42   1.76     7.22

SNOWFALL (IN)
  YESTERDAY        0.0          MM      MM   0.0    0.0      0.0
  MONTH TO DATE    0.0                       0.0    0.0      0.0
  SINCE JUL 1      0.0                       0.0    0.0      0.0
  SNOW DEPTH       0

DEGREE DAYS
 HEATING
  YESTERDAY        7                         1      6        0
  MONTH TO DATE   28                        30     -2        7
  SINCE JUN 1    154                       164    -10       69
  SINCE JUL 1     28                        30     -2        7

 COOLING
  YESTERDAY        0                         5     -5        3
  MONTH TO DATE  158                       158      0      157
  SINCE JUN 1    172                       205    -33      274
  SINCE JAN 1    173                       208    -35      280
..................................................................


WIND (MPH)
  HIGHEST WIND SPEED    14   HIGHEST WIND DIRECTION    SW (220)
  HIGHEST GUST SPEED    17   HIGHEST GUST DIRECTION     E (70)
  AVERAGE WIND SPEED     5.2


SKY COVER
  AVERAGE SKY COVER 0.8


WEATHER CONDITIONS
 THE FOLLOWING WEATHER WAS RECORDED YESTERDAY.
  RAIN
  LIGHT RAIN
  FOG


RELATIVE HUMIDITY (PERCENT)
 HIGHEST   100          1200 AM
 LOWEST     78           400 PM
 AVERAGE    89

..........................................................


THE CHEYENNE WYOMING CLIMATE NORMALS FOR TODAY
                         NORMAL    RECORD    YEAR
 MAXIMUM TEMPERATURE (F)   83        98      2002
 MINIMUM TEMPERATURE (F)   56        43      1950
                                             1913


SUNRISE AND SUNSET
JULY 31 2014..........SUNRISE   554 AM MDT   SUNSET   817 PM MDT
AUGUST  1 2014........SUNRISE   555 AM MDT   SUNSET   816 PM MDT


-  INDICATES NEGATIVE NUMBERS.
R  INDICATES RECORD WAS SET OR TIED.
MM INDICATES DATA IS MISSING.
T  INDICATES TRACE AMOUNT.




$$
