000
CDUS45 KCYS 050729
CLICYS


CLIMATE REPORT
NATIONAL WEATHER SERVICE CHEYENNE WY
1228 AM MST THU MAR 5 2015


...................................

...THE CHEYENNE WYOMING CLIMATE SUMMARY FOR MARCH 4 2015...

CLIMATE NORMAL PERIOD 1981 TO 2010
CLIMATE RECORD PERIOD 1871 TO 2015


WEATHER ITEM   OBSERVED TIME   RECORD YEAR NORMAL DEPARTURE LAST
                VALUE   (LST)  VALUE       VALUE  FROM      YEAR
                                                  NORMAL
..................................................................
TEMPERATURE (F)
 YESTERDAY
  MAXIMUM         20    336 PM  67    2009  45    -25       48
  MINIMUM          1    656 AM  -9    1989  22    -21       32
  AVERAGE         11                        33    -22       40

PRECIPITATION (IN)
  YESTERDAY        T             0.73 1992   0.03  -0.03     0.09
  MONTH TO DATE    0.07                      0.10  -0.03     0.16
  SINCE JAN 1      0.83                      0.90  -0.07     2.32

SNOWFALL (IN)
  YESTERDAY        T             4.3  1919   0.3   -0.3      0.5
  MONTH TO DATE    1.3                       1.2    0.1      1.9
  SINCE JUL 1     34.3                      37.7   -3.4     62.0
  SNOW DEPTH       1

DEGREE DAYS
 HEATING
  YESTERDAY       54                        32     22       25
  MONTH TO DATE  176                       129     47      154
  SINCE MAR 1    176                       129     47      154
  SINCE JUL 1   4822                      5148   -326     5358

 COOLING
  YESTERDAY        0                         0      0        0
  MONTH TO DATE    0                         0      0        0
  SINCE MAR 1      0                         0      0        0
  SINCE JAN 1      0                         0      0        0
..................................................................


WIND (MPH)
  HIGHEST WIND SPEED    21   HIGHEST WIND DIRECTION    NW (330)
  HIGHEST GUST SPEED    26   HIGHEST GUST DIRECTION     N (340)
  AVERAGE WIND SPEED     7.9


SKY COVER
  AVERAGE SKY COVER 0.3


WEATHER CONDITIONS
 THE FOLLOWING WEATHER WAS RECORDED YESTERDAY.
  LIGHT SNOW


RELATIVE HUMIDITY (PERCENT)
 HIGHEST    86           300 AM
 LOWEST     37           500 PM
 AVERAGE    62

..........................................................


THE CHEYENNE WYOMING CLIMATE NORMALS FOR TODAY
                         NORMAL    RECORD    YEAR
 MAXIMUM TEMPERATURE (F)   45        66      1910
 MINIMUM TEMPERATURE (F)   22       -14      1948


SUNRISE AND SUNSET
MARCH  5 2015.........SUNRISE   628 AM MST   SUNSET   555 PM MST
MARCH  6 2015.........SUNRISE   626 AM MST   SUNSET   556 PM MST


-  INDICATES NEGATIVE NUMBERS.
R  INDICATES RECORD WAS SET OR TIED.
MM INDICATES DATA IS MISSING.
T  INDICATES TRACE AMOUNT.




$$
