000
CDUS45 KCYS 230727
CLICYS


CLIMATE REPORT
NATIONAL WEATHER SERVICE CHEYENNE WY
126 AM MDT THU OCT 23 2014


...................................

...THE CHEYENNE WYOMING CLIMATE SUMMARY FOR OCTOBER 22 2014...

CLIMATE NORMAL PERIOD 1981 TO 2010
CLIMATE RECORD PERIOD 1871 TO 2014


WEATHER ITEM   OBSERVED TIME   RECORD YEAR NORMAL DEPARTURE LAST
                VALUE   (LST)  VALUE       VALUE  FROM      YEAR
                                                  NORMAL
..................................................................
TEMPERATURE (F)
 YESTERDAY
  MAXIMUM         66    140 PM  81    2003  57      9       62
  MINIMUM         40   1157 PM  10    1935  32      8       37
  AVERAGE         53                        44      9       50

PRECIPITATION (IN)
  YESTERDAY        T             0.99 1906   0.03  -0.03     0.00
  MONTH TO DATE    0.35                      0.72  -0.37     1.88
  SINCE JAN 1     15.75                     14.65   1.10    17.26

SNOWFALL (IN)
  YESTERDAY        0.0           8.9  1906   0.1   -0.1      0.0
  MONTH TO DATE    0.8                       3.3   -2.5     10.2
  SINCE JUL 1      1.5                       4.6   -3.1     10.2
  SNOW DEPTH       0

DEGREE DAYS
 HEATING
  YESTERDAY       12                        21     -9       15
  MONTH TO DATE  288                       381    -93      470
  SINCE SEP 1    450                       606   -156      637
  SINCE JUL 1    508                       662   -154      652

 COOLING
  YESTERDAY        0                         0      0        0
  MONTH TO DATE    0                         0      0        0
  SINCE SEP 1     35                        22     13       67
  SINCE JAN 1    301                       348    -47      520
..................................................................


WIND (MPH)
  HIGHEST WIND SPEED    22   HIGHEST WIND DIRECTION     W (290)
  HIGHEST GUST SPEED    29   HIGHEST GUST DIRECTION     W (250)
  AVERAGE WIND SPEED     8.3


SKY COVER
  AVERAGE SKY COVER 0.4


WEATHER CONDITIONS
 THE FOLLOWING WEATHER WAS RECORDED YESTERDAY.
  LIGHT RAIN


RELATIVE HUMIDITY (PERCENT)
 HIGHEST    71          1200 AM
 LOWEST     27           200 PM
 AVERAGE    49

..........................................................


THE CHEYENNE WYOMING CLIMATE NORMALS FOR TODAY
                         NORMAL    RECORD    YEAR
 MAXIMUM TEMPERATURE (F)   56        79      2003
 MINIMUM TEMPERATURE (F)   32         6      1935


SUNRISE AND SUNSET
OCTOBER 23 2014.......SUNRISE   720 AM MDT   SUNSET   607 PM MDT
OCTOBER 24 2014.......SUNRISE   721 AM MDT   SUNSET   605 PM MDT


-  INDICATES NEGATIVE NUMBERS.
R  INDICATES RECORD WAS SET OR TIED.
MM INDICATES DATA IS MISSING.
T  INDICATES TRACE AMOUNT.




$$
