000
CDUS45 KCYS 102243
CLICYS


CLIMATE REPORT
NATIONAL WEATHER SERVICE CHEYENNE WY
343 PM MST SAT DEC 10 2016


...................................

...THE CHEYENNE WYOMING AIRPORT CLIMATE SUMMARY FOR DECEMBER 10 2016...
VALID AS OF 0300 PM LOCAL TIME.

CLIMATE NORMAL PERIOD 1981 TO 2010
CLIMATE RECORD PERIOD 1871 TO 2016


WEATHER ITEM   OBSERVED TIME   RECORD YEAR NORMAL DEPARTURE LAST
                VALUE   (LST)  VALUE       VALUE  FROM      YEAR
                                                  NORMAL
..................................................................
TEMPERATURE (F)
 TODAY
  MAXIMUM         49   1118 AM  66    1990  38     11       53
  MINIMUM         25   1254 AM -18    1972  17      8       37
  AVERAGE         37                        27     10       45

PRECIPITATION (IN)
  TODAY            0.00          0.33 1917   0.02  -0.02     0.00
  MONTH TO DATE    0.11                      0.18  -0.07     0.00
  SINCE DEC 1      0.11                      0.18  -0.07     0.00
  SINCE JAN 1     14.39                     15.63  -1.24    16.69

SNOWFALL (IN)
  TODAY            0.0           9.3  1919   0.3   -0.3      0.0
  MONTH TO DATE    2.0                       2.9   -0.9      0.0
  SINCE JUL 1      5.8                      17.2  -11.4     10.7
  SNOW DEPTH       T

DEGREE DAYS
 HEATING
  TODAY           28                        38    -10       20
  MONTH TO DATE  434                       368     66      256
  SINCE DEC 1    434                       368     66      256
  SINCE JUL 1   1698                      2116   -418     1683

 COOLING
  TODAY            0                         0      0        0
  MONTH TO DATE    0                         0      0        0
  SINCE DEC 1      0                         0      0        0
  SINCE JAN 1    452                       348    104      362
..................................................................


WIND (MPH)
  HIGHEST WIND SPEED    32   HIGHEST WIND DIRECTION     W (260)
  HIGHEST GUST SPEED    41   HIGHEST GUST DIRECTION     W (260)
  AVERAGE WIND SPEED    15.0


SKY COVER
  AVERAGE SKY COVER 0.2


WEATHER CONDITIONS
 THE FOLLOWING WEATHER WAS RECORDED TODAY.
  NO SIGNIFICANT WEATHER WAS OBSERVED.


RELATIVE HUMIDITY (PERCENT)
 HIGHEST    81           100 AM
 LOWEST     34           900 AM
 AVERAGE    58

..........................................................


THE CHEYENNE WYOMING AIRPORT CLIMATE NORMALS FOR TOMORROW
                         NORMAL    RECORD    YEAR
 MAXIMUM TEMPERATURE (F)   38        67      1939
 MINIMUM TEMPERATURE (F)   17       -20      1932


SUNRISE AND SUNSET
DECEMBER 10 2016......SUNRISE   714 AM MST   SUNSET   431 PM MST
DECEMBER 11 2016......SUNRISE   715 AM MST   SUNSET   431 PM MST


-  INDICATES NEGATIVE NUMBERS.
R  INDICATES RECORD WAS SET OR TIED.
MM INDICATES DATA IS MISSING.
T  INDICATES TRACE AMOUNT.




$$
