000
CDUS45 KCYS 100728
CLICYS


CLIMATE REPORT
NATIONAL WEATHER SERVICE CHEYENNE WY
1228 AM MST WED FEB 10 2016


...................................

...THE CHEYENNE WYOMING AIRPORT CLIMATE SUMMARY FOR FEBRUARY 9 2016...

CLIMATE NORMAL PERIOD 1981 TO 2010
CLIMATE RECORD PERIOD 1871 TO 2016


WEATHER ITEM   OBSERVED TIME   RECORD YEAR NORMAL DEPARTURE LAST
                VALUE   (LST)  VALUE       VALUE  FROM      YEAR
                                                  NORMAL
..................................................................
TEMPERATURE (F)
 YESTERDAY
  MAXIMUM         47    244 PM  66    1954  39      8       61
  MINIMUM         31    112 AM -21    1933  18     13       32
  AVERAGE         39                        28     11       47

PRECIPITATION (IN)
  YESTERDAY        0.00          0.28 1934   0.02  -0.02     0.00
  MONTH TO DATE    0.67                      0.13   0.54     0.31
  SINCE JAN 1      1.15                      0.46   0.69     0.37

SNOWFALL (IN)
  YESTERDAY        0.0           2.4  2002   0.2   -0.2      0.0
                                      1953
  MONTH TO DATE   10.9                       2.3    8.6      3.9
  SINCE JUL 1     45.6                      30.9   14.7     27.3
  SNOW DEPTH       2

DEGREE DAYS
 HEATING
  YESTERDAY       26                        36    -10       18
  MONTH TO DATE  356                       332     24      211
  SINCE DEC 1   2603                      2611     -8     2334
  SINCE JUL 1   4030                      4359   -329     3937

 COOLING
  YESTERDAY        0                         0      0        0
  MONTH TO DATE    0                         0      0        0
  SINCE DEC 1      0                         0      0        0
  SINCE JAN 1      0                         0      0        0
..................................................................


WIND (MPH)
  HIGHEST WIND SPEED    29   HIGHEST WIND DIRECTION    NW (310)
  HIGHEST GUST SPEED    38   HIGHEST GUST DIRECTION    NW (320)
  AVERAGE WIND SPEED    15.0


SKY COVER
  AVERAGE SKY COVER 0.0


WEATHER CONDITIONS
 THE FOLLOWING WEATHER WAS RECORDED YESTERDAY.
  NO SIGNIFICANT WEATHER WAS OBSERVED.


RELATIVE HUMIDITY (PERCENT)
 HIGHEST    52           100 AM
 LOWEST     37           200 PM
 AVERAGE    45

..........................................................


THE CHEYENNE WYOMING AIRPORT CLIMATE NORMALS FOR TODAY
                         NORMAL    RECORD    YEAR
 MAXIMUM TEMPERATURE (F)   39        67      1962
 MINIMUM TEMPERATURE (F)   18       -18      1899


SUNRISE AND SUNSET
FEBRUARY 10 2016......SUNRISE   701 AM MST   SUNSET   527 PM MST
FEBRUARY 11 2016......SUNRISE   700 AM MST   SUNSET   528 PM MST


-  INDICATES NEGATIVE NUMBERS.
R  INDICATES RECORD WAS SET OR TIED.
MM INDICATES DATA IS MISSING.
T  INDICATES TRACE AMOUNT.




$$
