000
CDUS46 KSGX 031518
CLICZZ


CLIMATE REPORT
NATIONAL WEATHER SERVICE SAN DIEGO, CA
718 AM PST SAT DEC 3 2016


...................................

...THE CAMPO ASOS CA CLIMATE SUMMARY FOR DECEMBER 2 2016...

CLIMATE NORMAL PERIOD 1981 TO 2010
CLIMATE RECORD PERIOD 1948 TO 2016


WEATHER ITEM   OBSERVED TIME   RECORD YEAR NORMAL DEPARTURE LAST
                VALUE   (LST)  VALUE       VALUE  FROM      YEAR
                                                  NORMAL
..................................................................
TEMPERATURE (F)
 YESTERDAY
  MAXIMUM         57   1115 AM  75    2010  65     -8       66
                                      1995
  MINIMUM         30   1158 PM  21    1991  33     -3       39
  AVERAGE         44                        49     -5       53

PRECIPITATION (IN)
  YESTERDAY        0.00          1.21 1955   0.05  -0.05     0.00
  MONTH TO DATE    0.00                      0.11  -0.11     0.00
  SINCE OCT 1      0.94                      2.06  -1.12     1.70
  SINCE JAN 1      8.32                     13.57  -5.25     8.54

DEGREE DAYS
 HEATING
  YESTERDAY       21                        16      5       12
  MONTH TO DATE   43                        32     11       33
  SINCE DEC 1     43                        32     11       33
  SINCE JUL 1    461                       602   -141      449

 COOLING
  YESTERDAY        0                         0      0        0
  MONTH TO DATE    0                         0      0        0
  SINCE DEC 1      0                         0      0        0
  SINCE JAN 1    955                       841    114      983
..................................................................


WIND (MPH)
  RESULTANT WIND SPEED   8   RESULTANT WIND DIRECTION  NE (50)
  HIGHEST WIND SPEED    24   HIGHEST WIND DIRECTION     E (70)
  HIGHEST GUST SPEED    30   HIGHEST GUST DIRECTION     E (70)
  AVERAGE WIND SPEED     8.8


SKY COVER
  POSSIBLE SUNSHINE  MM
  AVERAGE SKY COVER 0.0



RELATIVE HUMIDITY (PERCENT)
 HIGHEST   100           100 AM
 LOWEST     22           200 PM
 AVERAGE    61

..........................................................


THE CAMPO ASOS CA CLIMATE NORMALS FOR TODAY
                         NORMAL    RECORD    YEAR
 MAXIMUM TEMPERATURE (F)   64        82      1986
 MINIMUM TEMPERATURE (F)   33        22      1978


SUNRISE AND SUNSET
DECEMBER  3 2016......SUNRISE   632 AM PST   SUNSET   440 PM PST
DECEMBER  4 2016......SUNRISE   633 AM PST   SUNSET   440 PM PST


-  INDICATES NEGATIVE NUMBERS.
R  INDICATES RECORD WAS SET OR TIED.
MM INDICATES DATA IS MISSING.
T  INDICATES TRACE AMOUNT.




$$
