000
CDUS46 KSGX 271422
CLICZZ


CLIMATE REPORT
NATIONAL WEATHER SERVICE SAN DIEGO, CA
622 AM PST SAT DEC 27 2014


...................................

...THE CAMPO ASOS CA CLIMATE SUMMARY FOR DECEMBER 26 2014...

CLIMATE NORMAL PERIOD 1981 TO 2010
CLIMATE RECORD PERIOD 1948 TO 2014


WEATHER ITEM   OBSERVED TIME   RECORD YEAR NORMAL DEPARTURE LAST
                VALUE   (LST)  VALUE       VALUE  FROM      YEAR
                                                  NORMAL
..................................................................
TEMPERATURE (F)
 YESTERDAY
  MAXIMUM         51    216 PM  78    1980  62    -11       63
  MINIMUM         26    329 AM  12    1974  33     -7       50
  AVERAGE         39                        48     -9       57

PRECIPITATION (IN)
  YESTERDAY        0.00          1.05 1968   0.08  -0.08     0.00
  MONTH TO DATE    3.08                      1.83   1.25     0.55
  SINCE JUL 1      5.37                      5.14   0.23     4.19
  SINCE JAN 1      8.13                     15.29  -7.16     8.97

SNOWFALL (IN)
  YESTERDAY        0.0
  MONTH TO DATE    0.0
  SINCE JAN 1      0.0
  SINCE JUL 1      0.0
  SNOW DEPTH       0

DEGREE DAYS
 HEATING
  YESTERDAY       26                        18      8        8
  MONTH TO DATE  368                       454    -86      423
  SINCE DEC 1    368                       454    -86      423
  SINCE JUL 1    749                      1024   -275     1052

 COOLING
  YESTERDAY        0                         0      0        0
  MONTH TO DATE    0                         0      0        2
  SINCE DEC 1      0                         0      0        2
  SINCE JAN 1    900                       841     59      911
..................................................................


WIND (MPH)
  RESULTANT WIND SPEED   9   RESULTANT WIND DIRECTION  NE (60)
  HIGHEST WIND SPEED    23   HIGHEST WIND DIRECTION    NE (60)
  HIGHEST GUST SPEED    29   HIGHEST GUST DIRECTION     E (70)
  AVERAGE WIND SPEED     9.7


SKY COVER
  POSSIBLE SUNSHINE  MM
  AVERAGE SKY COVER 0.0



RELATIVE HUMIDITY (PERCENT)
 HIGHEST    81           300 AM
 LOWEST     21           100 PM
 AVERAGE    51

..........................................................


THE CAMPO ASOS CA CLIMATE NORMALS FOR TODAY
                         NORMAL    RECORD    YEAR
 MAXIMUM TEMPERATURE (F)   62        82      1980
 MINIMUM TEMPERATURE (F)   33        20      1988


SUNRISE AND SUNSET
DECEMBER 27 2014......SUNRISE   646 AM PST   SUNSET   448 PM PST
DECEMBER 28 2014......SUNRISE   647 AM PST   SUNSET   448 PM PST


-  INDICATES NEGATIVE NUMBERS.
R  INDICATES RECORD WAS SET OR TIED.
MM INDICATES DATA IS MISSING.
T  INDICATES TRACE AMOUNT.




$$
