640
CDUS46 KSGX 240121
CLICZZ


CLIMATE REPORT
NATIONAL WEATHER SERVICE SAN DIEGO, CA
521 PM PST TUE JAN 23 2018


...................................

...THE CAMPO ASOS CA CLIMATE SUMMARY FOR JANUARY 23 2018...
VALID TODAY AS OF 0500 PM LOCAL TIME.

CLIMATE NORMAL PERIOD 1981 TO 2010
CLIMATE RECORD PERIOD 1948 TO 2018


WEATHER ITEM   OBSERVED TIME   RECORD YEAR NORMAL DEPARTURE LAST
                VALUE   (LST)  VALUE       VALUE  FROM      YEAR
                                                  NORMAL
..................................................................
TEMPERATURE (F)
 TODAY
  MAXIMUM         63    307 PM  77    2003  63      0       48
  MINIMUM         48    619 AM  19    1966  35     13       37
  AVERAGE         56                        49      7       43

PRECIPITATION (IN)
  TODAY            0.00          1.29 2017   0.09  -0.09     1.29
  MONTH TO DATE    2.16                      2.22  -0.06     6.42
  SINCE OCT 1      2.51                      6.44  -3.93    11.65
  SINCE JAN 1      2.16                      2.22  -0.06     6.42

DEGREE DAYS
 HEATING
  TODAY            9                        16     -7       22
  MONTH TO DATE  255                       379   -124      408
  SINCE DEC 1    647                       915   -268      873
  SINCE JUL 1   1043                      1485   -442     1291

 COOLING
  TODAY            0                         0      0        0
  MONTH TO DATE    0                         0      0        0
  SINCE DEC 1      0                         0      0        0
  SINCE JAN 1      0                         0      0        0
..................................................................


WIND (MPH)
  RESULTANT WIND SPEED  15   RESULTANT WIND DIRECTION  NE (40)
  HIGHEST WIND SPEED    28   HIGHEST WIND DIRECTION    NE (60)
  HIGHEST GUST SPEED    37   HIGHEST GUST DIRECTION    NE (60)
  AVERAGE WIND SPEED    16.3


SKY COVER
  POSSIBLE SUNSHINE  MM
  AVERAGE SKY COVER 0.0



RELATIVE HUMIDITY (PERCENT)
 HIGHEST    32           700 AM
 LOWEST     16           300 PM
 AVERAGE    24

..........................................................


THE CAMPO ASOS CA CLIMATE NORMALS FOR TOMORROW
                         NORMAL    RECORD    YEAR
 MAXIMUM TEMPERATURE (F)   63        77      1975
 MINIMUM TEMPERATURE (F)   35        20      1991


SUNRISE AND SUNSET
JANUARY 23 2018.......SUNRISE   645 AM PST   SUNSET   510 PM PST
JANUARY 24 2018.......SUNRISE   645 AM PST   SUNSET   511 PM PST


-  INDICATES NEGATIVE NUMBERS.
R  INDICATES RECORD WAS SET OR TIED.
MM INDICATES DATA IS MISSING.
T  INDICATES TRACE AMOUNT.




$$
