000
CDUS46 KSGX 270018
CLICZZ


CLIMATE REPORT
NATIONAL WEATHER SERVICE SAN DIEGO, CA
518 PM PDT TUE JUL 26 2016


...................................

...THE CAMPO ASOS CA CLIMATE SUMMARY FOR JULY 26 2016...
VALID TODAY AS OF 0500 PM LOCAL TIME.

CLIMATE NORMAL PERIOD 1981 TO 2010
CLIMATE RECORD PERIOD 1948 TO 2016


WEATHER ITEM   OBSERVED TIME   RECORD YEAR NORMAL DEPARTURE LAST
                VALUE   (LST)  VALUE       VALUE  FROM      YEAR
                                                  NORMAL
..................................................................
TEMPERATURE (F)
 TODAY
  MAXIMUM         97    241 PM 106    1995  95      2       86
  MINIMUM         63    433 AM  40    1986  54      9       50
  AVERAGE         80                        74      6       68

PRECIPITATION (IN)
  TODAY            0.00          1.15 1952   0.02  -0.02     0.00
  MONTH TO DATE    0.00                      0.24  -0.24     0.49
  SINCE OCT 1      9.32                     14.61  -5.29    10.09
  SINCE JAN 1      6.37                     10.39  -4.02     6.22

DEGREE DAYS
 HEATING
  TODAY            0                         0      0        0
  MONTH TO DATE    0                         4     -4        9
  SINCE JUN 1     27                        60    -33       59
  SINCE JUL 1      0                         4     -4        9

 COOLING
  TODAY           15                         9      6        3
  MONTH TO DATE  225                       205     20      137
  SINCE JUN 1    446                       297    149      325
  SINCE JAN 1    449                       327    122      342
..................................................................


WIND (MPH)
  RESULTANT WIND SPEED   6   RESULTANT WIND DIRECTION  SW (230)
  HIGHEST WIND SPEED    23   HIGHEST WIND DIRECTION    SW (210)
  HIGHEST GUST SPEED    29   HIGHEST GUST DIRECTION    SW (210)
  AVERAGE WIND SPEED     8.8


SKY COVER
  POSSIBLE SUNSHINE  MM
  AVERAGE SKY COVER 0.0



RELATIVE HUMIDITY (PERCENT)
 HIGHEST    78           500 AM
 LOWEST     27           100 PM
 AVERAGE    53

..........................................................


THE CAMPO ASOS CA CLIMATE NORMALS FOR TOMORROW
                         NORMAL    RECORD    YEAR
 MAXIMUM TEMPERATURE (F)   95       111      1995
 MINIMUM TEMPERATURE (F)   54        40      1990


SUNRISE AND SUNSET
JULY 26 2016..........SUNRISE   556 AM PDT   SUNSET   748 PM PDT
JULY 27 2016..........SUNRISE   557 AM PDT   SUNSET   747 PM PDT


-  INDICATES NEGATIVE NUMBERS.
R  INDICATES RECORD WAS SET OR TIED.
MM INDICATES DATA IS MISSING.
T  INDICATES TRACE AMOUNT.




$$
