000
CDUS46 KSGX 312321
CLICZZ


CLIMATE REPORT
NATIONAL WEATHER SERVICE SAN DIEGO, CA
421 PM PDT FRI JUL 31 2015


...................................

...THE CAMPO ASOS CA CLIMATE SUMMARY FOR JULY 31 2015...
VALID TODAY AS OF 0400 PM LOCAL TIME.

CLIMATE NORMAL PERIOD 1981 TO 2010
CLIMATE RECORD PERIOD 1948 TO 2015


WEATHER ITEM   OBSERVED TIME   RECORD YEAR NORMAL DEPARTURE LAST
                VALUE   (LST)  VALUE       VALUE  FROM      YEAR
                                                  NORMAL
..................................................................
TEMPERATURE (F)
 TODAY
  MAXIMUM         93    155 PM 105    1972  95     -2      100
  MINIMUM         60    500 AM  40    1950  54      6       59
  AVERAGE         77                        74      3       80

PRECIPITATION (IN)
  TODAY            0.00          0.62 1991   0.02  -0.02     0.00
  MONTH TO DATE    0.51                      0.32   0.19     0.14
  SINCE OCT 1     10.11                     14.69  -4.58     5.15
  SINCE JAN 1      6.24                     10.47  -4.23     2.90

DEGREE DAYS
 HEATING
  TODAY            0                         0      0        0
  MONTH TO DATE   10                         4      6        0
  SINCE JUN 1     60                        63     -3       28
  SINCE JUL 1     10                         7      3        0

 COOLING
  TODAY           12                         9      3       15
  MONTH TO DATE  180                       250    -70      286
  SINCE JUN 1    368                       342     26      346
  SINCE JAN 1    385                       372     13      398
..................................................................


WIND (MPH)
  RESULTANT WIND SPEED   1   RESULTANT WIND DIRECTION   S (200)
  HIGHEST WIND SPEED    15   HIGHEST WIND DIRECTION    SW (230)
  HIGHEST GUST SPEED    19   HIGHEST GUST DIRECTION    SW (240)
  AVERAGE WIND SPEED     5.3


SKY COVER
  POSSIBLE SUNSHINE  MM
  AVERAGE SKY COVER 0.0



RELATIVE HUMIDITY (PERCENT)
 HIGHEST    84           300 AM
 LOWEST     16           200 PM
 AVERAGE    50

..........................................................


THE CAMPO ASOS CA CLIMATE NORMALS FOR TOMORROW
                         NORMAL    RECORD    YEAR
 MAXIMUM TEMPERATURE (F)   95       105      1993
 MINIMUM TEMPERATURE (F)   54        38      1956


SUNRISE AND SUNSET
JULY 31 2015..........SUNRISE   559 AM PDT   SUNSET   745 PM PDT
AUGUST  1 2015........SUNRISE   600 AM PDT   SUNSET   744 PM PDT


-  INDICATES NEGATIVE NUMBERS.
R  INDICATES RECORD WAS SET OR TIED.
MM INDICATES DATA IS MISSING.
T  INDICATES TRACE AMOUNT.




$$
