000
CDUS46 KSGX 250017
CLICZZ


CLIMATE REPORT
NATIONAL WEATHER SERVICE SAN DIEGO, CA
517 PM PDT SUN MAY 24 2015


...................................

...THE CAMPO ASOS CA CLIMATE SUMMARY FOR MAY 24 2015...
VALID TODAY AS OF 0500 PM LOCAL TIME.

CLIMATE NORMAL PERIOD 1981 TO 2010
CLIMATE RECORD PERIOD 1948 TO 2015


WEATHER ITEM   OBSERVED TIME   RECORD YEAR NORMAL DEPARTURE LAST
                VALUE   (LST)  VALUE       VALUE  FROM      YEAR
                                                  NORMAL
..................................................................
TEMPERATURE (F)
 TODAY
  MAXIMUM         65    239 PM  92    1984  81    -16       73
  MINIMUM         49    550 AM  26    2010  43      6       47
  AVERAGE         57                        62     -5       60

PRECIPITATION (IN)
  TODAY            0.00          0.16 1977   0.00   0.00     0.00
  MONTH TO DATE    2.31                      0.16   2.15     0.01
  SINCE OCT 1      8.93                     14.24  -5.31     5.01
  SINCE JAN 1      5.06                     10.02  -4.96     2.76

SNOWFALL (IN)
  TODAY            0.0
  MONTH TO DATE    0.0
  SINCE MAR 1      0.0
  SINCE JUL 1      0.0
  SNOW DEPTH       0

DEGREE DAYS
 HEATING
  TODAY            8                         4      4        5
  MONTH TO DATE  228                       131     97      137
  SINCE MAR 1    811                       848    -37      761
  SINCE JUL 1   2447                      2899   -452     2631

 COOLING
  TODAY            0                         1     -1        0
  MONTH TO DATE    2                        19    -17       21
  SINCE MAR 1      7                        22    -15       31
  SINCE JAN 1      7                        22    -15       31
..................................................................


WIND (MPH)
  RESULTANT WIND SPEED   8   RESULTANT WIND DIRECTION  SW (230)
  HIGHEST WIND SPEED    17   HIGHEST WIND DIRECTION    SW (220)
  HIGHEST GUST SPEED    22   HIGHEST GUST DIRECTION    SW (220)
  AVERAGE WIND SPEED     9.5


SKY COVER
  POSSIBLE SUNSHINE  MM
  AVERAGE SKY COVER 0.0



RELATIVE HUMIDITY (PERCENT)
 HIGHEST   100           500 AM
 LOWEST     56           300 PM
 AVERAGE    78

..........................................................


THE CAMPO ASOS CA CLIMATE NORMALS FOR TOMORROW
                         NORMAL    RECORD    YEAR
 MAXIMUM TEMPERATURE (F)   82        99      1951
 MINIMUM TEMPERATURE (F)   43        30      1960


SUNRISE AND SUNSET
MAY 24 2015...........SUNRISE   542 AM PDT   SUNSET   744 PM PDT
MAY 25 2015...........SUNRISE   542 AM PDT   SUNSET   744 PM PDT


-  INDICATES NEGATIVE NUMBERS.
R  INDICATES RECORD WAS SET OR TIED.
MM INDICATES DATA IS MISSING.
T  INDICATES TRACE AMOUNT.




$$
