000
CDUS46 KSGX 280017
CLICZZ


CLIMATE REPORT
NATIONAL WEATHER SERVICE SAN DIEGO, CA
517 PM PDT THU APR 27 2017


...................................

...THE CAMPO ASOS CA CLIMATE SUMMARY FOR APRIL 27 2017...
VALID TODAY AS OF 0500 PM LOCAL TIME.

CLIMATE NORMAL PERIOD 1981 TO 2010
CLIMATE RECORD PERIOD 1948 TO 2017


WEATHER ITEM   OBSERVED TIME   RECORD YEAR NORMAL DEPARTURE LAST
                VALUE   (LST)  VALUE       VALUE  FROM      YEAR
                                                  NORMAL
..................................................................
TEMPERATURE (F)
 TODAY
  MAXIMUM         76    132 PM  92    2004  75      1       66
                                      1996
  MINIMUM         41    515 AM  27    1975  39      2       31
  AVERAGE         59                        57      2       49

PRECIPITATION (IN)
  TODAY            0.00          1.22 1960   0.03  -0.03     0.00
  MONTH TO DATE    0.00                      0.90  -0.90     1.70
  SINCE OCT 1     15.69                     14.02   1.67     9.17
  SINCE JAN 1     10.46                      9.80   0.66     6.22

DEGREE DAYS
 HEATING
  TODAY            6                         8     -2       16
  MONTH TO DATE  247                       277    -30      248
  SINCE MAR 1    556                       694   -138      634
  SINCE JUL 1   2466                      2745   -279     2518

 COOLING
  TODAY            0                         0      0        0
  MONTH TO DATE    2                         0      2        0
  SINCE MAR 1      2                         0      2        0
  SINCE JAN 1      2                         0      2        0
..................................................................


WIND (MPH)
  RESULTANT WIND SPEED   6   RESULTANT WIND DIRECTION  SW (230)
  HIGHEST WIND SPEED    21   HIGHEST WIND DIRECTION    SW (230)
  HIGHEST GUST SPEED    29   HIGHEST GUST DIRECTION    SW (240)
  AVERAGE WIND SPEED     9.2


SKY COVER
  POSSIBLE SUNSHINE  MM
  AVERAGE SKY COVER 0.0



RELATIVE HUMIDITY (PERCENT)
 HIGHEST    96           500 AM
 LOWEST     38           200 PM
 AVERAGE    67

..........................................................


THE CAMPO ASOS CA CLIMATE NORMALS FOR TOMORROW
                         NORMAL    RECORD    YEAR
 MAXIMUM TEMPERATURE (F)   76        92      1992
 MINIMUM TEMPERATURE (F)   40        29      1969


SUNRISE AND SUNSET
APRIL 27 2017.........SUNRISE   603 AM PDT   SUNSET   725 PM PDT
APRIL 28 2017.........SUNRISE   602 AM PDT   SUNSET   725 PM PDT


-  INDICATES NEGATIVE NUMBERS.
R  INDICATES RECORD WAS SET OR TIED.
MM INDICATES DATA IS MISSING.
T  INDICATES TRACE AMOUNT.




$$
