000
CDUS46 KSGX 271416
CLICZZ


CLIMATE REPORT
NATIONAL WEATHER SERVICE SAN DIEGO, CA
716 AM PDT FRI MAR 27 2015


...................................

...THE CAMPO ASOS CA CLIMATE SUMMARY FOR MARCH 26 2015...

CLIMATE NORMAL PERIOD 1981 TO 2010
CLIMATE RECORD PERIOD 1948 TO 2015


WEATHER ITEM   OBSERVED TIME   RECORD YEAR NORMAL DEPARTURE LAST
                VALUE   (LST)  VALUE       VALUE  FROM      YEAR
                                                  NORMAL
..................................................................
TEMPERATURE (F)
 YESTERDAY
  MAXIMUM         81    222 PM  86    1988  68     13       57
  MINIMUM         36    213 AM  24    1964  36      0       47
  AVERAGE         59                        52      7       52

PRECIPITATION (IN)
  YESTERDAY        0.00          1.32 1991   0.06  -0.06     0.05
  MONTH TO DATE    1.45                      2.39  -0.94     0.69
  SINCE OCT 1      6.35                     12.82  -6.47     4.26
  SINCE JAN 1      2.48                      8.60  -6.12     2.01

SNOWFALL (IN)
  YESTERDAY        0.0
  MONTH TO DATE    0.0
  SINCE MAR 1      0.0
  SINCE JUL 1      0.0
  SNOW DEPTH       0

DEGREE DAYS
 HEATING
  YESTERDAY        6                        13     -7       13
  MONTH TO DATE  277                       354    -77      303
  SINCE MAR 1    277                       354    -77      303
  SINCE JUL 1   1913                      2405   -492     2173

 COOLING
  YESTERDAY        0                         0      0        0
  MONTH TO DATE    0                         0      0        0
  SINCE MAR 1      0                         0      0        0
  SINCE JAN 1      0                         0      0        0
..................................................................


WIND (MPH)
  RESULTANT WIND SPEED  11   RESULTANT WIND DIRECTION  NE (60)
  HIGHEST WIND SPEED    28   HIGHEST WIND DIRECTION    NE (50)
  HIGHEST GUST SPEED    37   HIGHEST GUST DIRECTION    NE (50)
  AVERAGE WIND SPEED    10.8


SKY COVER
  POSSIBLE SUNSHINE  MM
  AVERAGE SKY COVER 0.0



RELATIVE HUMIDITY (PERCENT)
 HIGHEST    60           400 AM
 LOWEST     12          1100 AM
 AVERAGE    36

..........................................................


THE CAMPO ASOS CA CLIMATE NORMALS FOR TODAY
                         NORMAL    RECORD    YEAR
 MAXIMUM TEMPERATURE (F)   68        85      1986
 MINIMUM TEMPERATURE (F)   36        24      1975


SUNRISE AND SUNSET
MARCH 27 2015.........SUNRISE   641 AM PDT   SUNSET   702 PM PDT
MARCH 28 2015.........SUNRISE   639 AM PDT   SUNSET   703 PM PDT


-  INDICATES NEGATIVE NUMBERS.
R  INDICATES RECORD WAS SET OR TIED.
MM INDICATES DATA IS MISSING.
T  INDICATES TRACE AMOUNT.




$$
