000
CDUS43 KUNR 260838
CLID07


CLIMATE REPORT
NATIONAL WEATHER SERVICE RAPID CITY SD
138 AM MST MON JAN 26 2015


...................................

...THE FAITH SD CLIMATE SUMMARY FOR JANUARY 25 2015...

CLIMATE NORMAL PERIOD 1981 TO 2010
CLIMATE RECORD PERIOD 9999 TO 9999


WEATHER ITEM   OBSERVED TIME   NORMAL DEPARTURE LAST
                VALUE   (LST)  VALUE  FROM      YEAR
                                      NORMAL
......................................................
TEMPERATURE (F)
 YESTERDAY
  MAXIMUM         47    254 PM  30     17       52
  MINIMUM         31    607 AM  11     20       33
  AVERAGE         39            20     19       43

PRECIPITATION (IN)
  YESTERDAY        0.00          0.01  -0.01     0.00
  MONTH TO DATE    0.14          0.16  -0.02     0.07
  SINCE DEC 1      0.42          0.56  -0.14     0.97
  SINCE JAN 1      0.14          0.16  -0.02     0.07

DEGREE DAYS
 HEATING
  YESTERDAY       26            45    -19       22
  MONTH TO DATE 1056          1125    -69     1064
  SINCE DEC 1   2273          2485   -212     2634
  SINCE JUL 1   4149          4268   -119     4384

 COOLING
  YESTERDAY        0             0      0        0
  MONTH TO DATE    0             0      0        0
  SINCE DEC 1      0             0      0        0
  SINCE JAN 1      0             0      0        0
......................................................


WIND (MPH)
  HIGHEST WIND SPEED    23   HIGHEST WIND DIRECTION     W (290)
  HIGHEST GUST SPEED    28   HIGHEST GUST DIRECTION     W (290)
  AVERAGE WIND SPEED    12.9




RELATIVE HUMIDITY (PERCENT)
 HIGHEST    85           500 AM
 LOWEST     42           300 PM
 AVERAGE    64

..........................................................




SUNRISE AND SUNSET
JANUARY 26 2015.......SUNRISE   715 AM MST   SUNSET   447 PM MST
JANUARY 27 2015.......SUNRISE   714 AM MST   SUNSET   449 PM MST


-  INDICATES NEGATIVE NUMBERS.
R  INDICATES RECORD WAS SET OR TIED.
MM INDICATES DATA IS MISSING.
T  INDICATES TRACE AMOUNT.




$$
