000
CDUS43 KUNR 220835
CLID07


CLIMATE REPORT
NATIONAL WEATHER SERVICE RAPID CITY SD
133 AM MST MON JAN 22 2018


...................................

...THE FAITH SD CLIMATE SUMMARY FOR JANUARY 21 2018...

CLIMATE NORMAL PERIOD 1981 TO 2010
CLIMATE RECORD PERIOD 9999 TO 9999


WEATHER ITEM   OBSERVED TIME   NORMAL DEPARTURE LAST
                VALUE   (LST)  VALUE  FROM      YEAR
                                      NORMAL
......................................................
TEMPERATURE (F)
 YESTERDAY
  MAXIMUM         34    307 PM  30      4       34
  MINIMUM         22   1159 PM  11     11       21
  AVERAGE         28            20      8       28

PRECIPITATION (IN)
  YESTERDAY        0.00          0.01  -0.01     0.00
  MONTH TO DATE    0.15          0.13   0.02     0.45
  SINCE DEC 1      0.76          0.53   0.23     0.89
  SINCE JAN 1      0.15          0.13   0.02     0.45

DEGREE DAYS
 HEATING
  YESTERDAY       37            45     -8       37
  MONTH TO DATE 1021           945     76     1177
  SINCE DEC 1   2357          2305     52     2659
  SINCE JUL 1   3980          4088   -108     3910

 COOLING
  YESTERDAY        0             0      0        0
  MONTH TO DATE    0             0      0        0
  SINCE DEC 1      0             0      0        0
  SINCE JAN 1      0             0      0        0
......................................................


WIND (MPH)
  HIGHEST WIND SPEED    12   HIGHEST WIND DIRECTION    NW (310)
  HIGHEST GUST SPEED    14   HIGHEST GUST DIRECTION    NW (320)
  AVERAGE WIND SPEED     7.8




RELATIVE HUMIDITY (PERCENT)
 HIGHEST    96          1100 PM
 LOWEST     66          1200 PM
 AVERAGE    81

..........................................................




SUNRISE AND SUNSET
JANUARY 22 2018.......SUNRISE   718 AM MST   SUNSET   442 PM MST
JANUARY 23 2018.......SUNRISE   717 AM MST   SUNSET   443 PM MST


-  INDICATES NEGATIVE NUMBERS.
R  INDICATES RECORD WAS SET OR TIED.
MM INDICATES DATA IS MISSING.
T  INDICATES TRACE AMOUNT.




$$
