059
CDUS43 KUNR 110833
CLID07


CLIMATE REPORT
NATIONAL WEATHER SERVICE RAPID CITY SD
133 AM MST THU FEB 11 2016


...................................

...THE FAITH SD CLIMATE SUMMARY FOR FEBRUARY 10 2016...

CLIMATE NORMAL PERIOD 1981 TO 2010
CLIMATE RECORD PERIOD 9999 TO 9999


WEATHER ITEM   OBSERVED TIME   NORMAL DEPARTURE LAST
                VALUE   (LST)  VALUE  FROM      YEAR
                                      NORMAL
......................................................
TEMPERATURE (F)
 YESTERDAY
  MAXIMUM         52    112 PM  32     20       46
  MINIMUM         28   1159 PM  13     15       20
  AVERAGE         40            22     18       33

PRECIPITATION (IN)
  YESTERDAY        0.00          0.02  -0.02     0.02
  MONTH TO DATE    0.03          0.18  -0.15     0.11
  SINCE DEC 1      0.82          0.78   0.04     0.56
  SINCE JAN 1      0.29          0.38  -0.09     0.28

DEGREE DAYS
 HEATING
  YESTERDAY       25            43    -18       32
  MONTH TO DATE  349           435    -86      364
  SINCE DEC 1   2985          3181   -196     2797
  SINCE JUL 1   4371          4964   -593     4673

 COOLING
  YESTERDAY        0             0      0        0
  MONTH TO DATE    0             0      0        0
  SINCE DEC 1      0             0      0        0
  SINCE JAN 1      0             0      0        0
......................................................


WIND (MPH)
  HIGHEST WIND SPEED    28   HIGHEST WIND DIRECTION     N (350)
  HIGHEST GUST SPEED    33   HIGHEST GUST DIRECTION     N (350)
  AVERAGE WIND SPEED    14.2




RELATIVE HUMIDITY (PERCENT)
 HIGHEST    78          1200 AM
 LOWEST     38          1100 AM
 AVERAGE    58

..........................................................




SUNRISE AND SUNSET
FEBRUARY 11 2016......SUNRISE   655 AM MST   SUNSET   510 PM MST
FEBRUARY 12 2016......SUNRISE   654 AM MST   SUNSET   511 PM MST


-  INDICATES NEGATIVE NUMBERS.
R  INDICATES RECORD WAS SET OR TIED.
MM INDICATES DATA IS MISSING.
T  INDICATES TRACE AMOUNT.




$$
