000
CDUS43 KUNR 020858
CLID07


CLIMATE REPORT
NATIONAL WEATHER SERVICE RAPID CITY SD
258 AM MDT TUE SEP 2 2014


...................................

...THE FAITH SD CLIMATE SUMMARY FOR SEPTEMBER 1 2014...

CLIMATE NORMAL PERIOD 1981 TO 2010
CLIMATE RECORD PERIOD 9999 TO 9999


WEATHER ITEM   OBSERVED TIME   NORMAL DEPARTURE LAST
                VALUE   (LST)  VALUE  FROM      YEAR
                                      NORMAL
......................................................
TEMPERATURE (F)
 YESTERDAY
  MAXIMUM         75   1256 PM  82     -7       82
  MINIMUM         48    316 AM  54     -6       51
  AVERAGE         62            68     -6       67

PRECIPITATION (IN)
  YESTERDAY        0.03          0.06  -0.03     0.00
  MONTH TO DATE    0.03          0.06  -0.03     0.00
  SINCE SEP 1      0.03          0.06  -0.03     0.00
  SINCE JAN 1     16.54         13.88   2.66    12.37

DEGREE DAYS
 HEATING
  YESTERDAY        3             2      1        0
  MONTH TO DATE    3             2      1        0
  SINCE SEP 1      3             2      1        0
  SINCE JUL 1     46            35     11       15

 COOLING
  YESTERDAY        0             5     -5        2
  MONTH TO DATE    0             5     -5        2
  SINCE SEP 1      0             5     -5        2
  SINCE JAN 1    399           580   -181      592
......................................................


WIND (MPH)
  HIGHEST WIND SPEED    23   HIGHEST WIND DIRECTION    NW (330)
  HIGHEST GUST SPEED    27   HIGHEST GUST DIRECTION    NW (320)
  AVERAGE WIND SPEED     8.4




RELATIVE HUMIDITY (PERCENT)
 HIGHEST    93           200 AM
 LOWEST     43           100 PM
 AVERAGE    68

..........................................................




SUNRISE AND SUNSET
SEPTEMBER  2 2014.....SUNRISE   611 AM MDT   SUNSET   723 PM MDT
SEPTEMBER  3 2014.....SUNRISE   612 AM MDT   SUNSET   721 PM MDT


-  INDICATES NEGATIVE NUMBERS.
R  INDICATES RECORD WAS SET OR TIED.
MM INDICATES DATA IS MISSING.
T  INDICATES TRACE AMOUNT.




$$
