000
CDUS43 KUNR 230833
CLID07


CLIMATE REPORT
NATIONAL WEATHER SERVICE RAPID CITY SD
232 AM MDT TUE AUG 23 2016


...................................

...THE FAITH SD CLIMATE SUMMARY FOR AUGUST 22 2016...

CLIMATE NORMAL PERIOD 1981 TO 2010
CLIMATE RECORD PERIOD 9999 TO 9999


WEATHER ITEM   OBSERVED TIME   NORMAL DEPARTURE LAST
                VALUE   (LST)  VALUE  FROM      YEAR
                                      NORMAL
......................................................
TEMPERATURE (F)
 YESTERDAY
  MAXIMUM        100    343 PM  85     15       67
  MINIMUM         55    514 AM  57     -2       49
  AVERAGE         78            71      7       58

PRECIPITATION (IN)
  YESTERDAY        0.00          0.04  -0.04     0.00
  MONTH TO DATE    1.22          1.19   0.03     2.51
  SINCE JUN 1      4.76          7.08  -2.32     5.73
  SINCE JAN 1     11.61         13.38  -1.77    12.97

DEGREE DAYS
 HEATING
  YESTERDAY        0             1     -1        7
  MONTH TO DATE   12             6      6       20
  SINCE JUN 1     30           108    -78       54
  SINCE JUL 1     15            18     -3       20

 COOLING
  YESTERDAY       13             7      6        0
  MONTH TO DATE  186           180      6      188
  SINCE JUN 1    643           513    130      540
  SINCE JAN 1    645           525    120      542
......................................................


WIND (MPH)
  HIGHEST WIND SPEED    22   HIGHEST WIND DIRECTION     S (200)
  HIGHEST GUST SPEED    27   HIGHEST GUST DIRECTION     S (200)
  AVERAGE WIND SPEED    11.6




RELATIVE HUMIDITY (PERCENT)
 HIGHEST    86           200 AM
 LOWEST     15           400 PM
 AVERAGE    51

..........................................................




SUNRISE AND SUNSET
AUGUST 23 2016........SUNRISE   600 AM MDT   SUNSET   740 PM MDT
AUGUST 24 2016........SUNRISE   601 AM MDT   SUNSET   739 PM MDT


-  INDICATES NEGATIVE NUMBERS.
R  INDICATES RECORD WAS SET OR TIED.
MM INDICATES DATA IS MISSING.
T  INDICATES TRACE AMOUNT.




$$
