000
CDUS43 KUNR 060831
CLID07


CLIMATE REPORT
NATIONAL WEATHER SERVICE RAPID CITY SD
231 AM MDT FRI MAY 6 2016


...................................

...THE FAITH SD CLIMATE SUMMARY FOR MAY 5 2016...

CLIMATE NORMAL PERIOD 1981 TO 2010
CLIMATE RECORD PERIOD 9999 TO 9999


WEATHER ITEM   OBSERVED TIME   NORMAL DEPARTURE LAST
                VALUE   (LST)  VALUE  FROM      YEAR
                                      NORMAL
......................................................
TEMPERATURE (F)
 YESTERDAY
  MAXIMUM         82    346 PM  64     18       67
  MINIMUM         47    220 AM  40      7       46
  AVERAGE         65            52     13       57

PRECIPITATION (IN)
  YESTERDAY        0.00          0.09  -0.09     0.00
  MONTH TO DATE    0.00          0.47  -0.47     0.14
  SINCE MAR 1      4.85          3.08   1.77     0.79
  SINCE JAN 1      6.36          3.70   2.66     1.22

DEGREE DAYS
 HEATING
  YESTERDAY        0            13    -13        8
  MONTH TO DATE   44            68    -24       41
  SINCE MAR 1   1381          1679   -298     1306
  SINCE JUL 1   6327          7367  -1040     6805

 COOLING
  YESTERDAY        0             0      0        0
  MONTH TO DATE    0             0      0        0
  SINCE MAR 1      0             1     -1        2
  SINCE JAN 1      0             1     -1        2
......................................................


WIND (MPH)
  HIGHEST WIND SPEED    21   HIGHEST WIND DIRECTION     S (170)
  HIGHEST GUST SPEED    24   HIGHEST GUST DIRECTION     S (170)
  AVERAGE WIND SPEED    10.1




RELATIVE HUMIDITY (PERCENT)
 HIGHEST    77           200 AM
 LOWEST     29          1000 PM
 AVERAGE    53

..........................................................




SUNRISE AND SUNSET
MAY  6 2016...........SUNRISE   529 AM MDT   SUNSET   801 PM MDT
MAY  7 2016...........SUNRISE   528 AM MDT   SUNSET   802 PM MDT


-  INDICATES NEGATIVE NUMBERS.
R  INDICATES RECORD WAS SET OR TIED.
MM INDICATES DATA IS MISSING.
T  INDICATES TRACE AMOUNT.




$$
