000
CDUS43 KUNR 200835
CLID07


CLIMATE REPORT
NATIONAL WEATHER SERVICE RAPID CITY SD
234 AM MDT SAT SEP 20 2014


...................................

...THE FAITH SD CLIMATE SUMMARY FOR SEPTEMBER 19 2014...

CLIMATE NORMAL PERIOD 1981 TO 2010
CLIMATE RECORD PERIOD 9999 TO 9999


WEATHER ITEM   OBSERVED TIME   NORMAL DEPARTURE LAST
                VALUE   (LST)  VALUE  FROM      YEAR
                                      NORMAL
......................................................
TEMPERATURE (F)
 YESTERDAY
  MAXIMUM         83    210 PM  72     11       61
  MINIMUM         59   1159 PM  45     14       46
  AVERAGE         71            58     13       54

PRECIPITATION (IN)
  YESTERDAY        0.00          0.04  -0.04     0.00
  MONTH TO DATE    0.34          0.91  -0.57     0.39
  SINCE SEP 1      0.34          0.91  -0.57     0.39
  SINCE JAN 1     16.85         14.73   2.12    12.76

DEGREE DAYS
 HEATING
  YESTERDAY        0             8     -8       11
  MONTH TO DATE  159            87     72       18
  SINCE SEP 1    159            87     72       18
  SINCE JUL 1    202           120     82       33

 COOLING
  YESTERDAY        6             1      5        0
  MONTH TO DATE   17            54    -37      116
  SINCE SEP 1     17            54    -37      116
  SINCE JAN 1    416           629   -213      706
......................................................


WIND (MPH)
  HIGHEST WIND SPEED    23   HIGHEST WIND DIRECTION     W (290)
  HIGHEST GUST SPEED    29   HIGHEST GUST DIRECTION     W (290)
  AVERAGE WIND SPEED    11.7




RELATIVE HUMIDITY (PERCENT)
 HIGHEST   100           300 AM
 LOWEST     31           100 PM
 AVERAGE    66

..........................................................




SUNRISE AND SUNSET
SEPTEMBER 20 2014.....SUNRISE   633 AM MDT   SUNSET   649 PM MDT
SEPTEMBER 21 2014.....SUNRISE   634 AM MDT   SUNSET   647 PM MDT


-  INDICATES NEGATIVE NUMBERS.
R  INDICATES RECORD WAS SET OR TIED.
MM INDICATES DATA IS MISSING.
T  INDICATES TRACE AMOUNT.




$$
