947
CDUS43 KUNR 280830
CLID07


CLIMATE REPORT
NATIONAL WEATHER SERVICE RAPID CITY SD
230 AM MDT WED SEP 28 2016


...................................

...THE FAITH SD CLIMATE SUMMARY FOR SEPTEMBER 27 2016...

CLIMATE NORMAL PERIOD 1981 TO 2010
CLIMATE RECORD PERIOD 9999 TO 9999


WEATHER ITEM   OBSERVED TIME   NORMAL DEPARTURE LAST
                VALUE   (LST)  VALUE  FROM      YEAR
                                      NORMAL
......................................................
TEMPERATURE (F)
 YESTERDAY
  MAXIMUM         83    311 PM  67     16       83
  MINIMUM         47    420 AM  42      5       56
  AVERAGE         65            54     11       70

PRECIPITATION (IN)
  YESTERDAY        0.00          0.04  -0.04     0.00
  MONTH TO DATE    1.39          1.26   0.13     0.46
  SINCE SEP 1      1.39          1.26   0.13     0.46
  SINCE JAN 1     13.01         15.08  -2.07    13.43

DEGREE DAYS
 HEATING
  YESTERDAY        0            11    -11        0
  MONTH TO DATE  102           162    -60       42
  SINCE SEP 1    102           162    -60       42
  SINCE JUL 1    131           195    -64       71

 COOLING
  YESTERDAY        0             0      0        5
  MONTH TO DATE   46            60    -14      101
  SINCE SEP 1     46            60    -14      101
  SINCE JAN 1    732           635     97      680
......................................................


WIND (MPH)
  HIGHEST WIND SPEED    17   HIGHEST WIND DIRECTION     N (350)
  HIGHEST GUST SPEED    23   HIGHEST GUST DIRECTION     N (360)
  AVERAGE WIND SPEED     7.9




RELATIVE HUMIDITY (PERCENT)
 HIGHEST    77           100 AM
 LOWEST     23           300 PM
 AVERAGE    50

..........................................................




SUNRISE AND SUNSET
SEPTEMBER 28 2016.....SUNRISE   643 AM MDT   SUNSET   633 PM MDT
SEPTEMBER 29 2016.....SUNRISE   644 AM MDT   SUNSET   631 PM MDT


-  INDICATES NEGATIVE NUMBERS.
R  INDICATES RECORD WAS SET OR TIED.
MM INDICATES DATA IS MISSING.
T  INDICATES TRACE AMOUNT.




$$
