000
CDUS43 KUNR 230832
CLID07


CLIMATE REPORT
NATIONAL WEATHER SERVICE RAPID CITY SD
230 AM MDT SAT AUG 23 2014


...................................

...THE FAITH SD CLIMATE SUMMARY FOR AUGUST 22 2014...

CLIMATE NORMAL PERIOD 1981 TO 2010
CLIMATE RECORD PERIOD 9999 TO 9999


WEATHER ITEM   OBSERVED TIME   NORMAL DEPARTURE LAST
                VALUE   (LST)  VALUE  FROM      YEAR
                                      NORMAL
......................................................
TEMPERATURE (F)
 YESTERDAY
  MAXIMUM         74    417 PM  85    -11       81
  MINIMUM         62    701 AM  57      5       56
  AVERAGE         68            71     -3       69

PRECIPITATION (IN)
  YESTERDAY        0.44          0.04   0.40     0.00
  MONTH TO DATE    2.49          1.19   1.30     1.89
  SINCE JUN 1      8.85          7.08   1.77     4.72
  SINCE JAN 1     13.43         13.38   0.05    12.36

DEGREE DAYS
 HEATING
  YESTERDAY        0             1     -1        0
  MONTH TO DATE    0             6     -6        2
  SINCE JUN 1    122           108     14       88
  SINCE JUL 1     17            18     -1       15

 COOLING
  YESTERDAY        3             7     -4        4
  MONTH TO DATE  161           180    -19      103
  SINCE JUN 1    359           513   -154      448
  SINCE JAN 1    389           525   -136      461
......................................................


WIND (MPH)
  HIGHEST WIND SPEED    23   HIGHEST WIND DIRECTION    NE (60)
  HIGHEST GUST SPEED    28   HIGHEST GUST DIRECTION     E (70)
  AVERAGE WIND SPEED    11.6




RELATIVE HUMIDITY (PERCENT)
 HIGHEST   100          1200 AM
 LOWEST     68           300 PM
 AVERAGE    84

..........................................................




SUNRISE AND SUNSET
AUGUST 23 2014........SUNRISE   559 AM MDT   SUNSET   741 PM MDT
AUGUST 24 2014........SUNRISE   601 AM MDT   SUNSET   739 PM MDT


-  INDICATES NEGATIVE NUMBERS.
R  INDICATES RECORD WAS SET OR TIED.
MM INDICATES DATA IS MISSING.
T  INDICATES TRACE AMOUNT.




$$
