000
CDUS42 KMLB 232117
CLIDAB


CLIMATE REPORT
NATIONAL WEATHER SERVICE MELBOURNE FL
417 PM EST FRI FEB 23 2018


...................................

...THE DAYTONA BEACH CLIMATE SUMMARY FOR FEBRUARY 23 2018...
VALID TODAY AS OF 0400 PM LOCAL TIME.

CLIMATE NORMAL PERIOD 1981 TO 2010
CLIMATE RECORD PERIOD 1923 TO 2018


WEATHER ITEM   OBSERVED TIME   RECORD YEAR NORMAL DEPARTURE LAST
                VALUE   (LST)  VALUE       VALUE  FROM      YEAR
                                                  NORMAL
..................................................................
TEMPERATURE (F)
 TODAY
  MAXIMUM         81    146 PM  87    2013  72      9       74
  MINIMUM         63    705 AM  27    1978  51     12       64
  AVERAGE         72                        61     11       69

PRECIPITATION (IN)
  TODAY            T             1.55 2002   0.11  -0.11     0.23
  MONTH TO DATE    0.34                      2.24  -1.90     2.03
  SINCE DEC 1      7.99                      7.61   0.38     4.71
  SINCE JAN 1      6.80                      4.98   1.82     4.01

SNOWFALL (IN)
  TODAY            0.0
  MONTH TO DATE    0.0
  SINCE JUL 1      0.0

DEGREE DAYS
 HEATING
  TODAY            0                         5     -5        0
  MONTH TO DATE   21                       141   -120       50
  SINCE DEC 1    463                       584   -121      264
  SINCE JUL 1    497                       658   -161      301

 COOLING
  TODAY            7                         1      6        4
  MONTH TO DATE  100                        23     77       34
  SINCE DEC 1    196                       103     93      209
  SINCE JAN 1    127                        52     75      101
..................................................................


WIND (MPH)
  HIGHEST WIND SPEED    17   HIGHEST WIND DIRECTION    SE (150)
  HIGHEST GUST SPEED    22   HIGHEST GUST DIRECTION     S (160)
  AVERAGE WIND SPEED     3.8


SKY COVER
  AVERAGE SKY COVER 0.4


WEATHER CONDITIONS
 THE FOLLOWING WEATHER WAS RECORDED TODAY.
  LIGHT RAIN
  FOG


RELATIVE HUMIDITY (PERCENT)
 HIGHEST   100          1200 AM
 LOWEST     58           200 PM
 AVERAGE    79

..........................................................


THE DAYTONA BEACH CLIMATE NORMALS FOR TOMORROW
                         NORMAL    RECORD    YEAR
 MAXIMUM TEMPERATURE (F)   72        88      2012
                                             1962
 MINIMUM TEMPERATURE (F)   51        29      1989


SUNRISE AND SUNSET
FEBRUARY 23 2018......SUNRISE   656 AM EST   SUNSET   620 PM EST
FEBRUARY 24 2018......SUNRISE   655 AM EST   SUNSET   620 PM EST


-  INDICATES NEGATIVE NUMBERS.
R  INDICATES RECORD WAS SET OR TIED.
MM INDICATES DATA IS MISSING.
T  INDICATES TRACE AMOUNT.




$$
