963
CDUS42 KMLB 212017
CLIDAB


CLIMATE REPORT
NATIONAL WEATHER SERVICE MELBOURNE FL
417 PM EDT THU SEP 21 2017


...................................

...THE DAYTONA BEACH CLIMATE SUMMARY FOR SEPTEMBER 21 2017...
VALID TODAY AS OF 0400 PM LOCAL TIME.

CLIMATE NORMAL PERIOD 1981 TO 2010
CLIMATE RECORD PERIOD 1923 TO 2017


WEATHER ITEM   OBSERVED TIME   RECORD YEAR NORMAL DEPARTURE LAST
                VALUE   (LST)  VALUE       VALUE  FROM      YEAR
                                                  NORMAL
..................................................................
TEMPERATURE (F)
 TODAY
  MAXIMUM         87    133 PM  94    1954  86      1       88
  MINIMUM         72    412 AM  57    1938  72      0       73
  AVERAGE         80                        79      1       81

PRECIPITATION (IN)
  TODAY            0.00          4.02 1969   0.22  -0.22     0.00
  MONTH TO DATE    9.06                      5.05   4.01     5.60
  SINCE SEP 1      9.06                      5.05   4.01     5.60
  SINCE JAN 1     38.73                     38.18   0.55    33.23

SNOWFALL (IN)
  TODAY            0.0
  MONTH TO DATE    0.0
  SINCE JUL 1      0.0

DEGREE DAYS
 HEATING
  TODAY            0                         0      0        0
  MONTH TO DATE    0                         0      0        0
  SINCE SEP 1      0                         0      0        0
  SINCE JUL 1      0                         0      0        0

 COOLING
  TODAY           15                        14      1       16
  MONTH TO DATE  337                       316     21      339
  SINCE SEP 1    337                       316     21      339
  SINCE JAN 1   2764                      2390    374     2804
..................................................................


WIND (MPH)
  HIGHEST WIND SPEED    16   HIGHEST WIND DIRECTION    NE (40)
  HIGHEST GUST SPEED    21   HIGHEST GUST DIRECTION    NE (40)
  AVERAGE WIND SPEED     5.5


SKY COVER
  AVERAGE SKY COVER 0.3


WEATHER CONDITIONS
 THE FOLLOWING WEATHER WAS RECORDED TODAY.
  NO SIGNIFICANT WEATHER WAS OBSERVED.


RELATIVE HUMIDITY (PERCENT)
 HIGHEST    93           200 AM
 LOWEST     61          1000 AM
 AVERAGE    77

..........................................................


THE DAYTONA BEACH CLIMATE NORMALS FOR TOMORROW
                         NORMAL    RECORD    YEAR
 MAXIMUM TEMPERATURE (F)   86        96      1990
                                             1925
 MINIMUM TEMPERATURE (F)   72        58      1938


SUNRISE AND SUNSET
SEPTEMBER 21 2017.....SUNRISE   712 AM EDT   SUNSET   722 PM EDT
SEPTEMBER 22 2017.....SUNRISE   713 AM EDT   SUNSET   720 PM EDT


-  INDICATES NEGATIVE NUMBERS.
R  INDICATES RECORD WAS SET OR TIED.
MM INDICATES DATA IS MISSING.
T  INDICATES TRACE AMOUNT.




$$
