000
CDUS42 KMLB 312133
CLIDAB


CLIMATE REPORT
NATIONAL WEATHER SERVICE MELBOURNE FL
430 PM EST SAT JAN 31 2015


...................................

...THE DAYTONA BEACH CLIMATE SUMMARY FOR JANUARY 31 2015...
VALID TODAY AS OF 0400 PM LOCAL TIME.

CLIMATE NORMAL PERIOD 1981 TO 2010
CLIMATE RECORD PERIOD 1923 TO 2015


WEATHER ITEM   OBSERVED TIME   RECORD YEAR NORMAL DEPARTURE LAST
                VALUE   (LST)  VALUE       VALUE  FROM      YEAR
                                                  NORMAL
..................................................................
TEMPERATURE (F)
 TODAY
  MAXIMUM         67    235 PM  86    1985  69     -2       63
  MINIMUM         41    632 AM  24    1966  48     -7       51
  AVERAGE         54                        59     -5       57

PRECIPITATION (IN)
  TODAY            0.00          0.60 1932   0.09  -0.09     0.11
  MONTH TO DATE    2.55                      2.74  -0.19     2.77
  SINCE DEC 1      5.38                      5.37   0.01     4.46
  SINCE JAN 1      2.55                      2.74  -0.19     2.77

SNOWFALL (IN)
  TODAY            0.0
  MONTH TO DATE    0.0
  SINCE JUL 1      0.0

DEGREE DAYS
 HEATING
  TODAY           11                         7      4        8
  MONTH TO DATE  198                       245    -47      290
  SINCE DEC 1    313                       443   -130      363
  SINCE JUL 1    442                       517    -75      394

 COOLING
  TODAY            0                         1     -1        0
  MONTH TO DATE   31                        29      2       25
  SINCE DEC 1    114                        80     34      139
  SINCE JAN 1     31                        29      2       25
..................................................................


WIND (MPH)
  HIGHEST WIND SPEED    20   HIGHEST WIND DIRECTION    NE (40)
  HIGHEST GUST SPEED    23   HIGHEST GUST DIRECTION    NE (60)
  AVERAGE WIND SPEED     8.1


SKY COVER
  AVERAGE SKY COVER 0.6


WEATHER CONDITIONS
 THE FOLLOWING WEATHER WAS RECORDED TODAY.
  NO SIGNIFICANT WEATHER WAS OBSERVED.


RELATIVE HUMIDITY (PERCENT)
 HIGHEST    89           700 AM
 LOWEST     48          1100 AM
 AVERAGE    69

..........................................................


THE DAYTONA BEACH CLIMATE NORMALS FOR TOMORROW
                         NORMAL    RECORD    YEAR
 MAXIMUM TEMPERATURE (F)   69        89      1985
 MINIMUM TEMPERATURE (F)   48        30      1936


SUNRISE AND SUNSET
JANUARY 31 2015.......SUNRISE   714 AM EST   SUNSET   602 PM EST
FEBRUARY  1 2015......SUNRISE   713 AM EST   SUNSET   603 PM EST


-  INDICATES NEGATIVE NUMBERS.
R  INDICATES RECORD WAS SET OR TIED.
MM INDICATES DATA IS MISSING.
T  INDICATES TRACE AMOUNT.

&&

DAYTONA BEACH SURF TEMPERATURE 62 DEGREES

$$
