000
CDUS42 KMLB 280635
CLIDAB


CLIMATE REPORT
NATIONAL WEATHER SERVICE MELBOURNE FL
235 AM EDT TUE JUL 28 2015


...................................

...THE DAYTONA BEACH CLIMATE SUMMARY FOR JULY 27 2015...

CLIMATE NORMAL PERIOD 1981 TO 2010
CLIMATE RECORD PERIOD 1923 TO 2015


WEATHER ITEM   OBSERVED TIME   RECORD YEAR NORMAL DEPARTURE LAST
                VALUE   (LST)  VALUE       VALUE  FROM      YEAR
                                                  NORMAL
..................................................................
TEMPERATURE (F)
 YESTERDAY
  MAXIMUM         89   1154 AM  98    1992  91     -2       92
  MINIMUM         75    335 AM  69    1941  73      2       75
                                      1939
                                      1938
  AVERAGE         82                        82      0       84

PRECIPITATION (IN)
  YESTERDAY        0.23          1.66 1927   0.19   0.04     0.01
  MONTH TO DATE    3.25                      5.05  -1.80     7.21
  SINCE JUN 1      8.64                     10.88  -2.24    10.96
  SINCE JAN 1     22.98                     25.95  -2.97    30.71

SNOWFALL (IN)
  YESTERDAY        0.0
  MONTH TO DATE    0.0
  SINCE JUL 1      0.0

DEGREE DAYS
 HEATING
  YESTERDAY        0                         0      0        0
  MONTH TO DATE    0                         0      0        0
  SINCE JUN 1      0                         0      0        0
  SINCE JUL 1      0                         0      0        0

 COOLING
  YESTERDAY       17                        17      0       19
  MONTH TO DATE  476                       448     28      442
  SINCE JUN 1    973                       895     78      890
  SINCE JAN 1   1886                      1496    390     1556
..................................................................


WIND (MPH)
  HIGHEST WIND SPEED    15   HIGHEST WIND DIRECTION    SW (240)
  HIGHEST GUST SPEED    20   HIGHEST GUST DIRECTION    SW (210)
  AVERAGE WIND SPEED     5.8


SKY COVER
  AVERAGE SKY COVER 0.6


WEATHER CONDITIONS
 THE FOLLOWING WEATHER WAS RECORDED YESTERDAY.
  THUNDERSTORM
  HEAVY RAIN
  RAIN
  LIGHT RAIN
  FOG


RELATIVE HUMIDITY (PERCENT)
 HIGHEST   100           600 AM
 LOWEST     59          1200 PM
 AVERAGE    80

..........................................................


THE DAYTONA BEACH CLIMATE NORMALS FOR TODAY
                         NORMAL    RECORD    YEAR
 MAXIMUM TEMPERATURE (F)   91        98      1992
 MINIMUM TEMPERATURE (F)   73        66      1947


SUNRISE AND SUNSET
JULY 28 2015..........SUNRISE   642 AM EDT   SUNSET   819 PM EDT
JULY 29 2015..........SUNRISE   643 AM EDT   SUNSET   818 PM EDT


-  INDICATES NEGATIVE NUMBERS.
R  INDICATES RECORD WAS SET OR TIED.
MM INDICATES DATA IS MISSING.
T  INDICATES TRACE AMOUNT.




$$
