000
CDUS42 KMLB 270634
CLIDAB


CLIMATE REPORT
NATIONAL WEATHER SERVICE MELBOURNE FL
133 AM EST FRI FEB 27 2015


...................................

...THE DAYTONA BEACH CLIMATE SUMMARY FOR FEBRUARY 26 2015...

CLIMATE NORMAL PERIOD 1981 TO 2010
CLIMATE RECORD PERIOD 1923 TO 2015


WEATHER ITEM   OBSERVED TIME   RECORD YEAR NORMAL DEPARTURE LAST
                VALUE   (LST)  VALUE       VALUE  FROM      YEAR
                                                  NORMAL
..................................................................
TEMPERATURE (F)
 YESTERDAY
  MAXIMUM         75    437 AM  89    1939  72      3       65
  MINIMUM         55   1159 PM  28    1967  52      3       57
  AVERAGE         65                        62      3       61

PRECIPITATION (IN)
  YESTERDAY        0.21          2.70 1958   0.11   0.10     0.40
  MONTH TO DATE    2.35                      2.56  -0.21     3.81
  SINCE DEC 1      7.73                      7.93  -0.20     8.27
  SINCE JAN 1      4.90                      5.30  -0.40     6.58

SNOWFALL (IN)
  YESTERDAY        0.0
  MONTH TO DATE    0.0
  SINCE JUL 1      0.0

DEGREE DAYS
 HEATING
  YESTERDAY        0                         5     -5        4
  MONTH TO DATE  195                       156     39      101
  SINCE DEC 1    508                       599    -91      464
  SINCE JUL 1    637                       673    -36      495

 COOLING
  YESTERDAY        0                         2     -2        0
  MONTH TO DATE    9                        29    -20       59
  SINCE DEC 1    123                       109     14      198
  SINCE JAN 1     40                        58    -18       84
..................................................................


WIND (MPH)
  HIGHEST WIND SPEED    30   HIGHEST WIND DIRECTION     W (260)
  HIGHEST GUST SPEED    37   HIGHEST GUST DIRECTION    SW (210)
  AVERAGE WIND SPEED    13.5


SKY COVER
  AVERAGE SKY COVER 0.8


WEATHER CONDITIONS
 THE FOLLOWING WEATHER WAS RECORDED YESTERDAY.
  THUNDERSTORM
  HEAVY RAIN
  LIGHT RAIN
  FOG


RELATIVE HUMIDITY (PERCENT)
 HIGHEST    87           700 AM
 LOWEST     61           100 PM
 AVERAGE    74

..........................................................


THE DAYTONA BEACH CLIMATE NORMALS FOR TODAY
                         NORMAL    RECORD    YEAR
 MAXIMUM TEMPERATURE (F)   72        87      1971
 MINIMUM TEMPERATURE (F)   52        28      1980


SUNRISE AND SUNSET
FEBRUARY 27 2015......SUNRISE   652 AM EST   SUNSET   622 PM EST
FEBRUARY 28 2015......SUNRISE   651 AM EST   SUNSET   623 PM EST


-  INDICATES NEGATIVE NUMBERS.
R  INDICATES RECORD WAS SET OR TIED.
MM INDICATES DATA IS MISSING.
T  INDICATES TRACE AMOUNT.




$$
