000
CDUS42 KMLB 240626
CLIDAB


CLIMATE REPORT
NATIONAL WEATHER SERVICE MELBOURNE FL
226 AM EDT WED AUG 24 2016


...................................

...THE DAYTONA BEACH CLIMATE SUMMARY FOR AUGUST 23 2016...

CLIMATE NORMAL PERIOD 1981 TO 2010
CLIMATE RECORD PERIOD 1923 TO 2016


WEATHER ITEM   OBSERVED TIME   RECORD YEAR NORMAL DEPARTURE LAST
                VALUE   (LST)  VALUE       VALUE  FROM      YEAR
                                                  NORMAL
..................................................................
TEMPERATURE (F)
 YESTERDAY
  MAXIMUM         95   1227 PM  97    2014  89      6       92
  MINIMUM         77    539 AM  65    1984  73      4       72
                                      1940
  AVERAGE         86                        81      5       82

PRECIPITATION (IN)
  YESTERDAY        0.00          3.51 1969   0.23  -0.23     0.53
  MONTH TO DATE    1.12                      4.62  -3.50     4.81
  SINCE JUN 1      5.40                     16.28 -10.88    14.24
  SINCE JAN 1     25.40                     31.35  -5.95    28.58

SNOWFALL (IN)
  YESTERDAY        0.0
  MONTH TO DATE    0.0
  SINCE JUL 1      0.0

DEGREE DAYS
 HEATING
  YESTERDAY        0                         0      0        0
  MONTH TO DATE    0                         0      0        0
  SINCE JUN 1      0                         0      0        0
  SINCE JUL 1      0                         0      0        0

 COOLING
  YESTERDAY       21                        16      5       17
  MONTH TO DATE  437                       385     52      405
  SINCE JUN 1   1539                      1347    192     1450
  SINCE JAN 1   2313                      1948    365     2363
..................................................................


WIND (MPH)
  HIGHEST WIND SPEED    20   HIGHEST WIND DIRECTION    NE (60)
  HIGHEST GUST SPEED    25   HIGHEST GUST DIRECTION     E (70)
  AVERAGE WIND SPEED     8.1


SKY COVER
  AVERAGE SKY COVER 0.3


WEATHER CONDITIONS
 THE FOLLOWING WEATHER WAS RECORDED YESTERDAY.
  FOG


RELATIVE HUMIDITY (PERCENT)
 HIGHEST    91           100 AM
 LOWEST     52           200 PM
 AVERAGE    72

..........................................................


THE DAYTONA BEACH CLIMATE NORMALS FOR TODAY
                         NORMAL    RECORD    YEAR
 MAXIMUM TEMPERATURE (F)   89        95      1989
                                             1988
                                             1944
 MINIMUM TEMPERATURE (F)   73        66      1957


SUNRISE AND SUNSET
AUGUST 24 2016........SUNRISE   658 AM EDT   SUNSET   754 PM EDT
AUGUST 25 2016........SUNRISE   658 AM EDT   SUNSET   753 PM EDT


-  INDICATES NEGATIVE NUMBERS.
R  INDICATES RECORD WAS SET OR TIED.
MM INDICATES DATA IS MISSING.
T  INDICATES TRACE AMOUNT.




$$
