000
CDUS42 KMLB 232120
CLIDAB


CLIMATE REPORT
NATIONAL WEATHER SERVICE MELBOURNE FL
420 PM EST THU NOV 23 2017


...................................

...THE DAYTONA BEACH CLIMATE SUMMARY FOR NOVEMBER 23 2017...
VALID TODAY AS OF 0400 PM LOCAL TIME.

CLIMATE NORMAL PERIOD 1981 TO 2010
CLIMATE RECORD PERIOD 1923 TO 2017


WEATHER ITEM   OBSERVED TIME   RECORD YEAR NORMAL DEPARTURE LAST
                VALUE   (LST)  VALUE       VALUE  FROM      YEAR
                                                  NORMAL
..................................................................
TEMPERATURE (F)
 TODAY
  MAXIMUM         73    603 AM  86    1957  75     -2       77
                                      1948
                                      1947
  MINIMUM         67   1102 AM  34    2000  56     11       54
                                      1981
  AVERAGE         70                        65      5       66

PRECIPITATION (IN)
  TODAY            0.42          3.08 1988   0.08   0.34     0.00
  MONTH TO DATE    0.75                      2.10  -1.35     0.10
  SINCE SEP 1     18.22                     13.27   4.95    16.31
  SINCE JAN 1     47.89                     46.40   1.49    43.94

SNOWFALL (IN)
  TODAY            0.0
  MONTH TO DATE    0.0
  SINCE JUL 1      0.0

DEGREE DAYS
 HEATING
  TODAY            0                         3     -3        0
  MONTH TO DATE    4                        42    -38       36
  SINCE SEP 1     26                        50    -24       37
  SINCE JUL 1     26                        50    -24       37

 COOLING
  TODAY            5                         3      2        1
  MONTH TO DATE  121                        97     24       75
  SINCE SEP 1    965                       819    146      882
  SINCE JAN 1   3392                      2893    499     3347
..................................................................


WIND (MPH)
  HIGHEST WIND SPEED    23   HIGHEST WIND DIRECTION     N (20)
  HIGHEST GUST SPEED    31   HIGHEST GUST DIRECTION    SW (230)
  AVERAGE WIND SPEED     4.7


SKY COVER
  AVERAGE SKY COVER 1.0


WEATHER CONDITIONS
 THE FOLLOWING WEATHER WAS RECORDED TODAY.
  THUNDERSTORM
  HEAVY RAIN
  RAIN
  LIGHT RAIN
  FOG


RELATIVE HUMIDITY (PERCENT)
 HIGHEST   100          1200 PM
 LOWEST     73           400 AM
 AVERAGE    87

..........................................................


THE DAYTONA BEACH CLIMATE NORMALS FOR TOMORROW
                         NORMAL    RECORD    YEAR
 MAXIMUM TEMPERATURE (F)   74        87      2014
 MINIMUM TEMPERATURE (F)   55        30      1970


SUNRISE AND SUNSET
NOVEMBER 23 2017......SUNRISE   654 AM EST   SUNSET   527 PM EST
NOVEMBER 24 2017......SUNRISE   655 AM EST   SUNSET   526 PM EST


-  INDICATES NEGATIVE NUMBERS.
R  INDICATES RECORD WAS SET OR TIED.
MM INDICATES DATA IS MISSING.
T  INDICATES TRACE AMOUNT.




$$
