000
CDUS41 KRNK 220835
CLIDAN


CLIMATE REPORT
NATIONAL WEATHER SERVICE BLACKSBURG VA
434 AM EDT TUE AUG 22 2017


...................................

...THE DANVILLE VA CLIMATE SUMMARY FOR AUGUST 21 2017...

CLIMATE NORMAL PERIOD 1981 TO 2010
CLIMATE RECORD PERIOD 1948 TO 2017


WEATHER ITEM   OBSERVED TIME   RECORD YEAR NORMAL DEPARTURE LAST
                VALUE   (LST)  VALUE       VALUE  FROM      YEAR
                                                  NORMAL
..................................................................
TEMPERATURE (F)
 YESTERDAY
  MAXIMUM         90   1154 AM 104    1983  86      4       90
  MINIMUM         69   1159 PM  53    1981  68      1       70
  AVERAGE         80                        77      3       80

PRECIPITATION (IN)
  YESTERDAY        T             2.17 1961   0.14  -0.14     0.01
  MONTH TO DATE    3.28                      2.58   0.70     4.55
  SINCE JUN 1     12.31                     11.02   1.29    16.32
  SINCE JAN 1     33.31                     28.90   4.41    35.87

SNOWFALL (IN)
  YESTERDAY        0.0                                       0.0
  MONTH TO DATE    0.0                                       0.0
  SINCE JUN 1      0.0                                       0.0
  SINCE JUL 1      0.0                                       0.0
  SNOW DEPTH       0

DEGREE DAYS
 HEATING
  YESTERDAY        0                         0      0        0
  MONTH TO DATE    0                         0      0        0
  SINCE JUN 1      3                         3      0        0
  SINCE JUL 1      0                         0      0        0

 COOLING
  YESTERDAY       15                        12      3       15
  MONTH TO DATE  244                       266    -22      316
  SINCE JUN 1    902                       975    -73     1044
  SINCE JAN 1   1098                      1119    -21     1183
..................................................................


WIND (MPH)
  HIGHEST WIND SPEED    10   HIGHEST WIND DIRECTION     E (70)
  HIGHEST GUST SPEED    16   HIGHEST GUST DIRECTION     E (80)
  AVERAGE WIND SPEED     1.8


SKY COVER
  AVERAGE SKY COVER 0.2


WEATHER CONDITIONS
 THE FOLLOWING WEATHER WAS RECORDED YESTERDAY.
  LIGHT RAIN
  FOG


RELATIVE HUMIDITY (PERCENT)
 HIGHEST   100          1200 AM
 LOWEST     56           400 PM
 AVERAGE    78

..........................................................


THE DANVILLE VA CLIMATE NORMALS FOR TODAY
                         NORMAL    RECORD    YEAR
 MAXIMUM TEMPERATURE (F)   86       103      1983
 MINIMUM TEMPERATURE (F)   67        54      1981


SUNRISE AND SUNSET
AUGUST 22 2017........SUNRISE   641 AM EDT   SUNSET   759 PM EDT
AUGUST 23 2017........SUNRISE   642 AM EDT   SUNSET   758 PM EDT


-  INDICATES NEGATIVE NUMBERS.
R  INDICATES RECORD WAS SET OR TIED.
MM INDICATES DATA IS MISSING.
T  INDICATES TRACE AMOUNT.

$$

RAB
