396
CDUS41 KRNK 230624
CLIDAN


CLIMATE REPORT
NATIONAL WEATHER SERVICE BLACKSBURG VA
120 AM EST MON JAN 23 2017


...................................

...THE DANVILLE VA CLIMATE SUMMARY FOR JANUARY 22 2017...

CLIMATE NORMAL PERIOD 1981 TO 2010
CLIMATE RECORD PERIOD 1948 TO 2017


WEATHER ITEM   OBSERVED TIME   RECORD YEAR NORMAL DEPARTURE LAST
                VALUE   (LST)  VALUE       VALUE  FROM      YEAR
                                                  NORMAL
..................................................................
TEMPERATURE (F)
 YESTERDAY
  MAXIMUM         53    443 PM  67    1959  46      7       28
  MINIMUM         50R  1159 PM  -4    1985  29     21       23
  AVERAGE         52                        38     14       26

PRECIPITATION (IN)
  YESTERDAY        0.18          0.98 2016   0.10   0.08     0.98
  MONTH TO DATE    2.88                      2.37   0.51     2.51
  SINCE DEC 1      4.50                      5.64  -1.14     8.07
  SINCE JAN 1      2.88                      2.37   0.51     2.51

SNOWFALL (IN)
  YESTERDAY        0.0                                       7.8
  MONTH TO DATE    8.8                                       9.2
  SINCE DEC 1      8.8                                       9.2
  SINCE JUL 1      8.8                                       9.2
  SNOW DEPTH       0

DEGREE DAYS
 HEATING
  YESTERDAY       13                        27    -14       39
  MONTH TO DATE  507                       605    -98      641
  SINCE DEC 1   1241                      1378   -137     1032
  SINCE JUL 1   1811                      2087   -276     1574

 COOLING
  YESTERDAY        0                         0      0        0
  MONTH TO DATE    0                         0      0        0
  SINCE DEC 1      0                         0      0       11
  SINCE JAN 1      0                         0      0        0
..................................................................


WIND (MPH)
  HIGHEST WIND SPEED    16   HIGHEST WIND DIRECTION    NE (60)
  HIGHEST GUST SPEED    22   HIGHEST GUST DIRECTION     E (80)
  AVERAGE WIND SPEED     5.6


SKY COVER
  AVERAGE SKY COVER 1.0


WEATHER CONDITIONS
 THE FOLLOWING WEATHER WAS RECORDED YESTERDAY.
  LIGHT RAIN
  FOG


RELATIVE HUMIDITY (PERCENT)
 HIGHEST   100           100 AM
 LOWEST    100           100 AM
 AVERAGE   100

..........................................................


THE DANVILLE VA CLIMATE NORMALS FOR TODAY
                         NORMAL    RECORD    YEAR
 MAXIMUM TEMPERATURE (F)   46        71      1967
 MINIMUM TEMPERATURE (F)   29         8      1984


SUNRISE AND SUNSET
JANUARY 23 2017.......SUNRISE   725 AM EST   SUNSET   534 PM EST
JANUARY 24 2017.......SUNRISE   724 AM EST   SUNSET   535 PM EST


-  INDICATES NEGATIVE NUMBERS.
R  INDICATES RECORD WAS SET OR TIED.
MM INDICATES DATA IS MISSING.
T  INDICATES TRACE AMOUNT.

$$
RCS
