000
CDUS41 KRNK 100853
CLIDAN


CLIMATE REPORT
NATIONAL WEATHER SERVICE BLACKSBURG VA
352 AM EST SAT DEC 10 2016


...................................

...THE DANVILLE VA CLIMATE SUMMARY FOR DECEMBER 9 2016...

CLIMATE NORMAL PERIOD 1981 TO 2010
CLIMATE RECORD PERIOD 1948 TO 2016


WEATHER ITEM   OBSERVED TIME   RECORD YEAR NORMAL DEPARTURE LAST
                VALUE   (LST)  VALUE       VALUE  FROM      YEAR
                                                  NORMAL
..................................................................
TEMPERATURE (F)
 YESTERDAY
  MAXIMUM         38        MM  81    1998  51    -13       63
  MINIMUM         25        MM  14    2010  32     -7       33
  AVERAGE         32                        41     -9       48

PRECIPITATION (IN)
  YESTERDAY        0.00          1.60 1973   0.10  -0.10     0.00
  MONTH TO DATE    1.28                      1.03   0.25     0.73
  SINCE DEC 1      1.28                      1.03   0.25     0.73
  SINCE JAN 1     46.49                     42.17   4.32    47.21

SNOWFALL (IN)
  YESTERDAY        0.0                                       0.0
  MONTH TO DATE    0.0                                       0.0
  SINCE DEC 1      0.0                                       0.0
  SINCE JUL 1      0.0                                       0.0
  SNOW DEPTH       0

DEGREE DAYS
 HEATING
  YESTERDAY       33                        24      9       17
  MONTH TO DATE  201                       203     -2      175
  SINCE DEC 1    201                       203     -2      175
  SINCE JUL 1    771                       912   -141      717

 COOLING
  YESTERDAY        0                         0      0        0
  MONTH TO DATE    0                         0      0        0
  SINCE DEC 1      0                         0      0        0
  SINCE JAN 1   1651                      1439    212     1643
..................................................................


WIND (MPH)
  HIGHEST WIND SPEED    20   HIGHEST WIND DIRECTION    NW (320)
  HIGHEST GUST SPEED    23   HIGHEST GUST DIRECTION    NW (320)
  AVERAGE WIND SPEED     8.5


SKY COVER
  AVERAGE SKY COVER 0.0


WEATHER CONDITIONS
 THE FOLLOWING WEATHER WAS RECORDED YESTERDAY.
  NO SIGNIFICANT WEATHER WAS OBSERVED.


RELATIVE HUMIDITY (PERCENT)
 HIGHEST    68           600 AM
 LOWEST     35           200 PM
 AVERAGE    52

..........................................................


THE DANVILLE VA CLIMATE NORMALS FOR TODAY
                         NORMAL    RECORD    YEAR
 MAXIMUM TEMPERATURE (F)   51        80      2007
 MINIMUM TEMPERATURE (F)   31        18      1977


SUNRISE AND SUNSET
DECEMBER 10 2016......SUNRISE   719 AM EST   SUNSET   502 PM EST
DECEMBER 11 2016......SUNRISE   720 AM EST   SUNSET   502 PM EST


-  INDICATES NEGATIVE NUMBERS.
R  INDICATES RECORD WAS SET OR TIED.
MM INDICATES DATA IS MISSING.
T  INDICATES TRACE AMOUNT.




$$
