000
CDUS41 KRNK 130659
CLIDAN


CLIMATE REPORT
NATIONAL WEATHER SERVICE BLACKSBURG VA
153 AM EST SAT FEB 13 2016


...................................

...THE DANVILLE VA CLIMATE SUMMARY FOR FEBRUARY 12 2016...

CLIMATE NORMAL PERIOD 1981 TO 2010
CLIMATE RECORD PERIOD 1948 TO 2016


WEATHER ITEM   OBSERVED TIME   RECORD YEAR NORMAL DEPARTURE LAST
                VALUE   (LST)  VALUE       VALUE  FROM      YEAR
                                                  NORMAL
..................................................................
TEMPERATURE (F)
 YESTERDAY
  MAXIMUM         36   1159 PM  71    1999  49    -13       51
  MINIMUM         22   1239 AM  10    1955  31     -9       26
  AVERAGE         29                        40    -11       39

PRECIPITATION (IN)
  YESTERDAY        T             0.88 1963   0.10  -0.10     0.00
  MONTH TO DATE    1.75                      1.33   0.42     1.09
  SINCE DEC 1      9.85                      8.02   1.83     5.27
  SINCE JAN 1      4.29                      4.75  -0.46     2.60

SNOWFALL (IN)
  YESTERDAY        T                                         0.0
  MONTH TO DATE    T                                         0.0
  SINCE DEC 1      9.2                                        T
  SINCE JUL 1      9.2                                        T
  SNOW DEPTH       0

DEGREE DAYS
 HEATING
  YESTERDAY       36                        25     11       26
  MONTH TO DATE  286                       307    -21      292
  SINCE DEC 1   1560                      1926   -366     1786
  SINCE JUL 1   2102                      2635   -533     2546

 COOLING
  YESTERDAY        0                         0      0        0
  MONTH TO DATE    0                         0      0        0
  SINCE DEC 1     11                         0     11        0
  SINCE JAN 1      0                         0      0        0
..................................................................


WIND (MPH)
  HIGHEST WIND SPEED    13   HIGHEST WIND DIRECTION    NW (300)
  HIGHEST GUST SPEED    22   HIGHEST GUST DIRECTION     W (290)
  AVERAGE WIND SPEED     3.3


SKY COVER
  AVERAGE SKY COVER 0.8


WEATHER CONDITIONS
 THE FOLLOWING WEATHER WAS RECORDED YESTERDAY.
  LIGHT SNOW


RELATIVE HUMIDITY (PERCENT)
 HIGHEST    60           200 AM
 LOWEST     39          1100 AM
 AVERAGE    50

..........................................................


THE DANVILLE VA CLIMATE NORMALS FOR TODAY
                         NORMAL    RECORD    YEAR
 MAXIMUM TEMPERATURE (F)   50        76      1951
 MINIMUM TEMPERATURE (F)   32        11      1955


SUNRISE AND SUNSET
FEBRUARY 13 2016......SUNRISE   708 AM EST   SUNSET   555 PM EST
FEBRUARY 14 2016......SUNRISE   707 AM EST   SUNSET   556 PM EST


-  INDICATES NEGATIVE NUMBERS.
R  INDICATES RECORD WAS SET OR TIED.
MM INDICATES DATA IS MISSING.
T  INDICATES TRACE AMOUNT.

$$
