000
CDUS41 KILN 210623
CLIDAY


CLIMATE REPORT
NATIONAL WEATHER SERVICE WILMINGTON OH
222 AM EDT MON APR 21 2014


...................................

...THE DAYTON OH CLIMATE SUMMARY FOR APRIL 20 2014...

CLIMATE NORMAL PERIOD 1981 TO 2010
CLIMATE RECORD PERIOD 1869 TO 2014


WEATHER ITEM   OBSERVED TIME   RECORD YEAR NORMAL DEPARTURE LAST
                VALUE   (LST)  VALUE       VALUE  FROM      YEAR
                                                  NORMAL
..................................................................
TEMPERATURE (F)
 YESTERDAY
  MAXIMUM         76    500 PM  85    1915  64     12       47
  MINIMUM         38    541 AM  21    1897  43     -5       33
  AVERAGE         57                        53      4       40

PRECIPITATION (IN)
  YESTERDAY        0.00          1.68 1920   0.14  -0.14     0.04
  MONTH TO DATE    3.94                      2.67   1.27     2.83
  SINCE MAR 1      6.56                      6.01   0.55     5.99
  SINCE JAN 1     11.54                     10.96   0.58    10.38

SNOWFALL (IN)
  YESTERDAY        0.0           0.4  2013   0.0    0.0      0.4
  MONTH TO DATE    1.1                       0.6    0.5      0.4
  SINCE MAR 1      8.2                       4.0    4.2     14.6
  SINCE JUL 1     53.6                      23.3   30.3     36.3
  SNOW DEPTH       0

DEGREE DAYS
 HEATING
  YESTERDAY        8                        12     -4       25
  MONTH TO DATE  256                       307    -51      255
  SINCE MAR 1   1133                      1071     62     1167
  SINCE JUL 1   5732                      5346    386     5217

 COOLING
  YESTERDAY        0                         0      0        0
  MONTH TO DATE    8                         0      8       16
  SINCE MAR 1      8                         0      8       16
  SINCE JAN 1      8                         0      8       16
..................................................................


WIND (MPH)
  RESULTANT WIND SPEED   1   RESULTANT WIND DIRECTION  SE (130)
  HIGHEST WIND SPEED     8   HIGHEST WIND DIRECTION    SW (210)
  HIGHEST GUST SPEED     8   HIGHEST GUST DIRECTION    SW (210)
  AVERAGE WIND SPEED     4.0



WEATHER CONDITIONS
 THE FOLLOWING WEATHER WAS RECORDED YESTERDAY.
  NO SIGNIFICANT WEATHER WAS OBSERVED.


RELATIVE HUMIDITY (PERCENT)
 HIGHEST    82           500 AM
 LOWEST     21           500 PM
 AVERAGE    52

..........................................................


THE DAYTON OH CLIMATE NORMALS FOR TODAY
                         NORMAL    RECORD    YEAR
 MAXIMUM TEMPERATURE (F)   64        84      1987
                                             1985
                                             1899
 MINIMUM TEMPERATURE (F)   43        26      1904


SUNRISE AND SUNSET
APRIL 21 2014.........SUNRISE   650 AM EDT   SUNSET   821 PM EDT
APRIL 22 2014.........SUNRISE   649 AM EDT   SUNSET   822 PM EDT


-  INDICATES NEGATIVE NUMBERS.
R  INDICATES RECORD WAS SET OR TIED.
MM INDICATES DATA IS MISSING.
T  INDICATES TRACE AMOUNT.




$$
