000
CDUS41 KILN 280621
CLIDAY


CLIMATE REPORT
NATIONAL WEATHER SERVICE WILMINGTON OH
220 AM EDT WED SEP 28 2016


...................................

...THE DAYTON OH CLIMATE SUMMARY FOR SEPTEMBER 27 2016...

CLIMATE NORMAL PERIOD 1981 TO 2010
CLIMATE RECORD PERIOD 1869 TO 2016


WEATHER ITEM   OBSERVED TIME   RECORD YEAR NORMAL DEPARTURE LAST
                VALUE   (LST)  VALUE       VALUE  FROM      YEAR
                                                  NORMAL
..................................................................
TEMPERATURE (F)
 YESTERDAY
  MAXIMUM         75    244 PM  91    1998  71      4       79
  MINIMUM         49    617 AM  33    1899  50     -1       60
  AVERAGE         62                        61      1       70

PRECIPITATION (IN)
  YESTERDAY        0.00          3.73 2002   0.11  -0.11     0.00
  MONTH TO DATE    1.98                      2.99  -1.01     0.77
  SINCE SEP 1      1.98                      2.99  -1.01     0.77
  SINCE JAN 1     28.51                     31.30  -2.79    30.51

SNOWFALL (IN)
  YESTERDAY        0.0          MM      MM   0.0    0.0      0.0
  MONTH TO DATE    0.0                       0.0    0.0      0.0
  SINCE SEP 1      0.0                       0.0    0.0      0.0
  SINCE JUL 1      0.0                       0.0    0.0      0.0
  SNOW DEPTH       0

DEGREE DAYS
 HEATING
  YESTERDAY        3                         6     -3        0
  MONTH TO DATE    6                        69    -63       23
  SINCE SEP 1      6                        69    -63       23
  SINCE JUL 1      9                        71    -62       32

 COOLING
  YESTERDAY        0                         2     -2        5
  MONTH TO DATE  175                        96     79      155
  SINCE SEP 1    175                        96     79      155
  SINCE JAN 1   1203                       878    325     1056
..................................................................


WIND (MPH)
  RESULTANT WIND SPEED  13   RESULTANT WIND DIRECTION  SW (230)
  HIGHEST WIND SPEED    28   HIGHEST WIND DIRECTION     W (250)
  HIGHEST GUST SPEED    35   HIGHEST GUST DIRECTION    SW (220)
  AVERAGE WIND SPEED    13.8



WEATHER CONDITIONS
 THE FOLLOWING WEATHER WAS RECORDED YESTERDAY.
  NO SIGNIFICANT WEATHER WAS OBSERVED.


RELATIVE HUMIDITY (PERCENT)
 HIGHEST    83          1200 AM
 LOWEST     33           200 PM
 AVERAGE    58

..........................................................


THE DAYTON OH CLIMATE NORMALS FOR TODAY
                         NORMAL    RECORD    YEAR
 MAXIMUM TEMPERATURE (F)   71        91      1905
 MINIMUM TEMPERATURE (F)   50        32      1909


SUNRISE AND SUNSET
SEPTEMBER 28 2016.....SUNRISE   731 AM EDT   SUNSET   723 PM EDT
SEPTEMBER 29 2016.....SUNRISE   732 AM EDT   SUNSET   722 PM EDT


-  INDICATES NEGATIVE NUMBERS.
R  INDICATES RECORD WAS SET OR TIED.
MM INDICATES DATA IS MISSING.
T  INDICATES TRACE AMOUNT.




$$
