000
CDUS41 KILN 022210
CLIDAY


CLIMATE REPORT
NATIONAL WEATHER SERVICE WILMINGTON OH
508 PM EST MON MAR 2 2015


...................................

...THE DAYTON OH CLIMATE SUMMARY FOR MARCH 2 2015...
VALID TODAY AS OF 0500 PM LOCAL TIME.

CLIMATE NORMAL PERIOD 1981 TO 2010
CLIMATE RECORD PERIOD 1869 TO 2015


WEATHER ITEM   OBSERVED TIME   RECORD YEAR NORMAL DEPARTURE LAST
                VALUE   (LST)  VALUE       VALUE  FROM      YEAR
                                                  NORMAL
..................................................................
TEMPERATURE (F)
 TODAY
  MAXIMUM         30    310 PM  73    1992  44    -14       30
  MINIMUM         15    753 AM  -7    1980  27    -12       15
  AVERAGE         23                        35    -12       23

PRECIPITATION (IN)
  TODAY            0.00          1.01 1945   0.08  -0.08     0.24
  MONTH TO DATE    0.43                      0.17   0.26     0.24
  SINCE MAR 1      0.43                      0.17   0.26     0.24
  SINCE JAN 1      4.79                      5.12  -0.33     5.22

SNOWFALL (IN)
  TODAY            0.0           2.7  2014   0.1   -0.1      2.7
  MONTH TO DATE    4.5                       0.3    4.2      2.7
  SINCE MAR 1      4.5                       0.3    4.2      2.7
  SINCE JUL 1     26.5                      19.6    6.9     48.1
  SNOW DEPTH       8

DEGREE DAYS
 HEATING
  TODAY           42                        30     12       42
  MONTH TO DATE   80                        60     20       69
  SINCE MAR 1     80                        60     20       69
  SINCE JUL 1   4643                      4335    308     4668

 COOLING
  TODAY            0                         0      0        0
  MONTH TO DATE    0                         0      0        0
  SINCE MAR 1      0                         0      0        0
  SINCE JAN 1      0                         0      0        0
..................................................................


WIND (MPH)
  RESULTANT WIND SPEED   7   RESULTANT WIND DIRECTION  NW (300)
  HIGHEST WIND SPEED    20   HIGHEST WIND DIRECTION     W (290)
  HIGHEST GUST SPEED    24   HIGHEST GUST DIRECTION    NW (330)
  AVERAGE WIND SPEED     7.9


SKY COVER
  POSSIBLE SUNSHINE  MM
  AVERAGE SKY COVER 0.8


WEATHER CONDITIONS
 THE FOLLOWING WEATHER WAS RECORDED TODAY.
  FOG
  HAZE


RELATIVE HUMIDITY (PERCENT)
 HIGHEST    84           400 AM
 LOWEST     50           200 PM
 AVERAGE    67

..........................................................


THE DAYTON OH CLIMATE NORMALS FOR TOMORROW
                         NORMAL    RECORD    YEAR
 MAXIMUM TEMPERATURE (F)   44        77      1976
 MINIMUM TEMPERATURE (F)   27         0      1980
                                             1943


SUNRISE AND SUNSET
MARCH  2 2015.........SUNRISE   709 AM EST   SUNSET   630 PM EST
MARCH  3 2015.........SUNRISE   707 AM EST   SUNSET   631 PM EST


-  INDICATES NEGATIVE NUMBERS.
R  INDICATES RECORD WAS SET OR TIED.
MM INDICATES DATA IS MISSING.
T  INDICATES TRACE AMOUNT.




$$
