000
CDUS41 KILN 230627
CLIDAY


CLIMATE REPORT
NATIONAL WEATHER SERVICE WILMINGTON OH
126 AM EST TUE JAN 23 2018


...................................

...THE DAYTON OH CLIMATE SUMMARY FOR JANUARY 22 2018...

CLIMATE NORMAL PERIOD 1981 TO 2010
CLIMATE RECORD PERIOD 1869 TO 2018


WEATHER ITEM   OBSERVED TIME   RECORD YEAR NORMAL DEPARTURE LAST
                VALUE   (LST)  VALUE       VALUE  FROM      YEAR
                                                  NORMAL
..................................................................
TEMPERATURE (F)
 YESTERDAY
  MAXIMUM         57   1037 AM  67    1933  35     22       61
                                      1906
  MINIMUM         45    906 PM -15    1936  20     25       40
  AVERAGE         51                        27     24       51

PRECIPITATION (IN)
  YESTERDAY        0.69          1.01 1937   0.08   0.61      T
  MONTH TO DATE    2.23                      1.99   0.24     3.23
  SINCE DEC 1      3.77                      5.11  -1.34     6.22
  SINCE JAN 1      2.23                      1.99   0.24     3.23

SNOWFALL (IN)
  YESTERDAY        0.0           5.9  1915   0.2   -0.2      0.0
  MONTH TO DATE    5.8                       5.6    0.2      1.2
  SINCE DEC 1     14.4                      10.1    4.3      5.3
  SINCE JUL 1     14.4                      11.1    3.3      5.3
  SNOW DEPTH       0

DEGREE DAYS
 HEATING
  YESTERDAY       14                        38    -24       14
  MONTH TO DATE  936                       830    106      668
  SINCE DEC 1   2049                      1878    171     1736
  SINCE JUL 1   3056                      2989     67     2509

 COOLING
  YESTERDAY        0                         0      0        0
  MONTH TO DATE    0                         0      0        0
  SINCE DEC 1      0                         0      0        0
  SINCE JAN 1      0                         0      0        0
..................................................................


WIND (MPH)
  RESULTANT WIND SPEED  14   RESULTANT WIND DIRECTION   S (180)
  HIGHEST WIND SPEED    31   HIGHEST WIND DIRECTION     S (170)
  HIGHEST GUST SPEED    40   HIGHEST GUST DIRECTION     S (180)
  AVERAGE WIND SPEED    15.4



WEATHER CONDITIONS
 THE FOLLOWING WEATHER WAS RECORDED YESTERDAY.
  THUNDERSTORM
  HEAVY RAIN
  RAIN
  LIGHT RAIN
  FOG


RELATIVE HUMIDITY (PERCENT)
 HIGHEST   100           100 AM
 LOWEST     71           800 AM
 AVERAGE    86

..........................................................


THE DAYTON OH CLIMATE NORMALS FOR TODAY
                         NORMAL    RECORD    YEAR
 MAXIMUM TEMPERATURE (F)   35        69      1967
 MINIMUM TEMPERATURE (F)   20       -18      1963


SUNRISE AND SUNSET
JANUARY 23 2018.......SUNRISE   752 AM EST   SUNSET   545 PM EST
JANUARY 24 2018.......SUNRISE   752 AM EST   SUNSET   547 PM EST


-  INDICATES NEGATIVE NUMBERS.
R  INDICATES RECORD WAS SET OR TIED.
MM INDICATES DATA IS MISSING.
T  INDICATES TRACE AMOUNT.




$$
