000
CDUS41 KILN 180609
CLIDAY


CLIMATE REPORT
NATIONAL WEATHER SERVICE WILMINGTON OH
107 AM EST THU DEC 18 2014


...................................

...THE DAYTON OH CLIMATE SUMMARY FOR DECEMBER 17 2014...

CLIMATE NORMAL PERIOD 1981 TO 2010
CLIMATE RECORD PERIOD 1869 TO 2014


WEATHER ITEM   OBSERVED TIME   RECORD YEAR NORMAL DEPARTURE LAST
                VALUE   (LST)  VALUE       VALUE  FROM      YEAR
                                                  NORMAL
..................................................................
TEMPERATURE (F)
 YESTERDAY
  MAXIMUM         35    118 AM  66    1984  37     -2       31
  MINIMUM         26   1105 PM  -7    1989  24      2       24
  AVERAGE         31                        30      1       28

PRECIPITATION (IN)
  YESTERDAY        T             1.77 2001   0.09  -0.09      T
  MONTH TO DATE    2.00                      1.71   0.29     1.44
  SINCE DEC 1      2.00                      1.71   0.29     1.44
  SINCE JAN 1     35.19                     39.64  -4.45    33.39

SNOWFALL (IN)
  YESTERDAY        T             6.2  1981   0.2   -0.2      0.2
  MONTH TO DATE    0.1                       2.0   -1.9     12.4
  SINCE DEC 1      0.1                       2.0   -1.9     12.4
  SINCE JUL 1      4.2                       3.0    1.2     14.4
  SNOW DEPTH       0

DEGREE DAYS
 HEATING
  YESTERDAY       34                        35     -1       37
  MONTH TO DATE  485                       543    -58      593
  SINCE DEC 1    485                       543    -58      593
  SINCE JUL 1   1701                      1654     47     1717

 COOLING
  YESTERDAY        0                         0      0        0
  MONTH TO DATE    0                         0      0        0
  SINCE DEC 1      0                         0      0        0
  SINCE JAN 1    977                       891     86     1062
..................................................................


WIND (MPH)
  RESULTANT WIND SPEED  13   RESULTANT WIND DIRECTION   W (280)
  HIGHEST WIND SPEED    23   HIGHEST WIND DIRECTION     W (270)
  HIGHEST GUST SPEED    29   HIGHEST GUST DIRECTION     W (260)
  AVERAGE WIND SPEED    14.0



WEATHER CONDITIONS
 THE FOLLOWING WEATHER WAS RECORDED YESTERDAY.
  LIGHT RAIN
  LIGHT SNOW
  FOG


RELATIVE HUMIDITY (PERCENT)
 HIGHEST    85           800 AM
 LOWEST     75           800 PM
 AVERAGE    80

..........................................................


THE DAYTON OH CLIMATE NORMALS FOR TODAY
                         NORMAL    RECORD    YEAR
 MAXIMUM TEMPERATURE (F)   37        62      1967
                                             1908
 MINIMUM TEMPERATURE (F)   23        -3      1989
                                             1985
                                             1953


SUNRISE AND SUNSET
DECEMBER 18 2014......SUNRISE   753 AM EST   SUNSET   514 PM EST
DECEMBER 19 2014......SUNRISE   754 AM EST   SUNSET   514 PM EST


-  INDICATES NEGATIVE NUMBERS.
R  INDICATES RECORD WAS SET OR TIED.
MM INDICATES DATA IS MISSING.
T  INDICATES TRACE AMOUNT.




$$
