000
CDUS41 KILN 250549
CLIDAY


CLIMATE REPORT
NATIONAL WEATHER SERVICE WILMINGTON OH
148 AM EDT FRI JUL 25 2014


...................................

...THE DAYTON OH CLIMATE SUMMARY FOR JULY 24 2014...

CLIMATE NORMAL PERIOD 1981 TO 2010
CLIMATE RECORD PERIOD 1869 TO 2014


WEATHER ITEM   OBSERVED TIME   RECORD YEAR NORMAL DEPARTURE LAST
                VALUE   (LST)  VALUE       VALUE  FROM      YEAR
                                                  NORMAL
..................................................................
TEMPERATURE (F)
 YESTERDAY
  MAXIMUM         76    405 PM 103    1934  84     -8       75
  MINIMUM         57    316 AM  50    1906  64     -7       58
  AVERAGE         67                        74     -7       67

PRECIPITATION (IN)
  YESTERDAY        0.00          2.19 1896   0.13  -0.13     0.00
  MONTH TO DATE    3.16                      3.30  -0.14     2.32
  SINCE JUN 1      6.69                      7.47  -0.78     5.44
  SINCE JAN 1     24.77                     24.51   0.26    19.74

SNOWFALL (IN)
  YESTERDAY        0.0           0.0    MM   0.0    0.0      0.0
  MONTH TO DATE    0.0                       0.0    0.0      0.0
  SINCE JUN 1      0.0                       0.0    0.0      0.0
  SINCE JUL 1      0.0                       0.0    0.0      0.0
  SNOW DEPTH       0

DEGREE DAYS
 HEATING
  YESTERDAY        0                         0      0        0
  MONTH TO DATE    2                         0      2        0
  SINCE JUN 1      4                        22    -18       11
  SINCE JUL 1      2                         0      2        0

 COOLING
  YESTERDAY        2                         9     -7        2
  MONTH TO DATE  161                       216    -55      272
  SINCE JUN 1    424                       406     18      480
  SINCE JAN 1    553                       476     77      611
..................................................................


WIND (MPH)
  RESULTANT WIND SPEED   9   RESULTANT WIND DIRECTION   N (20)
  HIGHEST WIND SPEED    18   HIGHEST WIND DIRECTION     N (20)
  HIGHEST GUST SPEED    23   HIGHEST GUST DIRECTION     N (20)
  AVERAGE WIND SPEED     9.3



WEATHER CONDITIONS
 THE FOLLOWING WEATHER WAS RECORDED YESTERDAY.
  FOG


RELATIVE HUMIDITY (PERCENT)
 HIGHEST    93           200 AM
 LOWEST     46           400 PM
 AVERAGE    70

..........................................................


THE DAYTON OH CLIMATE NORMALS FOR TODAY
                         NORMAL    RECORD    YEAR
 MAXIMUM TEMPERATURE (F)   84       104      1934
 MINIMUM TEMPERATURE (F)   64        50      1906
                                             1904


SUNRISE AND SUNSET
JULY 25 2014..........SUNRISE   629 AM EDT   SUNSET   857 PM EDT
JULY 26 2014..........SUNRISE   630 AM EDT   SUNSET   856 PM EDT


-  INDICATES NEGATIVE NUMBERS.
R  INDICATES RECORD WAS SET OR TIED.
MM INDICATES DATA IS MISSING.
T  INDICATES TRACE AMOUNT.




$$
