435
CDUS41 KILN 240540
CLIDAY


CLIMATE REPORT
NATIONAL WEATHER SERVICE WILMINGTON OH
140 AM EDT THU AUG 24 2017


...................................

...THE DAYTON OH CLIMATE SUMMARY FOR AUGUST 23 2017...

CLIMATE NORMAL PERIOD 1981 TO 2010
CLIMATE RECORD PERIOD 1869 TO 2017


WEATHER ITEM   OBSERVED TIME   RECORD YEAR NORMAL DEPARTURE LAST
                VALUE   (LST)  VALUE       VALUE  FROM      YEAR
                                                  NORMAL
..................................................................
TEMPERATURE (F)
 YESTERDAY
  MAXIMUM         77    357 PM  99    1898  82     -5       81
  MINIMUM         56    554 AM  45    1902  62     -6       57
  AVERAGE         67                        72     -5       69

PRECIPITATION (IN)
  YESTERDAY        0.00          0.72 1942   0.09  -0.09     0.00
  MONTH TO DATE    1.27                      2.19  -0.92     2.89
  SINCE JUN 1     13.50                     10.47   3.03     9.46
  SINCE JAN 1     35.35                     27.51   7.84    25.68

SNOWFALL (IN)
  YESTERDAY        0.0           0.0    MM   0.0    0.0      0.0
  MONTH TO DATE    0.0                       0.0    0.0      0.0
  SINCE JUN 1      0.0                       0.0    0.0      0.0
  SINCE JUL 1      0.0                       0.0    0.0      0.0
  SNOW DEPTH       0

DEGREE DAYS
 HEATING
  YESTERDAY        0                         0      0        0
  MONTH TO DATE    0                         0      0        0
  SINCE JUN 1     14                        22     -8        7
  SINCE JUL 1      0                         0      0        3

 COOLING
  YESTERDAY        2                         7     -5        4
  MONTH TO DATE  172                       189    -17      266
  SINCE JUN 1    641                       658    -17      843
  SINCE JAN 1    733                       728      5      922
..................................................................


WIND (MPH)
  RESULTANT WIND SPEED   7   RESULTANT WIND DIRECTION  NW (320)
  HIGHEST WIND SPEED    16   HIGHEST WIND DIRECTION     W (290)
  HIGHEST GUST SPEED    20   HIGHEST GUST DIRECTION     W (280)
  AVERAGE WIND SPEED     7.6



WEATHER CONDITIONS
 THE FOLLOWING WEATHER WAS RECORDED YESTERDAY.
  NO SIGNIFICANT WEATHER WAS OBSERVED.


RELATIVE HUMIDITY (PERCENT)
 HIGHEST    90           300 AM
 LOWEST     40           400 PM
 AVERAGE    65

..........................................................


THE DAYTON OH CLIMATE NORMALS FOR TODAY
                         NORMAL    RECORD    YEAR
 MAXIMUM TEMPERATURE (F)   82        99      1903
 MINIMUM TEMPERATURE (F)   62        44      1902


SUNRISE AND SUNSET
AUGUST 24 2017........SUNRISE   657 AM EDT   SUNSET   820 PM EDT
AUGUST 25 2017........SUNRISE   658 AM EDT   SUNSET   819 PM EDT


-  INDICATES NEGATIVE NUMBERS.
R  INDICATES RECORD WAS SET OR TIED.
MM INDICATES DATA IS MISSING.
T  INDICATES TRACE AMOUNT.




$$
