000
CDUS41 KILN 120532
CLIDAY


CLIMATE REPORT
NATIONAL WEATHER SERVICE WILMINGTON OH
1232 AM EST FRI FEB 12 2016


...................................

...THE DAYTON OH CLIMATE SUMMARY FOR FEBRUARY 11 2016...

CLIMATE NORMAL PERIOD 1981 TO 2010
CLIMATE RECORD PERIOD 1869 TO 2016


WEATHER ITEM   OBSERVED TIME   RECORD YEAR NORMAL DEPARTURE LAST
                VALUE   (LST)  VALUE       VALUE  FROM      YEAR
                                                  NORMAL
..................................................................
TEMPERATURE (F)
 YESTERDAY
  MAXIMUM         23    232 PM  73    1999  38    -15       39
  MINIMUM          4    312 AM -12    1899  22    -18       22
  AVERAGE         14                        30    -16       31

PRECIPITATION (IN)
  YESTERDAY        0.00          0.92 1898   0.07  -0.07     0.01
  MONTH TO DATE    1.36                      0.88   0.48     0.59
  SINCE DEC 1      7.25                      6.71   0.54     6.35
  SINCE JAN 1      2.86                      3.59  -0.73     3.56

SNOWFALL (IN)
  YESTERDAY        0.0           5.0  1910   0.2   -0.2       T
  MONTH TO DATE    1.8                       2.4   -0.6      1.0
  SINCE DEC 1      6.8                      14.8   -8.0      8.8
  SINCE JUL 1      6.8                      15.8   -9.0     12.9
  SNOW DEPTH       2

DEGREE DAYS
 HEATING
  YESTERDAY       51                        35     16       34
  MONTH TO DATE  374                       395    -21      372
  SINCE DEC 1   2169                      2607   -438     2478
  SINCE JUL 1   3005                      3718   -713     3694

 COOLING
  YESTERDAY        0                         0      0        0
  MONTH TO DATE    0                         0      0        0
  SINCE DEC 1      0                         0      0        0
  SINCE JAN 1      0                         0      0        0
..................................................................


WIND (MPH)
  RESULTANT WIND SPEED   6   RESULTANT WIND DIRECTION   W (290)
  HIGHEST WIND SPEED    14   HIGHEST WIND DIRECTION     W (290)
  HIGHEST GUST SPEED    18   HIGHEST GUST DIRECTION     W (290)
  AVERAGE WIND SPEED     6.5



WEATHER CONDITIONS
 THE FOLLOWING WEATHER WAS RECORDED YESTERDAY.
  NO SIGNIFICANT WEATHER WAS OBSERVED.


RELATIVE HUMIDITY (PERCENT)
 HIGHEST    88           600 AM
 LOWEST     52           100 PM
 AVERAGE    70

..........................................................


THE DAYTON OH CLIMATE NORMALS FOR TODAY
                         NORMAL    RECORD    YEAR
 MAXIMUM TEMPERATURE (F)   38        68      1984
 MINIMUM TEMPERATURE (F)   22       -12      1899


SUNRISE AND SUNSET
FEBRUARY 12 2016......SUNRISE   734 AM EST   SUNSET   609 PM EST
FEBRUARY 13 2016......SUNRISE   733 AM EST   SUNSET   610 PM EST


-  INDICATES NEGATIVE NUMBERS.
R  INDICATES RECORD WAS SET OR TIED.
MM INDICATES DATA IS MISSING.
T  INDICATES TRACE AMOUNT.




$$
