000
CDUS43 KDVN 040920
CLIDBQ


CLIMATE REPORT
NATIONAL WEATHER SERVICE QUAD CITIES IA IL
418 AM CDT WED MAY 4 2016


...................................

...THE DUBUQUE IA CLIMATE SUMMARY FOR MAY 3 2016...

CLIMATE NORMAL PERIOD 1981 TO 2010
CLIMATE RECORD PERIOD 1873 TO 2016


WEATHER ITEM   OBSERVED TIME   RECORD YEAR NORMAL DEPARTURE LAST
                VALUE   (LST)  VALUE       VALUE  FROM      YEAR
                                                  NORMAL
..................................................................
TEMPERATURE (F)
 YESTERDAY
  MAXIMUM         67    314 PM  88    1949  65      2       72
                                      1918
  MINIMUM         42    535 AM  21    2005  44     -2       53
  AVERAGE         55                        55      0       63

PRECIPITATION (IN)
  YESTERDAY        0.39          1.90 2013   0.13   0.26     0.43
  MONTH TO DATE    0.52                      0.40   0.12     0.46
  SINCE MAR 1      6.06                      6.47  -0.41     3.16
  SINCE JAN 1      7.14                      9.08  -1.94     5.45

SNOWFALL (IN)
  YESTERDAY        0.0          MM      MM   0.0    0.0      0.0
  MONTH TO DATE    0.0                       0.0    0.0      0.0
  SINCE MAR 1      3.3                       8.3   -5.0      4.1
  SINCE JUL 1     34.8                      41.9   -7.1     33.7
  SNOW DEPTH       0

DEGREE DAYS
 HEATING
  YESTERDAY       10                        11     -1        2
  MONTH TO DATE   41                        33      8       17
  SINCE MAR 1   1302                      1461   -159     1372
  SINCE JUL 1   5779                      6854  -1075     7220

 COOLING
  YESTERDAY        0                         0      0        0
  MONTH TO DATE    0                         0      0        0
  SINCE MAR 1      3                         5     -2        0
  SINCE JAN 1      3                         5     -2        0
..................................................................


WIND (MPH)
  HIGHEST WIND SPEED    30   HIGHEST WIND DIRECTION     N (10)
  HIGHEST GUST SPEED    35   HIGHEST GUST DIRECTION     N (20)
  AVERAGE WIND SPEED    10.6


SKY COVER
  POSSIBLE SUNSHINE  MM
  AVERAGE SKY COVER 0.3


WEATHER CONDITIONS
 THE FOLLOWING WEATHER WAS RECORDED YESTERDAY.
  THUNDERSTORM
  HEAVY RAIN
  RAIN
  LIGHT RAIN
  FOG


RELATIVE HUMIDITY (PERCENT)
 HIGHEST   100          1100 PM
 LOWEST     37           300 PM
 AVERAGE    69

..........................................................


THE DUBUQUE IA CLIMATE NORMALS FOR TODAY
                         NORMAL    RECORD    YEAR
 MAXIMUM TEMPERATURE (F)   65        89      1918
 MINIMUM TEMPERATURE (F)   45        25      2011


SUNRISE AND SUNSET
MAY  4 2016...........SUNRISE   553 AM CDT   SUNSET   806 PM CDT
MAY  5 2016...........SUNRISE   552 AM CDT   SUNSET   808 PM CDT


-  INDICATES NEGATIVE NUMBERS.
R  INDICATES RECORD WAS SET OR TIED.
MM INDICATES DATA IS MISSING.
T  INDICATES TRACE AMOUNT.




$$
