000
CDUS43 KDVN 230914
CLIDBQ


CLIMATE REPORT
NATIONAL WEATHER SERVICE QUAD CITIES IA IL
412 AM CDT SAT MAY 23 2015


...................................

...THE DUBUQUE IA CLIMATE SUMMARY FOR MAY 22 2015...

CLIMATE NORMAL PERIOD 1981 TO 2010
CLIMATE RECORD PERIOD 1873 TO 2015


WEATHER ITEM   OBSERVED TIME   RECORD YEAR NORMAL DEPARTURE LAST
                VALUE   (LST)  VALUE       VALUE  FROM      YEAR
                                                  NORMAL
..................................................................
TEMPERATURE (F)
 YESTERDAY
  MAXIMUM         74    317 PM  94    1925  71      3       71
  MINIMUM         41    438 AM  33    1882  50     -9       50
  AVERAGE         58                        61     -3       61

PRECIPITATION (IN)
  YESTERDAY        0.00          2.07 2004   0.14  -0.14     0.00
  MONTH TO DATE    3.08                      2.95   0.13     2.22
  SINCE MAR 1      5.78                      9.02  -3.24     9.35
  SINCE JAN 1      8.07                     11.63  -3.56    11.83

SNOWFALL (IN)
  YESTERDAY        0.0          MM      MM   0.0    0.0      0.0
  MONTH TO DATE    0.0                       0.1   -0.1       T
  SINCE MAR 1      4.1                       8.4   -4.3     11.6
  SINCE JUL 1     33.7                      42.0   -8.3     63.3
  SNOW DEPTH       0

DEGREE DAYS
 HEATING
  YESTERDAY        7                         6      1        4
  MONTH TO DATE  161                       184    -23      218
  SINCE MAR 1   1516                      1612    -96     1942
  SINCE JUL 1   7364                      7005    359     8318

 COOLING
  YESTERDAY        0                         1     -1        0
  MONTH TO DATE   19                        14      5       18
  SINCE MAR 1     19                        19      0       18
  SINCE JAN 1     19                        19      0       18
..................................................................


WIND (MPH)
  HIGHEST WIND SPEED    12   HIGHEST WIND DIRECTION    SE (150)
  HIGHEST GUST SPEED    16   HIGHEST GUST DIRECTION    SE (130)
  AVERAGE WIND SPEED     4.3


SKY COVER
  POSSIBLE SUNSHINE  MM
  AVERAGE SKY COVER 0.0


WEATHER CONDITIONS
 THE FOLLOWING WEATHER WAS RECORDED YESTERDAY.
  HAZE


RELATIVE HUMIDITY (PERCENT)
 HIGHEST    76           500 AM
 LOWEST     31          1200 PM
 AVERAGE    54

..........................................................


THE DUBUQUE IA CLIMATE NORMALS FOR TODAY
                         NORMAL    RECORD    YEAR
 MAXIMUM TEMPERATURE (F)   71        91      1921
 MINIMUM TEMPERATURE (F)   51        31      1963


SUNRISE AND SUNSET
MAY 23 2015...........SUNRISE   534 AM CDT   SUNSET   825 PM CDT
MAY 24 2015...........SUNRISE   533 AM CDT   SUNSET   826 PM CDT


-  INDICATES NEGATIVE NUMBERS.
R  INDICATES RECORD WAS SET OR TIED.
MM INDICATES DATA IS MISSING.
T  INDICATES TRACE AMOUNT.




$$
