000
CDUS43 KDVN 271014
CLIDBQ


CLIMATE REPORT
NATIONAL WEATHER SERVICE QUAD CITIES IA IL
413 AM CST TUE JAN 27 2015


...................................

...THE DUBUQUE IA CLIMATE SUMMARY FOR JANUARY 26 2015...

CLIMATE NORMAL PERIOD 1981 TO 2010
CLIMATE RECORD PERIOD 1873 TO 2015


WEATHER ITEM   OBSERVED TIME   RECORD YEAR NORMAL DEPARTURE LAST
                VALUE   (LST)  VALUE       VALUE  FROM      YEAR
                                                  NORMAL
..................................................................
TEMPERATURE (F)
 YESTERDAY
  MAXIMUM         30   1156 PM  58    1944  27      3       26
  MINIMUM          8    245 AM -20    1904  11     -3       -2
  AVERAGE         19                        19      0       12

PRECIPITATION (IN)
  YESTERDAY        0.06          1.07 1996   0.04   0.02     0.29
  MONTH TO DATE    0.57                      0.97  -0.40     0.88
  SINCE DEC 1      1.50                      2.81  -1.31     2.12
  SINCE JAN 1      0.57                      0.97  -0.40     0.88

SNOWFALL (IN)
  YESTERDAY        0.8          MM      MM   0.4    0.4      4.2
  MONTH TO DATE    7.9                       8.3   -0.4     13.0
  SINCE DEC 1      7.9                      20.1  -12.2     31.4
  SINCE JUL 1     11.4                      22.9  -11.5     35.3
  SNOW DEPTH       1

DEGREE DAYS
 HEATING
  YESTERDAY       46                        46      0       53
  MONTH TO DATE 1211                      1196     15     1405
  SINCE DEC 1   2355                      2506   -151     2931
  SINCE JUL 1   4137                      4006    131     4530

 COOLING
  YESTERDAY        0                         0      0        0
  MONTH TO DATE    0                         0      0        0
  SINCE DEC 1      0                         0      0        0
  SINCE JAN 1      0                         0      0        0
..................................................................


WIND (MPH)
  HIGHEST WIND SPEED    20   HIGHEST WIND DIRECTION     S (180)
  HIGHEST GUST SPEED    22   HIGHEST GUST DIRECTION     S (180)
  AVERAGE WIND SPEED     6.8


SKY COVER
  POSSIBLE SUNSHINE  MM
  AVERAGE SKY COVER 0.9


WEATHER CONDITIONS
 THE FOLLOWING WEATHER WAS RECORDED YESTERDAY.
  SNOW
  LIGHT SNOW
  FOG
  FOG W/VISIBILITY <= 1/4 MILE


RELATIVE HUMIDITY (PERCENT)
 HIGHEST   100           400 PM
 LOWEST     73           600 AM
 AVERAGE    87

..........................................................


THE DUBUQUE IA CLIMATE NORMALS FOR TODAY
                         NORMAL    RECORD    YEAR
 MAXIMUM TEMPERATURE (F)   27        62      1944
 MINIMUM TEMPERATURE (F)   11       -19      1904


SUNRISE AND SUNSET
JANUARY 27 2015.......SUNRISE   721 AM CST   SUNSET   510 PM CST
JANUARY 28 2015.......SUNRISE   721 AM CST   SUNSET   511 PM CST


-  INDICATES NEGATIVE NUMBERS.
R  INDICATES RECORD WAS SET OR TIED.
MM INDICATES DATA IS MISSING.
T  INDICATES TRACE AMOUNT.




$$
