634
CDUS43 KDVN 211023
CLIDBQ


CLIMATE REPORT
NATIONAL WEATHER SERVICE QUAD CITIES IA IL
423 AM CST SUN JAN 21 2018


...................................

...THE DUBUQUE IA CLIMATE SUMMARY FOR JANUARY 20 2018...

CLIMATE NORMAL PERIOD 1981 TO 2010
CLIMATE RECORD PERIOD 1873 TO 2018


WEATHER ITEM   OBSERVED TIME   RECORD YEAR NORMAL DEPARTURE LAST
                VALUE   (LST)  VALUE       VALUE  FROM      YEAR
                                                  NORMAL
..................................................................
TEMPERATURE (F)
 YESTERDAY
  MAXIMUM         46    330 PM  59    1906  27     19       38
  MINIMUM         24    712 AM -27    1985  11     13       34
  AVERAGE         35                        19     16       36

PRECIPITATION (IN)
  YESTERDAY        0.00          0.68 1937   0.04  -0.04     0.01
  MONTH TO DATE    0.15                      0.75  -0.60     1.59
  SINCE DEC 1      0.86                      2.59  -1.73     3.13
  SINCE JAN 1      0.15                      0.75  -0.60     1.59

SNOWFALL (IN)
  YESTERDAY        0.0          MM      MM   0.3   -0.3      0.0
  MONTH TO DATE    3.4                       6.3   -2.9      0.2
  SINCE DEC 1      9.1                      18.1   -9.0     17.6
  SINCE JUL 1      9.1                      20.9  -11.8     17.6
  SNOW DEPTH       T

DEGREE DAYS
 HEATING
  YESTERDAY       30                        46    -16       29
  MONTH TO DATE 1031                       920    111      879
  SINCE DEC 1   2345                      2230    115     2234
  SINCE JUL 1   3710                      3730    -20     3226

 COOLING
  YESTERDAY        0                         0      0        0
  MONTH TO DATE    0                         0      0        0
  SINCE DEC 1      0                         0      0        0
  SINCE JAN 1      0                         0      0        0
..................................................................


WIND (MPH)
  HIGHEST WIND SPEED    10   HIGHEST WIND DIRECTION     S (180)
  HIGHEST GUST SPEED    12   HIGHEST GUST DIRECTION     S (180)
  AVERAGE WIND SPEED     3.9


SKY COVER
  POSSIBLE SUNSHINE  MM
  AVERAGE SKY COVER 0.1


WEATHER CONDITIONS
 THE FOLLOWING WEATHER WAS RECORDED YESTERDAY.
  FOG


RELATIVE HUMIDITY (PERCENT)
 HIGHEST    96          1100 PM
 LOWEST     53           300 PM
 AVERAGE    75

..........................................................


THE DUBUQUE IA CLIMATE NORMALS FOR TODAY
                         NORMAL    RECORD    YEAR
 MAXIMUM TEMPERATURE (F)   27        54      1921
 MINIMUM TEMPERATURE (F)   11       -28      1970


SUNRISE AND SUNSET
JANUARY 21 2018.......SUNRISE   726 AM CST   SUNSET   503 PM CST
JANUARY 22 2018.......SUNRISE   725 AM CST   SUNSET   504 PM CST


-  INDICATES NEGATIVE NUMBERS.
R  INDICATES RECORD WAS SET OR TIED.
MM INDICATES DATA IS MISSING.
T  INDICATES TRACE AMOUNT.




$$
