000
CDUS43 KDVN 020910
CLIDBQ


CLIMATE REPORT
NATIONAL WEATHER SERVICE QUAD CITIES IA IL
409 AM CDT THU JUL 2 2015


...................................

...THE DUBUQUE IA CLIMATE SUMMARY FOR JULY 1 2015...

CLIMATE NORMAL PERIOD 1981 TO 2010
CLIMATE RECORD PERIOD 1873 TO 2015


WEATHER ITEM   OBSERVED TIME   RECORD YEAR NORMAL DEPARTURE LAST
                VALUE   (LST)  VALUE       VALUE  FROM      YEAR
                                                  NORMAL
..................................................................
TEMPERATURE (F)
 YESTERDAY
  MAXIMUM         70    150 PM 100    1931  82    -12       76
  MINIMUM         55    515 AM  47    1995  62     -7       60
  AVERAGE         63                        72     -9       68

PRECIPITATION (IN)
  YESTERDAY        0.00          6.28 1961   0.14  -0.14     0.01
  MONTH TO DATE    0.00                      0.14  -0.14     0.01
  SINCE JUN 1      8.34                      4.54   3.80    12.58
  SINCE JAN 1     19.11                     17.41   1.70    24.96

SNOWFALL (IN)
  YESTERDAY        0.0          MM      MM   0.0    0.0      0.0
  MONTH TO DATE    0.0                       0.0    0.0      0.0
  SINCE JUN 1      T                         0.0    0.0      0.0
  SINCE JUL 1      0.0                       0.0    0.0      0.0
  SNOW DEPTH       0

DEGREE DAYS
 HEATING
  YESTERDAY        2                         0      2        0
  MONTH TO DATE    2                         0      2        0
  SINCE JUN 1     25                        40    -15       10
  SINCE JUL 1      2                         0      2        0

 COOLING
  YESTERDAY        0                         7     -7        3
  MONTH TO DATE    0                         7     -7        3
  SINCE JUN 1    119                       146    -27      157
  SINCE JAN 1    155                       183    -28      211
..................................................................


WIND (MPH)
  HIGHEST WIND SPEED    13   HIGHEST WIND DIRECTION    NE (50)
  HIGHEST GUST SPEED    17   HIGHEST GUST DIRECTION    NE (40)
  AVERAGE WIND SPEED     7.5


SKY COVER
  POSSIBLE SUNSHINE  MM
  AVERAGE SKY COVER 0.4


WEATHER CONDITIONS
 THE FOLLOWING WEATHER WAS RECORDED YESTERDAY.
  FOG


RELATIVE HUMIDITY (PERCENT)
 HIGHEST    93           400 AM
 LOWEST     61          1200 PM
 AVERAGE    77

..........................................................


THE DUBUQUE IA CLIMATE NORMALS FOR TODAY
                         NORMAL    RECORD    YEAR
 MAXIMUM TEMPERATURE (F)   82        98      1911
 MINIMUM TEMPERATURE (F)   62        47      2001
                                             1959
                                             1904


SUNRISE AND SUNSET
JULY  2 2015..........SUNRISE   530 AM CDT   SUNSET   843 PM CDT
JULY  3 2015..........SUNRISE   531 AM CDT   SUNSET   843 PM CDT


-  INDICATES NEGATIVE NUMBERS.
R  INDICATES RECORD WAS SET OR TIED.
MM INDICATES DATA IS MISSING.
T  INDICATES TRACE AMOUNT.




$$
