000
CDUS43 KDVN 121021
CLIDBQ


CLIMATE REPORT
NATIONAL WEATHER SERVICE QUAD CITIES IA IL
419 AM CST FRI FEB 12 2016


...................................

...THE DUBUQUE IA CLIMATE SUMMARY FOR FEBRUARY 11 2016...

CLIMATE NORMAL PERIOD 1981 TO 2010
CLIMATE RECORD PERIOD 1873 TO 2016


WEATHER ITEM   OBSERVED TIME   RECORD YEAR NORMAL DEPARTURE LAST
                VALUE   (LST)  VALUE       VALUE  FROM      YEAR
                                                  NORMAL
..................................................................
TEMPERATURE (F)
 YESTERDAY
  MAXIMUM         19    356 PM  61    1999  30    -11       33
  MINIMUM          4    717 AM -18    2014  14    -10       10
                                      1899
  AVERAGE         12                        22    -10       22

PRECIPITATION (IN)
  YESTERDAY        0.00          0.59 1880   0.05  -0.05      T
  MONTH TO DATE    0.32                      0.49  -0.17     1.09
  SINCE DEC 1      4.97                      3.50   1.47     2.95
  SINCE JAN 1      0.78                      1.66  -0.88     2.02

SNOWFALL (IN)
  YESTERDAY        0.0          MM      MM   0.3   -0.3       T
  MONTH TO DATE    3.7                       3.9   -0.2     10.6
  SINCE DEC 1     15.8                      25.7   -9.9     21.3
  SINCE JUL 1     27.6                      28.5   -0.9     24.8
  SNOW DEPTH       2

DEGREE DAYS
 HEATING
  YESTERDAY       53                        43     10       43
  MONTH TO DATE  470                       483    -13      536
  SINCE DEC 1   2648                      3220   -572     3082
  SINCE JUL 1   3855                      4720   -865     4864

 COOLING
  YESTERDAY        0                         0      0        0
  MONTH TO DATE    0                         0      0        0
  SINCE DEC 1      0                         0      0        0
  SINCE JAN 1      0                         0      0        0
..................................................................


WIND (MPH)
  HIGHEST WIND SPEED    13   HIGHEST WIND DIRECTION     N (20)
  HIGHEST GUST SPEED    14   HIGHEST GUST DIRECTION     N (20)
  AVERAGE WIND SPEED     4.2


SKY COVER
  POSSIBLE SUNSHINE  MM
  AVERAGE SKY COVER 0.3


WEATHER CONDITIONS
 THE FOLLOWING WEATHER WAS RECORDED YESTERDAY.
  NO SIGNIFICANT WEATHER WAS OBSERVED.


RELATIVE HUMIDITY (PERCENT)
 HIGHEST    79           700 AM
 LOWEST     43           400 PM
 AVERAGE    61

..........................................................


THE DUBUQUE IA CLIMATE NORMALS FOR TODAY
                         NORMAL    RECORD    YEAR
 MAXIMUM TEMPERATURE (F)   31        67      1882
 MINIMUM TEMPERATURE (F)   15       -20      1899


SUNRISE AND SUNSET
FEBRUARY 12 2016......SUNRISE   704 AM CST   SUNSET   531 PM CST
FEBRUARY 13 2016......SUNRISE   703 AM CST   SUNSET   532 PM CST


-  INDICATES NEGATIVE NUMBERS.
R  INDICATES RECORD WAS SET OR TIED.
MM INDICATES DATA IS MISSING.
T  INDICATES TRACE AMOUNT.




$$
