000
CDUS43 KDVN 242231
CLIDBQ


CLIMATE REPORT
NATIONAL WEATHER SERVICE QUAD CITIES IA IL
420 PM CST TUE JAN 24 2017


...................................

...THE DUBUQUE IA CLIMATE SUMMARY FOR JANUARY 24 2017...
VALID TODAY AS OF 0400 PM LOCAL TIME.

CLIMATE NORMAL PERIOD 1981 TO 2010
CLIMATE RECORD PERIOD 1873 TO 2017


WEATHER ITEM   OBSERVED TIME   RECORD YEAR NORMAL DEPARTURE LAST
                VALUE   (LST)  VALUE       VALUE  FROM      YEAR
                                                  NORMAL
..................................................................
TEMPERATURE (F)
 TODAY
  MAXIMUM         33    352 PM  59    1967  27      6       MM
  MINIMUM         32    359 PM -19    1936  11     21       MM
                                      1904
                                      1897
  AVERAGE         33                        19     14       MM

PRECIPITATION (IN)
  TODAY            0.00          0.73 1938   0.04  -0.04     0.00
  MONTH TO DATE    1.59                      0.89   0.70     0.30
  SINCE DEC 1      3.13                      2.73   0.40     4.49
  SINCE JAN 1      1.59                      0.89   0.70     0.30

SNOWFALL (IN)
  TODAY            0.0          MM      MM   0.3   -0.3      0.0
  MONTH TO DATE    0.2                       7.6   -7.4      2.1
  SINCE DEC 1     17.6                      19.4   -1.8     10.5
  SINCE JUL 1     17.6                      22.2   -4.6     22.3
  SNOW DEPTH       T

DEGREE DAYS
 HEATING
  TODAY           32                        46    -14       MM
  MONTH TO DATE  997                      1104   -107     1058
  SINCE DEC 1   2352                      2414    -62     2004
  SINCE JUL 1   3344                      3914   -570     3211

 COOLING
  TODAY            0                         0      0       MM
  MONTH TO DATE    0                         0      0        0
  SINCE DEC 1      0                         0      0        0
  SINCE JAN 1      0                         0      0        0
..................................................................


WIND (MPH)
  HIGHEST WIND SPEED    10   HIGHEST WIND DIRECTION    SE (130)
  HIGHEST GUST SPEED    13   HIGHEST GUST DIRECTION    SE (120)
  AVERAGE WIND SPEED     4.2


SKY COVER
  POSSIBLE SUNSHINE  MM
  AVERAGE SKY COVER 1.0


WEATHER CONDITIONS
 THE FOLLOWING WEATHER WAS RECORDED TODAY.
  NO SIGNIFICANT WEATHER WAS OBSERVED.


RELATIVE HUMIDITY (PERCENT)
 HIGHEST    92          1200 AM
 LOWEST     82          1100 AM
 AVERAGE    87

..........................................................


THE DUBUQUE IA CLIMATE NORMALS FOR TOMORROW
                         NORMAL    RECORD    YEAR
 MAXIMUM TEMPERATURE (F)   27        56      2002
                                             1981
                                             1944
 MINIMUM TEMPERATURE (F)   11       -23      1936
                                             1904
                                             1897


SUNRISE AND SUNSET
JANUARY 24 2017.......SUNRISE   724 AM CST   SUNSET   507 PM CST
JANUARY 25 2017.......SUNRISE   723 AM CST   SUNSET   508 PM CST


-  INDICATES NEGATIVE NUMBERS.
R  INDICATES RECORD WAS SET OR TIED.
MM INDICATES DATA IS MISSING.
T  INDICATES TRACE AMOUNT.




$$
