000
CDUS43 KDVN 302137
CLIDBQ


CLIMATE REPORT
NATIONAL WEATHER SERVICE QUAD CITIES IA IL
436 PM CDT MON MAR 30 2015


...................................

...THE DUBUQUE IA CLIMATE SUMMARY FOR MARCH 30 2015...
VALID TODAY AS OF 0400 PM LOCAL TIME.

CLIMATE NORMAL PERIOD 1981 TO 2010
CLIMATE RECORD PERIOD 1873 TO 2015


WEATHER ITEM   OBSERVED TIME   RECORD YEAR NORMAL DEPARTURE LAST
                VALUE   (LST)  VALUE       VALUE  FROM      YEAR
                                                  NORMAL
..................................................................
TEMPERATURE (F)
 TODAY
  MAXIMUM         66    131 PM  81    1943  51     15       60
  MINIMUM         30    619 AM   4    1964  32     -2       29
  AVERAGE         48                        42      6       45

PRECIPITATION (IN)
  TODAY            0.00          2.54 1998   0.10  -0.10     0.00
  MONTH TO DATE    0.80                      2.31  -1.51     1.11
  SINCE MAR 1      0.80                      2.31  -1.51     1.11
  SINCE JAN 1      3.09                      4.92  -1.83     3.59

SNOWFALL (IN)
  TODAY            0.0          MM      MM   0.2   -0.2      0.0
  MONTH TO DATE    4.1                       6.2   -2.1     10.9
  SINCE MAR 1      4.1                       6.2   -2.1     10.9
  SINCE JUL 1     33.7                      39.8   -6.1     62.6
  SNOW DEPTH       0

DEGREE DAYS
 HEATING
  TODAY           17                        24     -7       20
  MONTH TO DATE  896                       895      1     1143
  SINCE MAR 1    896                       895      1     1143
  SINCE JUL 1   6744                      6288    456     7519

 COOLING
  TODAY            0                         0      0        0
  MONTH TO DATE    0                         0      0        0
  SINCE MAR 1      0                         0      0        0
  SINCE JAN 1      0                         0      0        0
..................................................................


WIND (MPH)
  HIGHEST WIND SPEED    24   HIGHEST WIND DIRECTION     W (270)
  HIGHEST GUST SPEED    29   HIGHEST GUST DIRECTION     W (270)
  AVERAGE WIND SPEED    11.7


SKY COVER
  POSSIBLE SUNSHINE  MM
  AVERAGE SKY COVER 0.3


WEATHER CONDITIONS
 THE FOLLOWING WEATHER WAS RECORDED TODAY.
  NO SIGNIFICANT WEATHER WAS OBSERVED.


RELATIVE HUMIDITY (PERCENT)
 HIGHEST    85           600 AM
 LOWEST     26           100 PM
 AVERAGE    56

..........................................................


THE DUBUQUE IA CLIMATE NORMALS FOR TOMORROW
                         NORMAL    RECORD    YEAR
 MAXIMUM TEMPERATURE (F)   52        79      1986
 MINIMUM TEMPERATURE (F)   32         8      1969


SUNRISE AND SUNSET
MARCH 30 2015.........SUNRISE   649 AM CDT   SUNSET   726 PM CDT
MARCH 31 2015.........SUNRISE   647 AM CDT   SUNSET   727 PM CDT


-  INDICATES NEGATIVE NUMBERS.
R  INDICATES RECORD WAS SET OR TIED.
MM INDICATES DATA IS MISSING.
T  INDICATES TRACE AMOUNT.




$$
