000
CDUS43 KDVN 232123
CLIDBQ


CLIMATE REPORT
NATIONAL WEATHER SERVICE QUAD CITIES IA IL
422 PM CDT WED JUL 23 2014


...................................

...THE DUBUQUE IA CLIMATE SUMMARY FOR JULY 23 2014...
VALID TODAY AS OF 0400 PM LOCAL TIME.

CLIMATE NORMAL PERIOD 1981 TO 2010
CLIMATE RECORD PERIOD 1873 TO 2014


WEATHER ITEM   OBSERVED TIME   RECORD YEAR NORMAL DEPARTURE LAST
                VALUE   (LST)  VALUE       VALUE  FROM      YEAR
                                                  NORMAL
..................................................................
TEMPERATURE (F)
 TODAY
  MAXIMUM         78    250 PM 104    1901  82     -4       76
  MINIMUM         63    533 AM  52    1990  62      1       59
                                      1985
                                      1947
  AVERAGE         71                        72     -1       68

PRECIPITATION (IN)
  TODAY            0.00          4.59 2010   0.13  -0.13     0.00
  MONTH TO DATE    1.81                      3.21  -1.40     1.96
  SINCE JUN 1     14.38                      7.61   6.77     5.59
  SINCE JAN 1     26.76                     20.48   6.28    27.17

SNOWFALL (IN)
  TODAY            0.0          MM      MM   0.0    0.0      0.0
  MONTH TO DATE    0.0                       0.0    0.0      0.0
  SINCE JUN 1      0.0                       0.0    0.0      0.0
  SINCE JUL 1      0.0                       0.0    0.0      0.0
  SNOW DEPTH       0

DEGREE DAYS
 HEATING
  TODAY            0                         0      0        0
  MONTH TO DATE   25                         0     25        2
  SINCE JUN 1     35                        40     -5       41
  SINCE JUL 1     25                         0     25        2

 COOLING
  TODAY            6                         7     -1        3
  MONTH TO DATE   88                       162    -74      188
  SINCE JUN 1    242                       301    -59      297
  SINCE JAN 1    296                       338    -42      342
..................................................................


WIND (MPH)
  HIGHEST WIND SPEED    16   HIGHEST WIND DIRECTION    NE (40)
  HIGHEST GUST SPEED    20   HIGHEST GUST DIRECTION    NE (40)
  AVERAGE WIND SPEED    10.4


SKY COVER
  POSSIBLE SUNSHINE  MM
  AVERAGE SKY COVER 0.1


WEATHER CONDITIONS
 THE FOLLOWING WEATHER WAS RECORDED TODAY.
  NO SIGNIFICANT WEATHER WAS OBSERVED.


RELATIVE HUMIDITY (PERCENT)
 HIGHEST    93           500 AM
 LOWEST     50          1200 PM
 AVERAGE    72

..........................................................


THE DUBUQUE IA CLIMATE NORMALS FOR TOMORROW
                         NORMAL    RECORD    YEAR
 MAXIMUM TEMPERATURE (F)   82       105      1901
 MINIMUM TEMPERATURE (F)   62        51      2003
                                             1992


SUNRISE AND SUNSET
JULY 23 2014..........SUNRISE   546 AM CDT   SUNSET   832 PM CDT
JULY 24 2014..........SUNRISE   547 AM CDT   SUNSET   831 PM CDT


-  INDICATES NEGATIVE NUMBERS.
R  INDICATES RECORD WAS SET OR TIED.
MM INDICATES DATA IS MISSING.
T  INDICATES TRACE AMOUNT.




$$
