000
CDUS41 KLWX 280524
CLIDCA


CLIMATE REPORT
NATIONAL WEATHER SERVICE BALTIMORE MD/WASHINGTON DC
124 AM EDT SAT MAR 28 2015


...................................

...THE WASHINGTON NATIONAL DC CLIMATE SUMMARY FOR MARCH 27 2015...

CLIMATE NORMAL PERIOD 1981 TO 2010
CLIMATE RECORD PERIOD 1871 TO 2015


WEATHER ITEM   OBSERVED TIME   RECORD YEAR NORMAL DEPARTURE LAST
                VALUE   (LST)  VALUE       VALUE  FROM      YEAR
                                                  NORMAL
..................................................................
TEMPERATURE (F)
 YESTERDAY
  MAXIMUM         52    444 PM  86    1921  60     -8       52
  MINIMUM         41   1159 PM  20    1894  41      0       27
  AVERAGE         47                        50     -3       40

PRECIPITATION (IN)
  YESTERDAY        0.36          1.81 1919   0.13   0.23     0.00
  MONTH TO DATE    4.01                      2.99   1.02     2.15
  SINCE MAR 1      4.01                      2.99   1.02     2.15
  SINCE JAN 1      9.42                      8.42   1.00     8.75

SNOWFALL (IN)
  YESTERDAY        0.0           6.0  1891   0.0    0.0
  MONTH TO DATE    4.9                       1.3    3.6
  SINCE JUL 1     18.3                      15.4    2.9
  SNOW DEPTH       0

DEGREE DAYS
 HEATING
  YESTERDAY       18                        15      3       25
  MONTH TO DATE  531                       511     20      633
  SINCE MAR 1    531                       511     20      633
  SINCE JUL 1   3655                      3619     36     3799

 COOLING
  YESTERDAY        0                         0      0        0
  MONTH TO DATE    0                         0      0        0
  SINCE MAR 1      0                         0      0        0
  SINCE JAN 1      0                         0      0        0
..................................................................


WIND (MPH)
  HIGHEST WIND SPEED    23   HIGHEST WIND DIRECTION     N (340)
  HIGHEST GUST SPEED    28   HIGHEST GUST DIRECTION     N (340)
  AVERAGE WIND SPEED    11.6


SKY COVER
  POSSIBLE SUNSHINE  MM
  AVERAGE SKY COVER 0.9


WEATHER CONDITIONS
 THE FOLLOWING WEATHER WAS RECORDED YESTERDAY.
  LIGHT RAIN


RELATIVE HUMIDITY (PERCENT)
 HIGHEST    83           700 AM
 LOWEST     39           600 PM
 AVERAGE    61

..........................................................


THE WASHINGTON NATIONAL DC CLIMATE NORMALS FOR TODAY
                         NORMAL    RECORD    YEAR
 MAXIMUM TEMPERATURE (F)   60        85      1945
 MINIMUM TEMPERATURE (F)   41        21      1894


SUNRISE AND SUNSET
MARCH 28 2015.........SUNRISE   659 AM EDT   SUNSET   728 PM EDT
MARCH 29 2015.........SUNRISE   658 AM EDT   SUNSET   729 PM EDT


-  INDICATES NEGATIVE NUMBERS.
R  INDICATES RECORD WAS SET OR TIED.
MM INDICATES DATA IS MISSING.
T  INDICATES TRACE AMOUNT.




$$
