000
CDUS41 KLWX 032128
CLIDCA


CLIMATE REPORT
NATIONAL WEATHER SERVICE BALTIMORE MD/WASHINGTON DC
528 PM EDT TUE MAY 3 2016


...................................

...THE WASHINGTON NATIONAL DC CLIMATE SUMMARY FOR MAY 3 2016...
VALID TODAY AS OF 0500 PM LOCAL TIME.

CLIMATE NORMAL PERIOD 1981 TO 2010
CLIMATE RECORD PERIOD 1871 TO 2016


WEATHER ITEM   OBSERVED TIME   RECORD YEAR NORMAL DEPARTURE
                VALUE   (LST)  VALUE       VALUE  FROM
                                                  NORMAL
...............................................................
TEMPERATURE (F)
 TODAY
  MAXIMUM         73    259 PM  91    1965  72      1
  MINIMUM         62    617 AM  36    1909  52     10
                                      1879
  AVERAGE         68                        62      6

PRECIPITATION (IN)
  TODAY            0.03          2.41 1936   0.12  -0.09
  MONTH TO DATE    1.75                      0.35   1.40
  SINCE MAR 1      4.96                      6.89  -1.93
  SINCE JAN 1     11.43                     12.32  -0.89

SNOWFALL (IN)
  TODAY            0.0          MM      MM   0.0    0.0
  MONTH TO DATE    0.0                       0.0    0.0
  SINCE JUL 1     22.2                      15.4    6.8
  SNOW DEPTH       0

DEGREE DAYS
 HEATING
  TODAY            0                               -4
  MONTH TO DATE    9                               -5
  SINCE MAR 1    629                             -223
  SINCE JUL 1   3230                             -730

 COOLING
  TODAY            3                                1
  MONTH TO DATE    4                                0
  SINCE MAR 1     40                               10
  SINCE JAN 1     40                               10
...............................................................


WIND (MPH)
  HIGHEST WIND SPEED    15   HIGHEST WIND DIRECTION    NE (60)
  HIGHEST GUST SPEED    17   HIGHEST GUST DIRECTION    NE (50)
  AVERAGE WIND SPEED     6.9




RELATIVE HUMIDITY (PERCENT)
 HIGHEST   100
 LOWEST     61
 AVERAGE    81

..........................................................


THE WASHINGTON NATIONAL DC CLIMATE NORMALS FOR TOMORROW
                         NORMAL    RECORD    YEAR
 MAXIMUM TEMPERATURE (F)   72        93      1928
 MINIMUM TEMPERATURE (F)   53        39      1986


SUNRISE AND SUNSET
MAY  3 2016...........SUNRISE   607 AM EDT   SUNSET   803 PM EDT
MAY  4 2016...........SUNRISE   606 AM EDT   SUNSET   804 PM EDT


-  INDICATES NEGATIVE NUMBERS.
R  INDICATES RECORD WAS SET OR TIED.
MM INDICATES DATA IS MISSING.
T  INDICATES TRACE AMOUNT.




$$
