000
CDUS41 KALY 020625
CLIDDH


CLIMATE REPORT
NATIONAL WEATHER SERVICE ALBANY NY
123 AM EST MON MAR 2 2015


...................................

...THE BENNINGTON VT CLIMATE SUMMARY FOR MARCH 1 2015...

CLIMATE NORMAL PERIOD 1981 TO 2010
CLIMATE RECORD PERIOD 9999 TO 9999


WEATHER ITEM   OBSERVED TIME   NORMAL DEPARTURE LAST
                VALUE   (LST)  VALUE  FROM      YEAR
                                      NORMAL
......................................................
TEMPERATURE (F)
 YESTERDAY
  MAXIMUM         26    327 PM  39    -13       32
  MINIMUM         -4    436 AM  18    -22       -1
  AVERAGE         11            28    -17       16

PRECIPITATION (IN)
  YESTERDAY        0.05          0.09  -0.04     0.00
  MONTH TO DATE    0.05          0.09  -0.04     0.00
  SINCE MAR 1      0.05          0.09  -0.04     0.00
  SINCE JAN 1      3.46          5.08  -1.62     5.86

DEGREE DAYS
 HEATING
  YESTERDAY       54            37     17       49
  MONTH TO DATE   54            37     17       49
  SINCE MAR 1     54            37     17       49
  SINCE JUL 1   5556          5288    268     5297

 COOLING
  YESTERDAY        0             0      0        0
  MONTH TO DATE    0             0      0        0
  SINCE MAR 1      0             0      0        0
  SINCE JAN 1      0             0      0        0
......................................................


WIND (MPH)
  HIGHEST WIND SPEED    13   HIGHEST WIND DIRECTION     S (180)
  HIGHEST GUST SPEED    17   HIGHEST GUST DIRECTION     S (190)
  AVERAGE WIND SPEED     2.6


SKY COVER
  AVERAGE SKY COVER 0.7



RELATIVE HUMIDITY (PERCENT)
 HIGHEST    92          1000 PM
 LOWEST     68           200 PM
 AVERAGE    80

..........................................................


THE BENNINGTON VT CLIMATE NORMALS FOR TODAY
                         NORMAL
 MAXIMUM TEMPERATURE (F)   39
 MINIMUM TEMPERATURE (F)   18


SUNRISE AND SUNSET
MARCH  2 2015.........SUNRISE   628 AM EST   SUNSET   543 PM EST
MARCH  3 2015.........SUNRISE   626 AM EST   SUNSET   545 PM EST


-  INDICATES NEGATIVE NUMBERS.
R  INDICATES RECORD WAS SET OR TIED.
MM INDICATES DATA IS MISSING.
T  INDICATES TRACE AMOUNT.




$$
