000
CDUS41 KALY 270622
CLIDDH


CLIMATE REPORT
NATIONAL WEATHER SERVICE ALBANY NY
222 AM EDT WED JUL 27 2016


...................................

...THE BENNINGTON VT CLIMATE SUMMARY FOR JULY 26 2016...

CLIMATE NORMAL PERIOD 1981 TO 2010
CLIMATE RECORD PERIOD 9999 TO 9999


WEATHER ITEM   OBSERVED TIME   NORMAL DEPARTURE LAST
                VALUE   (LST)  VALUE  FROM      YEAR
                                      NORMAL
......................................................
TEMPERATURE (F)
 YESTERDAY
  MAXIMUM         84    321 PM  80      4       83
  MINIMUM         62   1156 PM  57      5       64
  AVERAGE         73            68      5       74

PRECIPITATION (IN)
  YESTERDAY        0.00          0.14  -0.14      T
  MONTH TO DATE    1.34          3.64  -2.30     1.92
  SINCE JUN 1      3.08          7.77  -4.69     4.87
  SINCE JAN 1     16.13         22.84  -6.71    12.43

DEGREE DAYS
 HEATING
  YESTERDAY        0             1     -1        0
  MONTH TO DATE   10            26    -16       27
  SINCE JUN 1     79           123    -44      122
  SINCE JUL 1     10            26    -16       27

 COOLING
  YESTERDAY        8             4      4        9
  MONTH TO DATE  135           103     32       93
  SINCE JUN 1    193           161     32      140
  SINCE JAN 1    235           175     60      204
......................................................


WIND (MPH)
  HIGHEST WIND SPEED    16   HIGHEST WIND DIRECTION     W (270)
  HIGHEST GUST SPEED    22   HIGHEST GUST DIRECTION    NW (320)
  AVERAGE WIND SPEED     5.8


SKY COVER
  AVERAGE SKY COVER 0.4



RELATIVE HUMIDITY (PERCENT)
 HIGHEST    90           100 AM
 LOWEST     47           200 PM
 AVERAGE    69

..........................................................


THE BENNINGTON VT CLIMATE NORMALS FOR TODAY
                         NORMAL
 MAXIMUM TEMPERATURE (F)   80
 MINIMUM TEMPERATURE (F)   57


SUNRISE AND SUNSET
JULY 27 2016..........SUNRISE   539 AM EDT   SUNSET   819 PM EDT
JULY 28 2016..........SUNRISE   541 AM EDT   SUNSET   818 PM EDT


-  INDICATES NEGATIVE NUMBERS.
R  INDICATES RECORD WAS SET OR TIED.
MM INDICATES DATA IS MISSING.
T  INDICATES TRACE AMOUNT.




$$
