000
CDUS41 KALY 272048
CLIDDH


CLIMATE REPORT
NATIONAL WEATHER SERVICE ALBANY NY
448 PM EDT SAT AUG 27 2016


...................................

...THE BENNINGTON VT CLIMATE SUMMARY FOR AUGUST 27 2016...
VALID TODAY AS OF 0400 PM LOCAL TIME.

CLIMATE NORMAL PERIOD 1981 TO 2010
CLIMATE RECORD PERIOD 9999 TO 9999


WEATHER ITEM   OBSERVED TIME   NORMAL DEPARTURE LAST
                VALUE   (LST)  VALUE  FROM      YEAR
                                      NORMAL
......................................................
TEMPERATURE (F)
 TODAY
  MAXIMUM         83    338 PM  76      7       73
  MINIMUM         56    552 AM  54      2       52
  AVERAGE         70            65      5       63

PRECIPITATION (IN)
  TODAY            0.00          0.12  -0.12      T
  MONTH TO DATE    4.13          3.54   0.59     1.73
  SINCE JUN 1      8.26         12.01  -3.75     6.67
  SINCE JAN 1     21.31         27.08  -5.77    14.23

DEGREE DAYS
 HEATING
  TODAY            0             2     -2        2
  MONTH TO DATE   10            34    -24        6
  SINCE JUN 1     89           155    -66      128
  SINCE JUL 1     20            58    -38       33

 COOLING
  TODAY            5             2      3        0
  MONTH TO DATE  163            87     76      113
  SINCE JUN 1    387           268    119      297
  SINCE JAN 1    429           282    147      361
......................................................


WIND (MPH)
  HIGHEST WIND SPEED     6   HIGHEST WIND DIRECTION     N (360)
  HIGHEST GUST SPEED    MM   HIGHEST GUST DIRECTION    MM
  AVERAGE WIND SPEED     1.2


SKY COVER
  AVERAGE SKY COVER 0.0



RELATIVE HUMIDITY (PERCENT)
 HIGHEST   100
 LOWEST     40
 AVERAGE    70

..........................................................


THE BENNINGTON VT CLIMATE NORMALS FOR TOMORROW
                         NORMAL
 MAXIMUM TEMPERATURE (F)   76
 MINIMUM TEMPERATURE (F)   53


SUNRISE AND SUNSET
AUGUST 27 2016........SUNRISE   613 AM EDT   SUNSET   735 PM EDT
AUGUST 28 2016........SUNRISE   614 AM EDT   SUNSET   734 PM EDT


-  INDICATES NEGATIVE NUMBERS.
R  INDICATES RECORD WAS SET OR TIED.
MM INDICATES DATA IS MISSING.
T  INDICATES TRACE AMOUNT.




$$
