000
CDUS43 KILX 172228
CLIDEC


CLIMATE REPORT
NATIONAL WEATHER SERVICE LINCOLN IL
428 PM CST WED DEC 17 2014


...................................

...THE DECATUR IL AIRPORT CLIMATE SUMMARY FOR DECEMBER 17 2014...
VALID TODAY AS OF 0400 PM LOCAL TIME.

CLIMATE NORMAL PERIOD 1981 TO 2010
CLIMATE RECORD PERIOD 9999 TO 9999


WEATHER ITEM   OBSERVED TIME   RECORD YEAR NORMAL DEPARTURE LAST
                VALUE   (LST)  VALUE       VALUE  FROM      YEAR
                                                  NORMAL
..................................................................
TEMPERATURE (F)
 TODAY
  MAXIMUM         27   1210 AM  MM      MM  38    -11       35
  MINIMUM         23    120 PM  MM      MM  22      1       22
  AVERAGE         25                        30     -5       29

PRECIPITATION (IN)
  TODAY            0.00         MM      MM   0.07  -0.07     0.02
  MONTH TO DATE    0.87                      1.33  -0.46     0.46
  SINCE DEC 1      0.87                      1.33  -0.46     0.46
  SINCE JAN 1     35.75                     37.24  -1.49    32.48

DEGREE DAYS
 HEATING
  TODAY           40                        35      5       36
  MONTH TO DATE  516                       551    -35      632
  SINCE DEC 1    516                       551    -35      632
  SINCE JUL 1   1789                      1632    157     1780

 COOLING
  TODAY            0                         0      0        0
  MONTH TO DATE    0                         0      0        0
  SINCE DEC 1      0                         0      0        0
  SINCE JAN 1   1011                      1048    -37     1079
..................................................................


WIND (MPH)
  HIGHEST WIND SPEED    20   HIGHEST WIND DIRECTION    NW (310)
  HIGHEST GUST SPEED    25   HIGHEST GUST DIRECTION     W (280)
  AVERAGE WIND SPEED    11.3


SKY COVER
  POSSIBLE SUNSHINE  MM
  AVERAGE SKY COVER 1.0


WEATHER CONDITIONS
 THE FOLLOWING WEATHER WAS RECORDED TODAY.
  NO SIGNIFICANT WEATHER WAS OBSERVED.


RELATIVE HUMIDITY (PERCENT)
 HIGHEST    88          1200 PM
 LOWEST     74           200 PM
 AVERAGE    81

..........................................................


THE DECATUR IL AIRPORT CLIMATE NORMALS FOR TOMORROW
                         NORMAL    RECORD    YEAR
 MAXIMUM TEMPERATURE (F)   38        MM        MM
 MINIMUM TEMPERATURE (F)   22        MM        MM


SUNRISE AND SUNSET
DECEMBER 17 2014......SUNRISE   711 AM CST   SUNSET   432 PM CST
DECEMBER 18 2014......SUNRISE   711 AM CST   SUNSET   433 PM CST


-  INDICATES NEGATIVE NUMBERS.
R  INDICATES RECORD WAS SET OR TIED.
MM INDICATES DATA IS MISSING.
T  INDICATES TRACE AMOUNT.




$$
