000
CDUS43 KILX 250706
CLIDEC


CLIMATE REPORT
NATIONAL WEATHER SERVICE LINCOLN IL
105 AM CST SAT FEB 25 2017


...................................

...THE DECATUR IL AIRPORT CLIMATE SUMMARY FOR FEBRUARY 24 2017...

CLIMATE NORMAL PERIOD 1981 TO 2010
CLIMATE RECORD PERIOD 9999 TO 9999


WEATHER ITEM   OBSERVED TIME   RECORD YEAR NORMAL DEPARTURE LAST
                VALUE   (LST)  VALUE       VALUE  FROM      YEAR
                                                  NORMAL
..................................................................
TEMPERATURE (F)
 YESTERDAY
  MAXIMUM         65   1148 AM  MM      MM  43     22       38
  MINIMUM         34   1159 PM  MM      MM  25      9       32
  AVERAGE         50                        34     16       35

PRECIPITATION (IN)
  YESTERDAY        T            MM      MM   0.08  -0.08    MM
  MONTH TO DATE    0.35                      1.68  -1.33     0.39
  SINCE DEC 1      2.69                      5.96  -3.27    10.41
  SINCE JAN 1      2.00                      3.42  -1.42     1.19

DEGREE DAYS
 HEATING
  YESTERDAY       15                        31    -16       30
  MONTH TO DATE  550                       828   -278      758
  SINCE DEC 1   2570                      3054   -484     2591
  SINCE JUL 1   3266                      4135   -869     3373

 COOLING
  YESTERDAY        0                         0      0        0
  MONTH TO DATE    0                         0      0        0
  SINCE DEC 1      0                         0      0        0
  SINCE JAN 1      0                         0      0        0
..................................................................


WIND (MPH)
  HIGHEST WIND SPEED    29   HIGHEST WIND DIRECTION    SW (210)
  HIGHEST GUST SPEED    35   HIGHEST GUST DIRECTION     W (260)
  AVERAGE WIND SPEED    17.0


SKY COVER
  POSSIBLE SUNSHINE  MM
  AVERAGE SKY COVER 0.5


WEATHER CONDITIONS
 THE FOLLOWING WEATHER WAS RECORDED YESTERDAY.
  THUNDERSTORM
  LIGHT RAIN
  LIGHT SNOW
  FOG


RELATIVE HUMIDITY (PERCENT)
 HIGHEST    84           500 AM
 LOWEST     60           700 PM
 AVERAGE    72

..........................................................


THE DECATUR IL AIRPORT CLIMATE NORMALS FOR TODAY
                         NORMAL    RECORD    YEAR
 MAXIMUM TEMPERATURE (F)   43        MM        MM
 MINIMUM TEMPERATURE (F)   26        MM        MM


SUNRISE AND SUNSET
FEBRUARY 25 2017......SUNRISE   634 AM CST   SUNSET   543 PM CST
FEBRUARY 26 2017......SUNRISE   633 AM CST   SUNSET   544 PM CST


-  INDICATES NEGATIVE NUMBERS.
R  INDICATES RECORD WAS SET OR TIED.
MM INDICATES DATA IS MISSING.
T  INDICATES TRACE AMOUNT.




$$
