000
CDUS43 KILX 300651
CLIDEC


CLIMATE REPORT
NATIONAL WEATHER SERVICE LINCOLN IL
150 AM CDT THU JUL 30 2015


...................................

...THE DECATUR IL AIRPORT CLIMATE SUMMARY FOR JULY 29 2015...

CLIMATE NORMAL PERIOD 1981 TO 2010
CLIMATE RECORD PERIOD 9999 TO 9999


WEATHER ITEM   OBSERVED TIME   RECORD YEAR NORMAL DEPARTURE LAST
                VALUE   (LST)  VALUE       VALUE  FROM      YEAR
                                                  NORMAL
..................................................................
TEMPERATURE (F)
 YESTERDAY
  MAXIMUM         88    331 PM  MM      MM  86      2       79
  MINIMUM         72   1144 PM  MM      MM  64      8       58
  AVERAGE         80                        75      5       69

PRECIPITATION (IN)
  YESTERDAY        T            MM      MM   0.11  -0.11     0.00
  MONTH TO DATE    4.66                      3.64   1.02     2.44
  SINCE JUN 1      9.92                      7.99   1.93     9.34
  SINCE JAN 1     20.62                     22.44  -1.82    19.00

DEGREE DAYS
 HEATING
  YESTERDAY        0                         0      0        0
  MONTH TO DATE    1                         0      1        2
  SINCE JUN 1      8                        17     -9        3
  SINCE JUL 1      1                         0      1        2

 COOLING
  YESTERDAY       15                        10      5        4
  MONTH TO DATE  271                       312    -41      171
  SINCE JUN 1    529                       541    -12      447
  SINCE JAN 1    673                       628     45      592
..................................................................


WIND (MPH)
  HIGHEST WIND SPEED    21   HIGHEST WIND DIRECTION    NW (330)
  HIGHEST GUST SPEED    24   HIGHEST GUST DIRECTION    NW (320)
  AVERAGE WIND SPEED     8.6


SKY COVER
  POSSIBLE SUNSHINE  MM
  AVERAGE SKY COVER 0.2


WEATHER CONDITIONS
 THE FOLLOWING WEATHER WAS RECORDED YESTERDAY.
  THUNDERSTORM


RELATIVE HUMIDITY (PERCENT)
 HIGHEST    93           300 AM
 LOWEST     42           700 PM
 AVERAGE    68

..........................................................


THE DECATUR IL AIRPORT CLIMATE NORMALS FOR TODAY
                         NORMAL    RECORD    YEAR
 MAXIMUM TEMPERATURE (F)   86        MM        MM
 MINIMUM TEMPERATURE (F)   64        MM        MM


SUNRISE AND SUNSET
JULY 30 2015..........SUNRISE   552 AM CDT   SUNSET   811 PM CDT
JULY 31 2015..........SUNRISE   553 AM CDT   SUNSET   810 PM CDT


-  INDICATES NEGATIVE NUMBERS.
R  INDICATES RECORD WAS SET OR TIED.
MM INDICATES DATA IS MISSING.
T  INDICATES TRACE AMOUNT.




$$
