000
CDUS43 KILX 290638
CLIDEC


CLIMATE REPORT
NATIONAL WEATHER SERVICE LINCOLN IL
137 AM CDT SUN MAY 29 2016


...................................

...THE DECATUR IL AIRPORT CLIMATE SUMMARY FOR MAY 28 2016...

CLIMATE NORMAL PERIOD 1981 TO 2010
CLIMATE RECORD PERIOD 9999 TO 9999


WEATHER ITEM   OBSERVED TIME   RECORD YEAR NORMAL DEPARTURE LAST
                VALUE   (LST)  VALUE       VALUE  FROM      YEAR
                                                  NORMAL
..................................................................
TEMPERATURE (F)
 YESTERDAY
  MAXIMUM         83    257 PM  MM      MM  78      5       85
  MINIMUM         69    536 AM  MM      MM  55     14       54
  AVERAGE         76                        66     10       70

PRECIPITATION (IN)
  YESTERDAY        T            MM      MM   0.10  -0.10     0.00
  MONTH TO DATE    3.04                      3.97  -0.93     4.53
  SINCE MAR 1      9.56                     10.41  -0.85     8.16
  SINCE JAN 1     10.75                     14.13  -3.38     9.41

DEGREE DAYS
 HEATING
  YESTERDAY        0                         3     -3        0
  MONTH TO DATE  138                       135      3       79
  SINCE MAR 1    993                      1241   -248     1169
  SINCE JUL 1   4485                      5498  -1013     5815

 COOLING
  YESTERDAY       11                         4      7        5
  MONTH TO DATE   55                        61     -6      132
  SINCE MAR 1     62                        75    -13      135
  SINCE JAN 1     62                        75    -13      135
..................................................................


WIND (MPH)
  HIGHEST WIND SPEED    23   HIGHEST WIND DIRECTION     S (190)
  HIGHEST GUST SPEED    31   HIGHEST GUST DIRECTION     S (190)
  AVERAGE WIND SPEED    15.0


SKY COVER
  POSSIBLE SUNSHINE  MM
  AVERAGE SKY COVER 0.2


WEATHER CONDITIONS
 THE FOLLOWING WEATHER WAS RECORDED YESTERDAY.
  LIGHT RAIN


RELATIVE HUMIDITY (PERCENT)
 HIGHEST    84          1200 AM
 LOWEST     58           100 PM
 AVERAGE    71

..........................................................


THE DECATUR IL AIRPORT CLIMATE NORMALS FOR TODAY
                         NORMAL    RECORD    YEAR
 MAXIMUM TEMPERATURE (F)   78        MM        MM
 MINIMUM TEMPERATURE (F)   56        MM        MM


SUNRISE AND SUNSET
MAY 29 2016...........SUNRISE   530 AM CDT   SUNSET   816 PM CDT
MAY 30 2016...........SUNRISE   530 AM CDT   SUNSET   817 PM CDT


-  INDICATES NEGATIVE NUMBERS.
R  INDICATES RECORD WAS SET OR TIED.
MM INDICATES DATA IS MISSING.
T  INDICATES TRACE AMOUNT.




$$
