000
CDUS43 KILX 302152
CLIDEC


CLIMATE REPORT
NATIONAL WEATHER SERVICE LINCOLN IL
441 PM CDT MON MAR 30 2015


...................................

...THE DECATUR IL AIRPORT CLIMATE SUMMARY FOR MARCH 30 2015...
VALID TODAY AS OF 0400 PM LOCAL TIME.

CLIMATE NORMAL PERIOD 1981 TO 2010
CLIMATE RECORD PERIOD 9999 TO 9999


WEATHER ITEM   OBSERVED TIME   RECORD YEAR NORMAL DEPARTURE LAST
                VALUE   (LST)  VALUE       VALUE  FROM      YEAR
                                                  NORMAL
..................................................................
TEMPERATURE (F)
 TODAY
  MAXIMUM         67    241 PM  MM      MM  57     10       59
  MINIMUM         41    611 AM  MM      MM  36      5       25
  AVERAGE         54                        47      7       42

PRECIPITATION (IN)
  TODAY            0.00         MM      MM   0.10  -0.10     0.00
  MONTH TO DATE    1.61                      2.55  -0.94     1.49
  SINCE MAR 1      1.61                      2.55  -0.94     1.49
  SINCE JAN 1      2.86                      6.27  -3.41     2.61

DEGREE DAYS
 HEATING
  TODAY           11                        18     -7       23
  MONTH TO DATE  780                       708     72      877
  SINCE MAR 1    780                       708     72      877
  SINCE JUL 1   5426                      4965    461     5689

 COOLING
  TODAY            0                         0      0        0
  MONTH TO DATE    0                         0      0        0
  SINCE MAR 1      0                         0      0        0
  SINCE JAN 1      0                         0      0        0
..................................................................


WIND (MPH)
  HIGHEST WIND SPEED    20   HIGHEST WIND DIRECTION     W (270)
  HIGHEST GUST SPEED    24   HIGHEST GUST DIRECTION    SW (240)
  AVERAGE WIND SPEED    10.1


SKY COVER
  POSSIBLE SUNSHINE  MM
  AVERAGE SKY COVER 0.0


WEATHER CONDITIONS
 THE FOLLOWING WEATHER WAS RECORDED TODAY.
  NO SIGNIFICANT WEATHER WAS OBSERVED.


RELATIVE HUMIDITY (PERCENT)
 HIGHEST    65          1200 AM
 LOWEST     24           200 PM
 AVERAGE    45

..........................................................


THE DECATUR IL AIRPORT CLIMATE NORMALS FOR TOMORROW
                         NORMAL    RECORD    YEAR
 MAXIMUM TEMPERATURE (F)   58        MM        MM
 MINIMUM TEMPERATURE (F)   37        MM        MM


SUNRISE AND SUNSET
MARCH 30 2015.........SUNRISE   643 AM CDT   SUNSET   717 PM CDT
MARCH 31 2015.........SUNRISE   642 AM CDT   SUNSET   718 PM CDT


-  INDICATES NEGATIVE NUMBERS.
R  INDICATES RECORD WAS SET OR TIED.
MM INDICATES DATA IS MISSING.
T  INDICATES TRACE AMOUNT.




$$
