000
CDUS43 KILX 270725
CLIDEC


CLIMATE REPORT
NATIONAL WEATHER SERVICE LINCOLN IL
125 AM CST THU NOV 27 2014


...................................

...THE DECATUR IL AIRPORT CLIMATE SUMMARY FOR NOVEMBER 26 2014...

CLIMATE NORMAL PERIOD 1981 TO 2010
CLIMATE RECORD PERIOD 9999 TO 9999


WEATHER ITEM   OBSERVED TIME   RECORD YEAR NORMAL DEPARTURE LAST
                VALUE   (LST)  VALUE       VALUE  FROM      YEAR
                                                  NORMAL
..................................................................
TEMPERATURE (F)
 YESTERDAY
  MAXIMUM         31   1113 AM  MM      MM  46    -15       37
  MINIMUM         20    244 AM  MM      MM  30    -10       20
  AVERAGE         26                        38    -12       29

PRECIPITATION (IN)
  YESTERDAY        T            MM      MM   0.12  -0.12     0.00
  MONTH TO DATE    1.86                      2.96  -1.10     1.07
  SINCE SEP 1     10.95                      9.13   1.82     5.65
  SINCE JAN 1     34.88                     35.44  -0.56    32.02

DEGREE DAYS
 HEATING
  YESTERDAY       39                        27     12       36
  MONTH TO DATE  745                       552    193      616
  SINCE SEP 1   1155                       964    191      995
  SINCE JUL 1   1157                       970    187     1005

 COOLING
  YESTERDAY        0                         0      0        0
  MONTH TO DATE    0                         0      0        0
  SINCE SEP 1    107                       130    -23      207
  SINCE JAN 1   1011                      1048    -37     1079
..................................................................


WIND (MPH)
  HIGHEST WIND SPEED    16   HIGHEST WIND DIRECTION     E (100)
  HIGHEST GUST SPEED    19   HIGHEST GUST DIRECTION     E (100)
  AVERAGE WIND SPEED     8.6


SKY COVER
  POSSIBLE SUNSHINE  MM
  AVERAGE SKY COVER 0.6


WEATHER CONDITIONS
 THE FOLLOWING WEATHER WAS RECORDED YESTERDAY.
  LIGHT SNOW
  FOG
  HAZE


RELATIVE HUMIDITY (PERCENT)
 HIGHEST    96          1200 AM
 LOWEST     84           300 AM
 AVERAGE    90

..........................................................


THE DECATUR IL AIRPORT CLIMATE NORMALS FOR TODAY
                         NORMAL    RECORD    YEAR
 MAXIMUM TEMPERATURE (F)   46        MM        MM
 MINIMUM TEMPERATURE (F)   29        MM        MM


SUNRISE AND SUNSET
NOVEMBER 27 2014......SUNRISE   653 AM CST   SUNSET   432 PM CST
NOVEMBER 28 2014......SUNRISE   654 AM CST   SUNSET   432 PM CST


-  INDICATES NEGATIVE NUMBERS.
R  INDICATES RECORD WAS SET OR TIED.
MM INDICATES DATA IS MISSING.
T  INDICATES TRACE AMOUNT.




$$
