000
CDUS43 KILX 192156
CLIDEC


CLIMATE REPORT
NATIONAL WEATHER SERVICE LINCOLN IL
456 PM CDT SAT AUG 19 2017


...................................

...THE DECATUR IL AIRPORT CLIMATE SUMMARY FOR AUGUST 19 2017...
VALID TODAY AS OF 0400 PM LOCAL TIME.

CLIMATE NORMAL PERIOD 1981 TO 2010
CLIMATE RECORD PERIOD 9999 TO 9999


WEATHER ITEM   OBSERVED TIME   RECORD YEAR NORMAL DEPARTURE LAST
                VALUE   (LST)  VALUE       VALUE  FROM      YEAR
                                                  NORMAL
..................................................................
TEMPERATURE (F)
 TODAY
  MAXIMUM         86    259 PM  MM      MM  84      2       84
  MINIMUM         63    524 AM  MM      MM  63      0       68
  AVERAGE         75                        74      1       76

PRECIPITATION (IN)
  TODAY            0.00         MM      MM   0.15  -0.15     0.00
  MONTH TO DATE    0.57                      1.95  -1.38     3.43
  SINCE JUN 1      5.24                     10.16  -4.92    10.36
  SINCE JAN 1     24.17                     24.61  -0.44    21.22

DEGREE DAYS
 HEATING
  TODAY            0                         0      0        0
  MONTH TO DATE    0                         0      0        0
  SINCE JUN 1      4                        18    -14        5
  SINCE JUL 1      0                         1     -1        5

 COOLING
  TODAY           10                         9      1       11
  MONTH TO DATE  121                       175    -54      234
  SINCE JUN 1    745                       737      8      917
  SINCE JAN 1    842                       824     18     1007
..................................................................


WIND (MPH)
  HIGHEST WIND SPEED    12   HIGHEST WIND DIRECTION    SE (140)
  HIGHEST GUST SPEED    14   HIGHEST GUST DIRECTION    SE (130)
  AVERAGE WIND SPEED     5.4


SKY COVER
  POSSIBLE SUNSHINE  MM
  AVERAGE SKY COVER 0.1


WEATHER CONDITIONS
 THE FOLLOWING WEATHER WAS RECORDED TODAY.
  NO SIGNIFICANT WEATHER WAS OBSERVED.


RELATIVE HUMIDITY (PERCENT)
 HIGHEST    93           500 AM
 LOWEST     59           200 PM
 AVERAGE    76

..........................................................


THE DECATUR IL AIRPORT CLIMATE NORMALS FOR TOMORROW
                         NORMAL    RECORD    YEAR
 MAXIMUM TEMPERATURE (F)   84        MM        MM
 MINIMUM TEMPERATURE (F)   63        MM        MM


SUNRISE AND SUNSET
AUGUST 19 2017........SUNRISE   611 AM CDT   SUNSET   746 PM CDT
AUGUST 20 2017........SUNRISE   612 AM CDT   SUNSET   744 PM CDT


-  INDICATES NEGATIVE NUMBERS.
R  INDICATES RECORD WAS SET OR TIED.
MM INDICATES DATA IS MISSING.
T  INDICATES TRACE AMOUNT.




$$
