000
CDUS43 KILX 222146
CLIDEC


CLIMATE REPORT
NATIONAL WEATHER SERVICE LINCOLN IL
435 PM CDT FRI MAY 22 2015


...................................

...THE DECATUR IL AIRPORT CLIMATE SUMMARY FOR MAY 22 2015...
VALID TODAY AS OF 0400 PM LOCAL TIME.

CLIMATE NORMAL PERIOD 1981 TO 2010
CLIMATE RECORD PERIOD 9999 TO 9999


WEATHER ITEM   OBSERVED TIME   RECORD YEAR NORMAL DEPARTURE LAST
                VALUE   (LST)  VALUE       VALUE  FROM      YEAR
                                                  NORMAL
..................................................................
TEMPERATURE (F)
 TODAY
  MAXIMUM         78    206 PM  MM      MM  76      2       80
  MINIMUM         51    445 AM  MM      MM  53     -2       60
  AVERAGE         65                        64      1       70

PRECIPITATION (IN)
  TODAY            0.00         MM      MM   0.14  -0.14     0.00
  MONTH TO DATE    3.89                      3.24   0.65     2.56
  SINCE MAR 1      7.52                      9.68  -2.16     8.50
  SINCE JAN 1      8.77                     13.40  -4.63     9.62

DEGREE DAYS
 HEATING
  TODAY            0                         4     -4        0
  MONTH TO DATE   79                       117    -38      129
  SINCE MAR 1   1169                      1223    -54     1339
  SINCE JUL 1   5815                      5480    335     6151

 COOLING
  TODAY            0                         3     -3        5
  MONTH TO DATE   91                        39     52       75
  SINCE MAR 1     94                        53     41       76
  SINCE JAN 1     94                        53     41       76
..................................................................


WIND (MPH)
  HIGHEST WIND SPEED    14   HIGHEST WIND DIRECTION    SW (240)
  HIGHEST GUST SPEED    19   HIGHEST GUST DIRECTION    SW (240)
  AVERAGE WIND SPEED     7.9


SKY COVER
  POSSIBLE SUNSHINE  MM
  AVERAGE SKY COVER 0.0


WEATHER CONDITIONS
 THE FOLLOWING WEATHER WAS RECORDED TODAY.
  NO SIGNIFICANT WEATHER WAS OBSERVED.


RELATIVE HUMIDITY (PERCENT)
 HIGHEST    77           500 AM
 LOWEST     28           200 PM
 AVERAGE    53

..........................................................


THE DECATUR IL AIRPORT CLIMATE NORMALS FOR TOMORROW
                         NORMAL    RECORD    YEAR
 MAXIMUM TEMPERATURE (F)   76        MM        MM
 MINIMUM TEMPERATURE (F)   54        MM        MM


SUNRISE AND SUNSET
MAY 22 2015...........SUNRISE   535 AM CDT   SUNSET   810 PM CDT
MAY 23 2015...........SUNRISE   534 AM CDT   SUNSET   810 PM CDT


-  INDICATES NEGATIVE NUMBERS.
R  INDICATES RECORD WAS SET OR TIED.
MM INDICATES DATA IS MISSING.
T  INDICATES TRACE AMOUNT.




$$
