000
CDUS45 KBOU 021226
CLIDEN


CLIMATE REPORT
NATIONAL WEATHER SERVICE DENVER CO
626 AM MDT THU OCT 2 2014


...................................

...THE DENVER CO CLIMATE SUMMARY FOR OCTOBER 2 2014...
VALID AS OF 0600 AM LOCAL TIME.

CLIMATE NORMAL PERIOD 1981 TO 2010
CLIMATE RECORD PERIOD 1872 TO 2014


WEATHER ITEM   OBSERVED TIME   RECORD YEAR NORMAL DEPARTURE LAST
                VALUE   (LST)  VALUE       VALUE  FROM      YEAR
                                                  NORMAL
..................................................................
TEMPERATURE (F)
 TODAY
  MAXIMUM         44   1253 AM  88    2005  71    -27       75
  MINIMUM         39    454 AM  26    2009  42     -3       46
  AVERAGE         42                        56    -14       61

PRECIPITATION (IN)
  TODAY            0.00          0.39 1924   0.04  -0.04     0.00
  MONTH TO DATE    0.17                      0.08   0.09     0.00
  SINCE SEP 1      1.96                      1.04   0.92     5.61
  SINCE JAN 1     17.07                     12.40   4.67    16.36

..................................................................


WIND (MPH)
  HIGHEST WIND SPEED    10   HIGHEST WIND DIRECTION    SW (240)
  HIGHEST GUST SPEED    13   HIGHEST GUST DIRECTION     W (250)
  AVERAGE WIND SPEED     6.7




RELATIVE HUMIDITY (PERCENT)
 HIGHEST    92           400 AM
 LOWEST     82           300 AM
 AVERAGE    87

..........................................................


THE DENVER CO CLIMATE NORMALS FOR TOMORROW
                         NORMAL    RECORD    YEAR
 MAXIMUM TEMPERATURE (F)   71        88      2005
 MINIMUM TEMPERATURE (F)   41        31      2009
                                             1900


SUNRISE AND SUNSET
OCTOBER  2 2014.......SUNRISE   656 AM MDT   SUNSET   641 PM MDT
OCTOBER  3 2014.......SUNRISE   657 AM MDT   SUNSET   639 PM MDT


-  INDICATES NEGATIVE NUMBERS.
R  INDICATES RECORD WAS SET OR TIED.
MM INDICATES DATA IS MISSING.
T  INDICATES TRACE AMOUNT.




$$
