000
CDUS45 KBOU 302245
CLIDEN


CLIMATE REPORT
NATIONAL WEATHER SERVICE DENVER CO
445 PM MDT THU OCT 30 2014


...................................

...THE DENVER CO CLIMATE SUMMARY FOR OCTOBER 30 2014...
VALID TODAY AS OF 0400 PM LOCAL TIME.

CLIMATE NORMAL PERIOD 1981 TO 2010
CLIMATE RECORD PERIOD 1872 TO 2014


WEATHER ITEM   OBSERVED TIME   RECORD YEAR NORMAL DEPARTURE LAST
                VALUE   (LST)  VALUE       VALUE  FROM      YEAR
                                                  NORMAL
..................................................................
TEMPERATURE (F)
 TODAY
  MAXIMUM         62    218 PM  80    1950  60      2       51
  MINIMUM         37    509 AM   7    1991  32      5       30
  AVERAGE         50                        46      4       41

PRECIPITATION (IN)
  TODAY            0.00          0.61 1987   0.03  -0.03     0.01
  MONTH TO DATE    0.52                      1.00  -0.48     0.72
  SINCE SEP 1      2.31                      1.96   0.35     6.33
  SINCE JAN 1     17.42                     13.32   4.10    17.08

DEGREE DAYS
 HEATING
  TODAY           15                        19     -4       24
  MONTH TO DATE  276                       421   -145      504
  SINCE SEP 1    367                       546   -179      587
  SINCE JUL 1    374                       562   -188      587

 COOLING
  TODAY            0                         0      0        0
  MONTH TO DATE    0                         1     -1        0
  SINCE SEP 1     88                        77     11      133
  SINCE JAN 1    701                       765    -64      999
..................................................................


WIND (MPH)
  HIGHEST WIND SPEED    12   HIGHEST WIND DIRECTION     E (70)
  HIGHEST GUST SPEED    15   HIGHEST GUST DIRECTION     E (70)
  AVERAGE WIND SPEED     5.4


SKY COVER **
  POSSIBLE SUNSHINE  MM
  AVERAGE SKY COVER 0.3


WEATHER CONDITIONS
 THE FOLLOWING WEATHER WAS RECORDED TODAY.
  NO SIGNIFICANT WEATHER WAS OBSERVED.


RELATIVE HUMIDITY (PERCENT)
 HIGHEST    59           600 AM
 LOWEST     27           200 PM
 AVERAGE    43

..........................................................


THE DENVER CO CLIMATE NORMALS FOR TOMORROW
                         NORMAL    RECORD    YEAR
 MAXIMUM TEMPERATURE (F)   59        79      1950
 MINIMUM TEMPERATURE (F)   31        10      1991


SUNRISE AND SUNSET
OCTOBER 30 2014.......SUNRISE   725 AM MDT   SUNSET   559 PM MDT
OCTOBER 31 2014.......SUNRISE   726 AM MDT   SUNSET   558 PM MDT


-  INDICATES NEGATIVE NUMBERS.
R  INDICATES RECORD WAS SET OR TIED.
MM INDICATES DATA IS MISSING.
T  INDICATES TRACE AMOUNT.




$$
