000
CDUS45 KBOU 221226
CLIDEN


CLIMATE REPORT
NATIONAL WEATHER SERVICE DENVER/BOULDER CO
626 AM MDT TUE AUG 22 2017


...................................

...THE DENVER CO CLIMATE SUMMARY FOR AUGUST 22 2017...
VALID AS OF 0600 AM LOCAL TIME.

CLIMATE NORMAL PERIOD 1981 TO 2010
CLIMATE RECORD PERIOD 1872 TO 2017


WEATHER ITEM   OBSERVED TIME   RECORD YEAR NORMAL DEPARTURE LAST
                VALUE   (LST)  VALUE       VALUE  FROM      YEAR
                                                  NORMAL
..................................................................
TEMPERATURE (F)
 TODAY
  MAXIMUM         65   1224 AM  98    1960  86    -21       93
  MINIMUM         56    459 AM  40    1904  57     -1       58
  AVERAGE         61                        72    -11       76

PRECIPITATION (IN)
  TODAY            0.00          1.94 2013   0.04  -0.04      T
  MONTH TO DATE    1.86                      1.33   0.53     0.05
  SINCE JUN 1      2.66                      5.47  -2.81     2.74
  SINCE JAN 1      8.97                     11.00  -2.03     9.84

..................................................................


WIND (MPH)
  HIGHEST WIND SPEED    10   HIGHEST WIND DIRECTION    SE (130)
  HIGHEST GUST SPEED    12   HIGHEST GUST DIRECTION    SE (130)
  AVERAGE WIND SPEED     7.5




RELATIVE HUMIDITY (PERCENT)
 HIGHEST    86           300 AM
 LOWEST     56          1200 AM
 AVERAGE    71

..........................................................


THE DENVER CO CLIMATE NORMALS FOR TOMORROW
                         NORMAL    RECORD    YEAR
 MAXIMUM TEMPERATURE (F)   86        98      2011
                                             2009
 MINIMUM TEMPERATURE (F)   57        41      1964


SUNRISE AND SUNSET
AUGUST 22 2017........SUNRISE   618 AM MDT   SUNSET   745 PM MDT
AUGUST 23 2017........SUNRISE   619 AM MDT   SUNSET   744 PM MDT


-  INDICATES NEGATIVE NUMBERS.
R  INDICATES RECORD WAS SET OR TIED.
MM INDICATES DATA IS MISSING.
T  INDICATES TRACE AMOUNT.




$$
