000
CDUS45 KBOU 291230
CLIDEN


CLIMATE REPORT
NATIONAL WEATHER SERVICE DENVER/BOULDER CO
629 AM MDT SAT APR 29 2017


...................................

...THE DENVER CO CLIMATE SUMMARY FOR APRIL 29 2017...
VALID AS OF 0600 AM LOCAL TIME.

CLIMATE NORMAL PERIOD 1981 TO 2010
CLIMATE RECORD PERIOD 1872 TO 2017


WEATHER ITEM   OBSERVED TIME   RECORD YEAR NORMAL DEPARTURE LAST
                VALUE   (LST)  VALUE       VALUE  FROM      YEAR
                                                  NORMAL
..................................................................
TEMPERATURE (F)
 TODAY
  MAXIMUM         30   1223 AM  83    1948  65    -35       36
  MINIMUM         29    459 AM  12    1877  37     -8       31
  AVERAGE         30                        51    -21       34

PRECIPITATION (IN)
  TODAY            0.04          1.43 1900   0.07  -0.03     0.73
  MONTH TO DATE    0.80                      1.64  -0.84     2.41
  SINCE MAR 1      1.70                      2.56  -0.86     3.59
  SINCE JAN 1      2.47                      3.34  -0.87     4.57

..................................................................


WIND (MPH)
  HIGHEST WIND SPEED    22   HIGHEST WIND DIRECTION    NE (30)
  HIGHEST GUST SPEED    26   HIGHEST GUST DIRECTION    NE (30)
  AVERAGE WIND SPEED    13.8




RELATIVE HUMIDITY (PERCENT)
 HIGHEST    92          1200 AM
 LOWEST     92          1200 AM
 AVERAGE    92

..........................................................


THE DENVER CO CLIMATE NORMALS FOR TOMORROW
                         NORMAL    RECORD    YEAR
 MAXIMUM TEMPERATURE (F)   66        90      1992
 MINIMUM TEMPERATURE (F)   37        19      1909


SUNRISE AND SUNSET
APRIL 29 2017.........SUNRISE   601 AM MDT   SUNSET   751 PM MDT
APRIL 30 2017.........SUNRISE   559 AM MDT   SUNSET   752 PM MDT


-  INDICATES NEGATIVE NUMBERS.
R  INDICATES RECORD WAS SET OR TIED.
MM INDICATES DATA IS MISSING.
T  INDICATES TRACE AMOUNT.




$$
