000
CDUS45 KBOU 262230
CLIDEN


CLIMATE REPORT
NATIONAL WEATHER SERVICE DENVER CO
429 PM MDT THU MAR 26 2015


...................................

...THE DENVER CO CLIMATE SUMMARY FOR MARCH 26 2015...
VALID TODAY AS OF 0400 PM LOCAL TIME.

CLIMATE NORMAL PERIOD 1981 TO 2010
CLIMATE RECORD PERIOD 1872 TO 2015


WEATHER ITEM   OBSERVED TIME   RECORD YEAR NORMAL DEPARTURE LAST
                VALUE   (LST)  VALUE       VALUE  FROM      YEAR
                                                  NORMAL
..................................................................
TEMPERATURE (F)
 TODAY
  MAXIMUM         59    259 PM  84    1971  57      2       67
  MINIMUM         31    518 AM  -4    1955  29      2       37
  AVERAGE         45                        43      2       52

PRECIPITATION (IN)
  TODAY            0.00          0.63 2009   0.04  -0.04      T
  MONTH TO DATE    0.79                      0.72   0.07     0.68
  SINCE MAR 1      0.79                      0.72   0.07     0.68
  SINCE JAN 1      2.42                      1.50   0.92     1.81

DEGREE DAYS
 HEATING
  TODAY           20                        22     -2       13
  MONTH TO DATE  565                       655    -90      652
  SINCE MAR 1    565                       655    -90      652
  SINCE JUL 1   4678                      5094   -416     5171

 COOLING
  TODAY            0                         0      0        0
  MONTH TO DATE    0                         0      0        0
  SINCE MAR 1      0                         0      0        0
  SINCE JAN 1      0                         0      0        0
..................................................................


WIND (MPH)
  HIGHEST WIND SPEED    16   HIGHEST WIND DIRECTION    SW (210)
  HIGHEST GUST SPEED    19   HIGHEST GUST DIRECTION     N (360)
  AVERAGE WIND SPEED     9.5


SKY COVER **
  POSSIBLE SUNSHINE  MM
  AVERAGE SKY COVER 0.5


WEATHER CONDITIONS
 THE FOLLOWING WEATHER WAS RECORDED TODAY.
  NO SIGNIFICANT WEATHER WAS OBSERVED.


RELATIVE HUMIDITY (PERCENT)
 HIGHEST    92          1200 AM
 LOWEST     23           200 PM
 AVERAGE    58

..........................................................


THE DENVER CO CLIMATE NORMALS FOR TOMORROW
                         NORMAL    RECORD    YEAR
 MAXIMUM TEMPERATURE (F)   57        78      1988
 MINIMUM TEMPERATURE (F)   29        -5      1899


SUNRISE AND SUNSET
MARCH 26 2015.........SUNRISE   653 AM MST   SUNSET   716 PM MST
MARCH 27 2015.........SUNRISE   651 AM MST   SUNSET   717 PM MST


-  INDICATES NEGATIVE NUMBERS.
R  INDICATES RECORD WAS SET OR TIED.
MM INDICATES DATA IS MISSING.
T  INDICATES TRACE AMOUNT.




$$
