000
CDUS45 KBOU 030844
CLIDEN


CLIMATE REPORT
NATIONAL WEATHER SERVICE DENVER CO
243 AM MDT WED JUN 3 2015


...................................

...THE DENVER CO CLIMATE SUMMARY FOR JUNE 2 2015...

CLIMATE NORMAL PERIOD 1981 TO 2010
CLIMATE RECORD PERIOD 1872 TO 2015


WEATHER ITEM   OBSERVED TIME   RECORD YEAR NORMAL DEPARTURE LAST
                VALUE   (LST)  VALUE       VALUE  FROM      YEAR
                                                  NORMAL
..................................................................
TEMPERATURE (F)
 YESTERDAY
  MAXIMUM         86    340 PM  93    2002  78      8       84
  MINIMUM         53    502 AM  30    1951  48      5       49
  AVERAGE         70                        63      7       67

PRECIPITATION (IN)
  YESTERDAY        0.00          1.55 1886   0.07  -0.07     0.00
  MONTH TO DATE    T                         0.14  -0.14     0.00
  SINCE JUN 1      T                         0.14  -0.14     0.00
  SINCE JAN 1      8.83                      5.67   3.16     6.71

SNOWFALL (IN)
  YESTERDAY        0.0
  MONTH TO DATE      0
  SINCE JUN 1        0
  SINCE JUL 1     57.8
  SNOW DEPTH       0


DEGREE DAYS
 HEATING
  YESTERDAY        0                         4     -4        0
  MONTH TO DATE    0                         8     -8        0
  SINCE JUN 1      0                         8     -8        0
  SINCE JUL 1   5572                      6004   -432     5974

 COOLING
  YESTERDAY        5                         2      3        2
  MONTH TO DATE    9                         4      5        6
  SINCE JUN 1      9                         4      5        6
  SINCE JAN 1     13                        26    -13       27
..................................................................


WIND (MPH)
  HIGHEST WIND SPEED    20   HIGHEST WIND DIRECTION     S (200)
  HIGHEST GUST SPEED    24   HIGHEST GUST DIRECTION     S (200)
  AVERAGE WIND SPEED     9.4


SKY COVER **
  POSSIBLE SUNSHINE  MM
  AVERAGE SKY COVER 0.4


WEATHER CONDITIONS
 THE FOLLOWING WEATHER WAS RECORDED YESTERDAY.
  NO SIGNIFICANT WEATHER WAS OBSERVED.


RELATIVE HUMIDITY (PERCENT)
 HIGHEST    89           500 AM
 LOWEST     20           100 PM
 AVERAGE    55

..........................................................


THE DENVER CO CLIMATE NORMALS FOR TODAY
                         NORMAL    RECORD    YEAR
 MAXIMUM TEMPERATURE (F)   78        94      2006
 MINIMUM TEMPERATURE (F)   49        34      1954
                                             1951


SUNRISE AND SUNSET
JUNE  3 2015..........SUNRISE   532 AM MST   SUNSET   822 PM MST
JUNE  4 2015..........SUNRISE   532 AM MST   SUNSET   822 PM MST


-  INDICATES NEGATIVE NUMBERS.
R  INDICATES RECORD WAS SET OR TIED.
MM INDICATES DATA IS MISSING.
T  INDICATES TRACE AMOUNT.

&&

** SUNSHINE DATA WILL NO LONGER BE AVAILABLE EFFECTIVE OCTOBER 1ST 2009.




$$
