417
CDUS44 KSHV 260732
CLIDEQ


CLIMATE REPORT
NATIONAL WEATHER SERVICE SHREVEPORT, LA
232 AM CDT MON SEP 26 2016


...................................

...THE DE QUEEN CLIMATE SUMMARY FOR SEPTEMBER 25 2016...

CLIMATE NORMAL PERIOD 1981 TO 2010
CLIMATE RECORD PERIOD 1902 TO 2016


WEATHER ITEM   OBSERVED TIME   RECORD YEAR NORMAL DEPARTURE LAST
                VALUE   (LST)  VALUE       VALUE  FROM      YEAR
                                                  NORMAL
..................................................................
TEMPERATURE (F)
 YESTERDAY
  MAXIMUM         91    320 PM  98    1954  83      8       92
  MINIMUM         68    626 AM  39    1989  57     11       59
  AVERAGE         80                        70     10       76

PRECIPITATION (IN)
  YESTERDAY        0.00          3.04 1974   0.13  -0.13     0.00
  MONTH TO DATE    2.26                      3.03  -0.77     0.58
  SINCE DEC 1     40.27                     38.98   1.29    38.94
  SINCE JAN 1     29.99                     34.62  -4.63    37.22

SNOWFALL (IN)
  YESTERDAY        0.0
  MONTH TO DATE    0.0
  SINCE SEP 1      0.0
  SINCE JUL 1      0.0
  SNOW DEPTH       0

DEGREE DAYS
 HEATING
  YESTERDAY        0                         1     -1        0
  MONTH TO DATE    0                         2     -2        0
  SINCE SEP 1      0                         2     -2        0
  SINCE JUL 1      0                         2     -2        0

 COOLING
  YESTERDAY       15                         6      9       11
  MONTH TO DATE  334                       250     84      311
  SINCE SEP 1    334                       250     84      311
  SINCE JAN 1   2071                      1842    229     2004
..................................................................


WIND (MPH)
  HIGHEST WIND SPEED    10   HIGHEST WIND DIRECTION     E (110)
  HIGHEST GUST SPEED    14   HIGHEST GUST DIRECTION    SE (120)
  AVERAGE WIND SPEED     1.7


SKY COVER
  POSSIBLE SUNSHINE  MM
  AVERAGE SKY COVER 0.0


WEATHER CONDITIONS
 THE FOLLOWING WEATHER WAS RECORDED YESTERDAY.
  FOG


RELATIVE HUMIDITY (PERCENT)
 HIGHEST   100          1200 AM
 LOWEST     47           500 PM
 AVERAGE    74

..........................................................


THE DE QUEEN CLIMATE NORMALS FOR TODAY
                         NORMAL    RECORD    YEAR
 MAXIMUM TEMPERATURE (F)   82       100      1954
 MINIMUM TEMPERATURE (F)   57        39      1989


SUNRISE AND SUNSET
SEPTEMBER 26 2016.....SUNRISE   709 AM CDT   SUNSET   708 PM CDT
SEPTEMBER 27 2016.....SUNRISE   710 AM CDT   SUNSET   707 PM CDT


-  INDICATES NEGATIVE NUMBERS.
R  INDICATES RECORD WAS SET OR TIED.
MM INDICATES DATA IS MISSING.
T  INDICATES TRACE AMOUNT.




$$
