000
CDUS44 KSHV 280745
CLIDEQ


CLIMATE REPORT
NATIONAL WEATHER SERVICE SHREVEPORT, LA
244 AM CDT THU JUL 28 2016


...................................

...THE DE QUEEN CLIMATE SUMMARY FOR JULY 27 2016...

CLIMATE NORMAL PERIOD 1981 TO 2010
CLIMATE RECORD PERIOD 1902 TO 2016


WEATHER ITEM   OBSERVED TIME   RECORD YEAR NORMAL DEPARTURE LAST
                VALUE   (LST)  VALUE       VALUE  FROM      YEAR
                                                  NORMAL
..................................................................
TEMPERATURE (F)
 YESTERDAY
  MAXIMUM         95   1106 AM 103    2011  93      2       98
                                      1998
  MINIMUM         74   1159 PM  58    2004  70      4       75
  AVERAGE         85                        81      4       87

PRECIPITATION (IN)
  YESTERDAY        0.04          3.80 1979   0.08  -0.04     0.00
  MONTH TO DATE    0.64                      3.34  -2.70     2.69
  SINCE DEC 1     33.27                     33.34  -0.07    37.52
  SINCE JAN 1     22.99                     28.98  -5.99    35.80

SNOWFALL (IN)
  YESTERDAY        0.0
  MONTH TO DATE    0.0
  SINCE JUN 1      0.0
  SINCE JUL 1      0.0
  SNOW DEPTH       0

DEGREE DAYS
 HEATING
  YESTERDAY        0                         0      0        0
  MONTH TO DATE    0                         0      0        0
  SINCE JUN 1      0                         0      0        0
  SINCE JUL 1      0                         0      0        0

 COOLING
  YESTERDAY       20                        16      4       22
  MONTH TO DATE  518                       431     87      467
  SINCE JUN 1    960                       809    151      900
  SINCE JAN 1   1157                      1026    131     1134
..................................................................


WIND (MPH)
  HIGHEST WIND SPEED    20   HIGHEST WIND DIRECTION    SE (120)
  HIGHEST GUST SPEED    25   HIGHEST GUST DIRECTION    SE (120)
  AVERAGE WIND SPEED     2.3


SKY COVER
  POSSIBLE SUNSHINE  MM
  AVERAGE SKY COVER 0.1


WEATHER CONDITIONS
 THE FOLLOWING WEATHER WAS RECORDED YESTERDAY.
  THUNDERSTORM
  HEAVY RAIN
  LIGHT RAIN
  FOG
  FOG W/VISIBILITY <= 1/4 MILE


RELATIVE HUMIDITY (PERCENT)
 HIGHEST   100           500 AM
 LOWEST     52          1100 AM
 AVERAGE    76

..........................................................


THE DE QUEEN CLIMATE NORMALS FOR TODAY
                         NORMAL    RECORD    YEAR
 MAXIMUM TEMPERATURE (F)   93       104      1998
 MINIMUM TEMPERATURE (F)   70        58      1902


SUNRISE AND SUNSET
JULY 28 2016..........SUNRISE   626 AM CDT   SUNSET   821 PM CDT
JULY 29 2016..........SUNRISE   627 AM CDT   SUNSET   820 PM CDT


-  INDICATES NEGATIVE NUMBERS.
R  INDICATES RECORD WAS SET OR TIED.
MM INDICATES DATA IS MISSING.
T  INDICATES TRACE AMOUNT.




$$
