000
CDUS44 KSHV 290832
CLIDEQ


CLIMATE REPORT
NATIONAL WEATHER SERVICE SHREVEPORT, LA
232 AM CST THU JAN 29 2015


...................................

...THE DE QUEEN CLIMATE SUMMARY FOR JANUARY 28 2015...

CLIMATE NORMAL PERIOD 1981 TO 2010
CLIMATE RECORD PERIOD 1902 TO 2015


WEATHER ITEM   OBSERVED TIME   RECORD YEAR NORMAL DEPARTURE LAST
                VALUE   (LST)  VALUE       VALUE  FROM      YEAR
                                                  NORMAL
..................................................................
TEMPERATURE (F)
 YESTERDAY
  MAXIMUM         78R   329 PM  78    1970  54     24       38
  MINIMUM         35    418 AM  10    1963  29      6       16
  AVERAGE         57                        42     15       27

PRECIPITATION (IN)
  YESTERDAY        0.00          1.46 2006   0.11  -0.11     0.00
  MONTH TO DATE    5.08                      2.99   2.09     0.92
  SINCE DEC 1      6.80                      7.35  -0.55     2.85
  SINCE JAN 1      5.08                      2.99   2.09     0.92

SNOWFALL (IN)
  YESTERDAY        0.0
  MONTH TO DATE    T
  SINCE DEC 1      T
  SINCE JUL 1      0.5
  SNOW DEPTH       0

DEGREE DAYS
 HEATING
  YESTERDAY        8                        23    -15       38
  MONTH TO DATE  683                       661     22      748
  SINCE DEC 1   1282                      1344    -62     1448
  SINCE JUL 1   1904                      1870     34     2061

 COOLING
  YESTERDAY        0                         0      0        0
  MONTH TO DATE    0                         0      0        0
  SINCE DEC 1      0                         0      0        3
  SINCE JAN 1      0                         0      0        0
..................................................................


WIND (MPH)
  HIGHEST WIND SPEED    17   HIGHEST WIND DIRECTION     S (190)
  HIGHEST GUST SPEED    23   HIGHEST GUST DIRECTION    SW (210)
  AVERAGE WIND SPEED     5.2


SKY COVER
  POSSIBLE SUNSHINE  MM
  AVERAGE SKY COVER 0.0


WEATHER CONDITIONS
 THE FOLLOWING WEATHER WAS RECORDED YESTERDAY.
  NO SIGNIFICANT WEATHER WAS OBSERVED.


RELATIVE HUMIDITY (PERCENT)
 HIGHEST    92          1200 AM
 LOWEST     31           300 PM
 AVERAGE    62

..........................................................


THE DE QUEEN CLIMATE NORMALS FOR TODAY
                         NORMAL    RECORD    YEAR
 MAXIMUM TEMPERATURE (F)   55        76      1947
 MINIMUM TEMPERATURE (F)   29         8      1977


SUNRISE AND SUNSET
JANUARY 29 2015.......SUNRISE   717 AM CST   SUNSET   545 PM CST
JANUARY 30 2015.......SUNRISE   716 AM CST   SUNSET   546 PM CST


-  INDICATES NEGATIVE NUMBERS.
R  INDICATES RECORD WAS SET OR TIED.
MM INDICATES DATA IS MISSING.
T  INDICATES TRACE AMOUNT.




$$
