000
CDUS44 KSHV 280746
CLIDEQ


CLIMATE REPORT
NATIONAL WEATHER SERVICE SHREVEPORT, LA
246 AM CDT FRI AUG 28 2015


...................................

...THE DE QUEEN CLIMATE SUMMARY FOR AUGUST 27 2015...

CLIMATE NORMAL PERIOD 1981 TO 2010
CLIMATE RECORD PERIOD 1902 TO 2015


WEATHER ITEM   OBSERVED TIME   RECORD YEAR NORMAL DEPARTURE LAST
                VALUE   (LST)  VALUE       VALUE  FROM      YEAR
                                                  NORMAL
..................................................................
TEMPERATURE (F)
 YESTERDAY
  MAXIMUM         84    425 PM 105    1999  93     -9       91
  MINIMUM         61    437 AM  56    2010  67     -6       69
  AVERAGE         73                        80     -7       80

PRECIPITATION (IN)
  YESTERDAY        0.00          2.03 1942   0.05  -0.05     0.00
  MONTH TO DATE    0.82                      1.86  -1.04     1.42
  SINCE DEC 1     38.35                     35.64   2.71    28.17
  SINCE JAN 1     36.63                     31.28   5.35    26.24

SNOWFALL (IN)
  YESTERDAY        0.0
  MONTH TO DATE    0.0
  SINCE JUN 1      0.0
  SINCE JUL 1      0.0
  SNOW DEPTH       0

DEGREE DAYS
 HEATING
  YESTERDAY        0                         0      0        0
  MONTH TO DATE    0                         0      0        0
  SINCE JUN 1      0                         0      0        0
  SINCE JUL 1      0                         0      0        0

 COOLING
  YESTERDAY        8                        15     -7       15
  MONTH TO DATE  431                       444    -13      383
  SINCE JUN 1   1408                      1319     89     1062
  SINCE JAN 1   1642                      1536    106     1269
..................................................................


WIND (MPH)
  HIGHEST WIND SPEED     9   HIGHEST WIND DIRECTION     E (110)
  HIGHEST GUST SPEED    14   HIGHEST GUST DIRECTION     E (100)
  AVERAGE WIND SPEED     3.9


SKY COVER
  POSSIBLE SUNSHINE  MM
  AVERAGE SKY COVER 0.1


WEATHER CONDITIONS
 THE FOLLOWING WEATHER WAS RECORDED YESTERDAY.
  FOG
  FOG W/VISIBILITY <= 1/4 MILE


RELATIVE HUMIDITY (PERCENT)
 HIGHEST   100          1200 AM
 LOWEST     51           100 PM
 AVERAGE    76

..........................................................


THE DE QUEEN CLIMATE NORMALS FOR TODAY
                         NORMAL    RECORD    YEAR
 MAXIMUM TEMPERATURE (F)   93       106      1954
 MINIMUM TEMPERATURE (F)   67        52      1992


SUNRISE AND SUNSET
AUGUST 28 2015........SUNRISE   648 AM CDT   SUNSET   749 PM CDT
AUGUST 29 2015........SUNRISE   649 AM CDT   SUNSET   748 PM CDT


-  INDICATES NEGATIVE NUMBERS.
R  INDICATES RECORD WAS SET OR TIED.
MM INDICATES DATA IS MISSING.
T  INDICATES TRACE AMOUNT.




$$
