000
CDUS44 KSHV 200749
CLIDEQ


CLIMATE REPORT
NATIONAL WEATHER SERVICE SHREVEPORT, LA
248 AM CDT SAT SEP 20 2014


...................................

...THE DE QUEEN CLIMATE SUMMARY FOR SEPTEMBER 19 2014...

CLIMATE NORMAL PERIOD 1981 TO 2010
CLIMATE RECORD PERIOD 1902 TO 2014


WEATHER ITEM   OBSERVED TIME   RECORD YEAR NORMAL DEPARTURE LAST
                VALUE   (LST)  VALUE       VALUE  FROM      YEAR
                                                  NORMAL
..................................................................
TEMPERATURE (F)
 YESTERDAY
  MAXIMUM         85    225 PM 100    1956  85      0       95
  MINIMUM         67    414 AM  40    1981  60      7       69
  AVERAGE         76                        72      4       82

PRECIPITATION (IN)
  YESTERDAY        0.00          4.45 1958   0.11  -0.11     0.05
  MONTH TO DATE    7.09                      2.30   4.79     0.61
  SINCE DEC 1     35.37                     38.25  -2.88    24.96
  SINCE JAN 1     33.44                     33.89  -0.45    20.91

SNOWFALL (IN)
  YESTERDAY        0.0
  MONTH TO DATE    0.0
  SINCE SEP 1      0.0
  SINCE JUL 1      0.0
  SNOW DEPTH       0

DEGREE DAYS
 HEATING
  YESTERDAY        0                         0      0        0
  MONTH TO DATE    1                         0      1        0
  SINCE SEP 1      1                         0      1        0
  SINCE JUL 1      1                         0      1        0

 COOLING
  YESTERDAY       11                         8      3       17
  MONTH TO DATE  234                       211     23      295
  SINCE SEP 1    234                       211     23      295
  SINCE JAN 1   1564                      1803   -239     1858
..................................................................


WIND (MPH)
  HIGHEST WIND SPEED    12   HIGHEST WIND DIRECTION     E (70)
  HIGHEST GUST SPEED    14   HIGHEST GUST DIRECTION     E (90)
  AVERAGE WIND SPEED     4.4


SKY COVER
  POSSIBLE SUNSHINE  MM
  AVERAGE SKY COVER 0.5


WEATHER CONDITIONS
 THE FOLLOWING WEATHER WAS RECORDED YESTERDAY.
  FOG
  FOG W/VISIBILITY <= 1/4 MILE
  HAZE


RELATIVE HUMIDITY (PERCENT)
 HIGHEST   100           300 AM
 LOWEST     65           300 PM
 AVERAGE    83

..........................................................


THE DE QUEEN CLIMATE NORMALS FOR TODAY
                         NORMAL    RECORD    YEAR
 MAXIMUM TEMPERATURE (F)   85       101      1954
 MINIMUM TEMPERATURE (F)   59        40      1981


SUNRISE AND SUNSET
SEPTEMBER 20 2014.....SUNRISE   704 AM CDT   SUNSET   717 PM CDT
SEPTEMBER 21 2014.....SUNRISE   705 AM CDT   SUNSET   716 PM CDT


-  INDICATES NEGATIVE NUMBERS.
R  INDICATES RECORD WAS SET OR TIED.
MM INDICATES DATA IS MISSING.
T  INDICATES TRACE AMOUNT.




$$
