000
CDUS44 KSHV 242234
CLIDEQ


CLIMATE REPORT
NATIONAL WEATHER SERVICE SHREVEPORT, LA
431 PM CST FRI FEB 24 2017


...................................

...THE DE QUEEN CLIMATE SUMMARY FOR FEBRUARY 24 2017...
VALID TODAY AS OF 0400 PM LOCAL TIME.

CLIMATE NORMAL PERIOD 1981 TO 2010
CLIMATE RECORD PERIOD 1902 TO 2017


WEATHER ITEM   OBSERVED TIME   RECORD YEAR NORMAL DEPARTURE LAST
                VALUE   (LST)  VALUE       VALUE  FROM      YEAR
                                                  NORMAL
..................................................................
TEMPERATURE (F)
 TODAY
  MAXIMUM         67    304 PM  83    1996  61      6       54
  MINIMUM         49    728 AM  19    1965  35     14       31
  AVERAGE         58                        48     10       43

PRECIPITATION (IN)
  TODAY            0.00          2.84 1949   0.11  -0.11     0.00
  MONTH TO DATE    1.09                      3.29  -2.20     1.38
  SINCE DEC 1      6.41                     10.97  -4.56    12.53
  SINCE JAN 1      3.70                      6.61  -2.91     2.25

SNOWFALL (IN)
  TODAY            0.0
  MONTH TO DATE    0.0
  SINCE DEC 1      0.3
  SINCE JUL 1      0.3
  SNOW DEPTH       0

DEGREE DAYS
 HEATING
  TODAY            7                        17    -10       22
  MONTH TO DATE  261                       489   -228      392
  SINCE DEC 1   1398                      1899   -501     1526
  SINCE JUL 1   1712                      2425   -713     1867

 COOLING
  TODAY            0                         0      0        0
  MONTH TO DATE    4                         0      4        0
  SINCE DEC 1      9                         1      8        3
  SINCE JAN 1      7                         1      6        0
..................................................................


WIND (MPH)
  HIGHEST WIND SPEED    16   HIGHEST WIND DIRECTION     W (280)
  HIGHEST GUST SPEED    20   HIGHEST GUST DIRECTION    NW (300)
  AVERAGE WIND SPEED     6.0


SKY COVER
  POSSIBLE SUNSHINE  MM
  AVERAGE SKY COVER 0.3


WEATHER CONDITIONS
 THE FOLLOWING WEATHER WAS RECORDED TODAY.
  FOG


RELATIVE HUMIDITY (PERCENT)
 HIGHEST   100           400 AM
 LOWEST     34           400 PM
 AVERAGE    67

..........................................................


THE DE QUEEN CLIMATE NORMALS FOR TOMORROW
                         NORMAL    RECORD    YEAR
 MAXIMUM TEMPERATURE (F)   61        81      1977
 MINIMUM TEMPERATURE (F)   35        14      1967


SUNRISE AND SUNSET
FEBRUARY 24 2017......SUNRISE   652 AM CST   SUNSET   610 PM CST
FEBRUARY 25 2017......SUNRISE   651 AM CST   SUNSET   611 PM CST


-  INDICATES NEGATIVE NUMBERS.
R  INDICATES RECORD WAS SET OR TIED.
MM INDICATES DATA IS MISSING.
T  INDICATES TRACE AMOUNT.




$$
