000
CDUS46 KOTX 190831
CLIDEW


CLIMATE REPORT
NATIONAL WEATHER SERVICE SPOKANE, WA
131 AM PDT FRI SEP 19 2014


...................................

...THE DEER_PARK WA AIRPORT CLIMATE SUMMARY FOR SEPTEMBER 18 2014...

CLIMATE NORMAL PERIOD 1981 TO 2010
CLIMATE RECORD PERIOD 9999 TO 9999


WEATHER ITEM   OBSERVED TIME   RECORD YEAR NORMAL DEPARTURE LAST
                VALUE   (LST)  VALUE       VALUE  FROM      YEAR
                                                  NORMAL
..................................................................
TEMPERATURE (F)
 YESTERDAY
  MAXIMUM         79    132 PM  MM      MM  73      6       67
  MINIMUM         52    250 AM  MM      MM  38     14       40
  AVERAGE         66                        56     10       54

PRECIPITATION (IN)
  YESTERDAY        0.00         MM      MM   0.03  -0.03     0.01
  MONTH TO DATE    0.33                      0.56  -0.23     1.07
  SINCE OCT 1     18.70                     21.82  -3.12    21.88
  SINCE JAN 1     14.90                     14.00   0.90    13.04

SNOWFALL (IN)
  YESTERDAY       MM            MM      MM  MM     MM       MM
  MONTH TO DATE   MM                        MM     MM       MM
  SINCE SEP 1     MM                        MM     MM       MM
  SINCE JUL 1     MM                        MM     MM       MM
  SNOW DEPTH      MM

DEGREE DAYS
 HEATING
  YESTERDAY        0                        10    -10       11
  MONTH TO DATE  109                       128    -19       48
  SINCE SEP 1    109                       128    -19       48
  SINCE JUL 1    145                       272   -127       91

 COOLING
  YESTERDAY        1                         0      1        0
  MONTH TO DATE    4                        10     -6       69
  SINCE SEP 1      4                        10     -6       69
  SINCE JAN 1    350                       185    165      310
..................................................................


WIND (MPH)
  HIGHEST WIND SPEED    25   HIGHEST WIND DIRECTION    SW (240)
  HIGHEST GUST SPEED    33   HIGHEST GUST DIRECTION     W (250)
  AVERAGE WIND SPEED     8.1


SKY COVER
  POSSIBLE SUNSHINE  MM
  AVERAGE SKY COVER 0.5


WEATHER CONDITIONS
 THE FOLLOWING WEATHER WAS RECORDED YESTERDAY.
  HAZE


RELATIVE HUMIDITY (PERCENT)
 HIGHEST    77           600 AM
 LOWEST     28           100 PM
 AVERAGE    53

..........................................................


THE DEER_PARK WA AIRPORT CLIMATE NORMALS FOR TODAY
                         NORMAL    RECORD    YEAR
 MAXIMUM TEMPERATURE (F)   72        MM        MM
 MINIMUM TEMPERATURE (F)   38        MM        MM


SUNRISE AND SUNSET
SEPTEMBER 19 2014.....SUNRISE   632 AM PDT   SUNSET   653 PM PDT
SEPTEMBER 20 2014.....SUNRISE   634 AM PDT   SUNSET   651 PM PDT


-  INDICATES NEGATIVE NUMBERS.
R  INDICATES RECORD WAS SET OR TIED.
MM INDICATES DATA IS MISSING.
T  INDICATES TRACE AMOUNT.




$$
