013
CDUS44 KFWD 200650
CLIDFW


CLIMATE REPORT
NATIONAL WEATHER SERVICE FORT WORTH TX
1249 AM CST MON NOV 20 2017

...THE DALLAS FORT WORTH CLIMATE SUMMARY FOR NOVEMBER 19 2017...

CLIMATE NORMAL PERIOD 1981 TO 2010
CLIMATE RECORD PERIOD 1898 TO 2017


WEATHER ITEM   OBSERVED TIME   RECORD YEAR NORMAL DEPARTURE LAST
                VALUE   (LST)  VALUE       VALUE  FROM      YEAR
                                                  NORMAL
..................................................................
TEMPERATURE (F)
 YESTERDAY
  MAXIMUM         63    245 PM  87    1950  65     -2       59
  MINIMUM         38    701 AM  20    1903  45     -7       38
  AVERAGE         51                        55     -4       49

PRECIPITATION (IN)
  YESTERDAY        0.00          2.77 1907   0.08  -0.08     0.00
  MONTH TO DATE    0.81                      1.88  -1.07     2.41
  SINCE SEP 1      3.40                      8.65  -5.25     5.40
  SINCE JAN 1     32.06                     32.76  -0.70    34.07

SNOWFALL (IN)
  YESTERDAY        0.0           T    1930   0.0    0.0      0.0
  MONTH TO DATE    0.0                       0.0    0.0      0.0
  SINCE SEP 1      0.0                       0.0    0.0      0.0
  SINCE JUL 1      0.0                       0.0    0.0      0.0
  SNOW DEPTH       0

DEGREE DAYS
 HEATING
  YESTERDAY       14                        10      4       16
  MONTH TO DATE   70                       142    -72       33
  SINCE SEP 1    129                       214    -85       34
  SINCE JUL 1    129                       214    -85       34

 COOLING
  YESTERDAY        0                         1     -1        0
  MONTH TO DATE   71                        27     44       60
  SINCE SEP 1    756                       568    188      852
  SINCE JAN 1   3257                      2750    507     3203
..................................................................


WIND (MPH)
  HIGHEST WIND SPEED    12   HIGHEST WIND DIRECTION    NW (310)
  HIGHEST GUST SPEED    14   HIGHEST GUST DIRECTION    NW (320)
  AVERAGE WIND SPEED     4.6


SKY COVER
  POSSIBLE SUNSHINE  MM
  AVERAGE SKY COVER 0.3


WEATHER CONDITIONS
 THE FOLLOWING WEATHER WAS RECORDED YESTERDAY.
  NO SIGNIFICANT WEATHER WAS OBSERVED.


RELATIVE HUMIDITY (PERCENT)
 HIGHEST    76           300 AM
 LOWEST     25           200 PM
 AVERAGE    51

..........................................................


THE DALLAS FORT WORTH CLIMATE NORMALS FOR TODAY
                         NORMAL    RECORD    YEAR
 MAXIMUM TEMPERATURE (F)   65        84      2007
 MINIMUM TEMPERATURE (F)   44        23      1937


SUNRISE AND SUNSET
NOVEMBER 20 2017......SUNRISE   703 AM CST   SUNSET   524 PM CST
NOVEMBER 21 2017......SUNRISE   704 AM CST   SUNSET   524 PM CST


-  INDICATES NEGATIVE NUMBERS.
R  INDICATES RECORD WAS SET OR TIED.
MM INDICATES DATA IS MISSING.
T  INDICATES TRACE AMOUNT.




$$
