000
CDUS44 KFWD 270702
CLIDFW


CLIMATE REPORT
NATIONAL WEATHER SERVICE FORT WORTH TX
201 AM CDT TUE SEP 27 2016


...................................

...THE DALLAS FORT WORTH CLIMATE SUMMARY FOR SEPTEMBER 26 2016...

CLIMATE NORMAL PERIOD 1981 TO 2010
CLIMATE RECORD PERIOD 1898 TO 2016


WEATHER ITEM   OBSERVED TIME   RECORD YEAR NORMAL DEPARTURE LAST
                VALUE   (LST)  VALUE       VALUE  FROM      YEAR
                                                  NORMAL
..................................................................
TEMPERATURE (F)
 YESTERDAY
  MAXIMUM         72   1205 AM 100    1977  85    -13       91
  MINIMUM         63    243 PM  45    1942  64     -1       67
                                      1912
  AVERAGE         68                        74     -6       79

PRECIPITATION (IN)
  YESTERDAY        T             2.50 1973   0.08  -0.08     0.00
  MONTH TO DATE    0.98                      2.25  -1.27     2.14
  SINCE SEP 1      0.98                      2.25  -1.27     2.14
  SINCE JAN 1     29.65                     26.36   3.29    39.10

DEGREE DAYS
 HEATING
  YESTERDAY        0                         0      0        0
  MONTH TO DATE    0                         0      0        0
  SINCE SEP 1      0                         0      0        0
  SINCE JUL 1      0                         0      0        0

 COOLING
  YESTERDAY        3                        10     -7       14
  MONTH TO DATE  474                       360    114      476
  SINCE SEP 1    474                       360    114      476
  SINCE JAN 1   2825                      2542    283     2708
..................................................................


WIND (MPH)
  HIGHEST WIND SPEED    23   HIGHEST WIND DIRECTION     N (20)
  HIGHEST GUST SPEED    32   HIGHEST GUST DIRECTION     N (20)
  AVERAGE WIND SPEED    11.8


SKY COVER
  POSSIBLE SUNSHINE  MM
  AVERAGE SKY COVER 1.0


WEATHER CONDITIONS
 THE FOLLOWING WEATHER WAS RECORDED YESTERDAY.
  LIGHT RAIN
  FOG


RELATIVE HUMIDITY (PERCENT)
 HIGHEST    84          1200 AM
 LOWEST     61           800 AM
 AVERAGE    73

..........................................................


THE DALLAS FORT WORTH CLIMATE NORMALS FOR TODAY
                         NORMAL    RECORD    YEAR
 MAXIMUM TEMPERATURE (F)   84       103      1953
 MINIMUM TEMPERATURE (F)   63        40      1942


SUNRISE AND SUNSET
SEPTEMBER 27 2016.....SUNRISE   720 AM CDT   SUNSET   717 PM CDT
SEPTEMBER 28 2016.....SUNRISE   721 AM CDT   SUNSET   716 PM CDT


-  INDICATES NEGATIVE NUMBERS.
R  INDICATES RECORD WAS SET OR TIED.
MM INDICATES DATA IS MISSING.
T  INDICATES TRACE AMOUNT.




$$
