000
CDUS44 KFWD 022127
CLIDFW


CLIMATE REPORT
NATIONAL WEATHER SERVICE FORT WORTH TX
427 PM CDT TUE JUN 2 2015


...................................

...THE DALLAS FORT WORTH CLIMATE SUMMARY FOR JUNE 2 2015...
VALID AS OF 0400 PM LOCAL TIME.

CLIMATE NORMAL PERIOD 1981 TO 2010
CLIMATE RECORD PERIOD 1898 TO 2015


WEATHER ITEM   OBSERVED TIME   RECORD YEAR NORMAL DEPARTURE LAST
                VALUE   (LST)  VALUE       VALUE  FROM      YEAR
                                                  NORMAL
..................................................................
TEMPERATURE (F)
 TODAY
  MAXIMUM         87    259 PM 104    1910  88     -1       92
  MINIMUM         65    552 AM  52    1919  69     -4       75
  AVERAGE         76

PRECIPITATION (IN)
  TODAY            0.00          2.50 1928   0.15  -0.15     0.00
  MONTH TO DATE    0.00                      0.30  -0.30     0.00
  SINCE JUN 1      0.00                      0.30  -0.30     0.00
  SINCE JAN 1     31.63                     16.55  15.08     7.33

..................................................................


WIND (MPH)
  HIGHEST WIND SPEED    15   HIGHEST WIND DIRECTION     S (170)
  HIGHEST GUST SPEED    20   HIGHEST GUST DIRECTION     S (170)
  AVERAGE WIND SPEED     6.4




..........................................................


THE DALLAS FORT WORTH CLIMATE NORMALS FOR TOMORROW
                         NORMAL    RECORD    YEAR
 MAXIMUM TEMPERATURE (F)   89       100      1913
 MINIMUM TEMPERATURE (F)   69        52      1970
                                             1946
                                             1919


SUNRISE AND SUNSET
JUNE  2 2015..........SUNRISE   620 AM CDT   SUNSET   832 PM CDT
JUNE  3 2015..........SUNRISE   620 AM CDT   SUNSET   833 PM CDT


-  INDICATES NEGATIVE NUMBERS.
R  INDICATES RECORD WAS SET OR TIED.
MM INDICATES DATA IS MISSING.
T  INDICATES TRACE AMOUNT.




$$
