000
CDUS44 KFWD 272121
CLIDFW


CLIMATE REPORT
NATIONAL WEATHER SERVICE FORT WORTH TX
420 PM CDT SAT AUG 27 2016

...................................

...THE DALLAS FORT WORTH CLIMATE SUMMARY FOR AUGUST 27 2016...
VALID AS OF 400 PM LOCAL TIME.

CLIMATE NORMAL PERIOD 1981 TO 2010
CLIMATE RECORD PERIOD 1898 TO 2016


WEATHER ITEM   OBSERVED TIME   RECORD YEAR NORMAL DEPARTURE LAST
                VALUE   (LST)  VALUE       VALUE  FROM      YEAR
                                                  NORMAL
..................................................................
TEMPERATURE (F)
 TODAY
  MAXIMUM         92    259 PM 107    1901  95     -3       97
  MINIMUM         73    554 AM  61    1906  74     -1       72
  AVERAGE         83

PRECIPITATION (IN)
  TODAY            0.00          0.81 1920   0.08  -0.08     0.00
  MONTH TO DATE    4.34                      1.58   2.76     0.46
  SINCE JUN 1     11.83                      7.53   4.30     5.33
  SINCE JAN 1     28.59                     23.78   4.81    36.96

..................................................................

WIND (MPH)
  HIGHEST WIND SPEED    10   HIGHEST WIND DIRECTION    SW (220)
  HIGHEST GUST SPEED    16   HIGHEST GUST DIRECTION     E (110)
  AVERAGE WIND SPEED     5.4

..........................................................

THE DALLAS FORT WORTH CLIMATE NORMALS FOR TOMORROW
                         NORMAL    RECORD    YEAR
 MAXIMUM TEMPERATURE (F)   94       108      1901
 MINIMUM TEMPERATURE (F)   74        56      1906


SUNRISE AND SUNSET
AUGUST 27 2016........SUNRISE   700 AM CDT   SUNSET   759 PM CDT
AUGUST 28 2016........SUNRISE   700 AM CDT   SUNSET   757 PM CDT


-  INDICATES NEGATIVE NUMBERS.
R  INDICATES RECORD WAS SET OR TIED.
MM INDICATES DATA IS MISSING.
T  INDICATES TRACE AMOUNT.


$$
