000
CDUS44 KFWD 222135
CLIDFW

CLIMATE REPORT
NATIONAL WEATHER SERVICE FORT WORTH TX
434 PM CDT MON SEP 22 2014


...................................

...THE DALLAS FORT WORTH CLIMATE SUMMARY FOR SEPTEMBER 22 2014...
VALID AS OF 0400 PM LOCAL TIME.

CLIMATE NORMAL PERIOD 1981 TO 2010
CLIMATE RECORD PERIOD 1898 TO 2014


WEATHER ITEM   OBSERVED TIME   RECORD YEAR NORMAL DEPARTURE LAST
                VALUE   (LST)  VALUE       VALUE  FROM      YEAR
                                                  NORMAL
..................................................................
TEMPERATURE (F)
 TODAY
  MAXIMUM         88    256 PM 101    2005  86      2       83
  MINIMUM         73    543 AM  45    1983  65      8       60
  AVERAGE         81

PRECIPITATION (IN)
  TODAY            0.00          1.47 1914   0.08  -0.08     0.00
  MONTH TO DATE    0.06                      1.93  -1.87     2.29
  SINCE SEP 1      0.06                      1.93  -1.87     2.29
  SINCE JAN 1     15.97                     26.04 -10.07    20.96

..................................................................


WIND (MPH)
  HIGHEST WIND SPEED    18   HIGHEST WIND DIRECTION     E (70)
  HIGHEST GUST SPEED    23   HIGHEST GUST DIRECTION     E (70)
  AVERAGE WIND SPEED    10.4




..........................................................


THE DALLAS FORT WORTH CLIMATE NORMALS FOR TOMORROW
                         NORMAL    RECORD    YEAR
 MAXIMUM TEMPERATURE (F)   86        99      2005
                                             1926
 MINIMUM TEMPERATURE (F)   65        44      1995


SUNRISE AND SUNSET
SEPTEMBER 22 2014.....SUNRISE   716 AM CDT   SUNSET   725 PM CDT
SEPTEMBER 23 2014.....SUNRISE   717 AM CDT   SUNSET   723 PM CDT


-  INDICATES NEGATIVE NUMBERS.
R  INDICATES RECORD WAS SET OR TIED.
MM INDICATES DATA IS MISSING.
T  INDICATES TRACE AMOUNT.




$$
