000
CDUS44 KFWD 240637
CLIDFW

CLIMATE REPORT
NATIONAL WEATHER SERVICE FORT WORTH TX
1236 AM CST MON NOV 24 2014


...................................

...THE DALLAS FORT WORTH CLIMATE SUMMARY FOR NOVEMBER 23 2014...

CLIMATE NORMAL PERIOD 1981 TO 2010
CLIMATE RECORD PERIOD 1898 TO 2014


WEATHER ITEM   OBSERVED TIME   RECORD YEAR NORMAL DEPARTURE LAST
                VALUE   (LST)  VALUE       VALUE  FROM      YEAR
                                                  NORMAL
..................................................................
TEMPERATURE (F)
 YESTERDAY
  MAXIMUM         77    237 PM  82    2005  64     13       43
                                      1921
                                      1904
  MINIMUM         48   1159 PM  22    1975  43      5       36
  AVERAGE         63                        53     10       40

PRECIPITATION (IN)
  YESTERDAY        0.00          1.66 1952   0.08  -0.08      T
  MONTH TO DATE    2.13                      2.19  -0.06     1.58
  SINCE SEP 1      4.28                      8.96  -4.68     7.43
  SINCE JAN 1     20.19                     33.07 -12.88    26.10

SNOWFALL (IN)
  YESTERDAY        0.0           T    1940   0.0    0.0      0.0
  MONTH TO DATE    T                         0.0    0.0       T
  SINCE SEP 1      T                         0.0    0.0       T
  SINCE JUL 1      T                         0.0    0.0       T
  SNOW DEPTH       0

DEGREE DAYS
 HEATING
  YESTERDAY        2                        12    -10       25
  MONTH TO DATE  329                       188    141      195
  SINCE SEP 1    342                       260     82      239
  SINCE JUL 1    342                       260     82      239

 COOLING
  YESTERDAY        0                         0      0        0
  MONTH TO DATE    0                        27    -27       18
  SINCE SEP 1    690                       568    122      702
  SINCE JAN 1   2946                      2750    196     2930
..................................................................


WIND (MPH)
  HIGHEST WIND SPEED    31   HIGHEST WIND DIRECTION     W (290)
  HIGHEST GUST SPEED    42   HIGHEST GUST DIRECTION     W (290)
  AVERAGE WIND SPEED    15.7


SKY COVER
  POSSIBLE SUNSHINE  MM
  AVERAGE SKY COVER 0.4


WEATHER CONDITIONS
 THE FOLLOWING WEATHER WAS RECORDED YESTERDAY.
  FOG
  HAZE


RELATIVE HUMIDITY (PERCENT)
 HIGHEST   100          1200 AM
 LOWEST     21           300 PM
 AVERAGE    61

..........................................................


THE DALLAS FORT WORTH CLIMATE NORMALS FOR TODAY
                         NORMAL    RECORD    YEAR
 MAXIMUM TEMPERATURE (F)   63        87      1965
                                             1910
 MINIMUM TEMPERATURE (F)   43        22      1950


SUNRISE AND SUNSET
NOVEMBER 24 2014......SUNRISE   707 AM CST   SUNSET   523 PM CST
NOVEMBER 25 2014......SUNRISE   708 AM CST   SUNSET   522 PM CST


-  INDICATES NEGATIVE NUMBERS.
R  INDICATES RECORD WAS SET OR TIED.
MM INDICATES DATA IS MISSING.
T  INDICATES TRACE AMOUNT.




$$
