000
CDUS44 KFWD 010638
CLIDFW


CLIMATE REPORT
NATIONAL WEATHER SERVICE FORT WORTH TX
1237 AM CST WED MAR 1 2017


...................................

...THE DALLAS FORT WORTH CLIMATE SUMMARY FOR FEBRUARY 28 2017...

CLIMATE NORMAL PERIOD 1981 TO 2010
CLIMATE RECORD PERIOD 1898 TO 2017


WEATHER ITEM   OBSERVED TIME   RECORD YEAR NORMAL DEPARTURE LAST
                VALUE   (LST)  VALUE       VALUE  FROM      YEAR
                                                  NORMAL
..................................................................
TEMPERATURE (F)
 YESTERDAY
  MAXIMUM         83    347 PM  88    1932  63     20       76
  MINIMUM         69    204 AM  19    1962  43     26       54
  AVERAGE         76                        53     23       65

PRECIPITATION (IN)
  YESTERDAY        0.00          0.92 2001   0.11  -0.11     0.00
  MONTH TO DATE    2.33                      2.66  -0.33     2.20
  SINCE DEC 1      7.32                      7.34  -0.02     7.07
  SINCE JAN 1      6.72                      4.79   1.93     3.24

SNOWFALL (IN)
  YESTERDAY        0.0           T    2015   0.0    0.0      0.0
                                      2001
                                      1996
  MONTH TO DATE    0.0                       0.9   -0.9      0.0
  SINCE DEC 1      0.1                       1.4   -1.3       T
  SINCE JUL 1      0.1                       1.4   -1.3       T
  SNOW DEPTH       0

DEGREE DAYS
 HEATING
  YESTERDAY        0                        12    -12        0
  MONTH TO DATE  175                       427   -252      289
  SINCE DEC 1   1086                      1578   -492     1195
  SINCE JUL 1   1188                      1932   -744     1410

 COOLING
  YESTERDAY       11                         0     11        0
  MONTH TO DATE   62                         5     57       11
  SINCE DEC 1     84                        11     73       20
  SINCE JAN 1     68                         7     61       11
..................................................................


WIND (MPH)
  HIGHEST WIND SPEED    24   HIGHEST WIND DIRECTION     S (190)
  HIGHEST GUST SPEED    30   HIGHEST GUST DIRECTION     S (180)
  AVERAGE WIND SPEED    16.5


SKY COVER
  POSSIBLE SUNSHINE  MM
  AVERAGE SKY COVER 0.9


WEATHER CONDITIONS
 THE FOLLOWING WEATHER WAS RECORDED YESTERDAY.
  FOG
  HAZE


RELATIVE HUMIDITY (PERCENT)
 HIGHEST    90           200 AM
 LOWEST     51           400 PM
 AVERAGE    71

..........................................................


THE DALLAS FORT WORTH CLIMATE NORMALS FOR TODAY
                         NORMAL    RECORD    YEAR
 MAXIMUM TEMPERATURE (F)   64        93      2006
 MINIMUM TEMPERATURE (F)   43        18      1922


SUNRISE AND SUNSET
MARCH  1 2017.........SUNRISE   656 AM CST   SUNSET   626 PM CST
MARCH  2 2017.........SUNRISE   654 AM CST   SUNSET   626 PM CST


-  INDICATES NEGATIVE NUMBERS.
R  INDICATES RECORD WAS SET OR TIED.
MM INDICATES DATA IS MISSING.
T  INDICATES TRACE AMOUNT.




$$
