000
CDUS43 KDDC 302336
CLIDGC


CLIMATE REPORT
NATIONAL WEATHER SERVICE DODGE CITY KS
632 PM CDT FRI SEP 30 2016


...................................

...THE DODGE CITY KS CLIMATE SUMMARY FOR SEPTEMBER 30 2016...
VALID TODAY AS OF 0500 PM LOCAL TIME.

CLIMATE NORMAL PERIOD 1981 TO 2010
CLIMATE RECORD PERIOD 1875 TO 2016


WEATHER ITEM   OBSERVED TIME   RECORD YEAR NORMAL DEPARTURE LAST
                VALUE   (LST)  VALUE       VALUE  FROM      YEAR
                                                  NORMAL
..................................................................
TEMPERATURE (F)
 TODAY
  MAXIMUM         78    405 PM  96    1994  76      2       65
  MINIMUM         46    639 AM  29    1985  50     -4       55
  AVERAGE         62                        63     -1       60

PRECIPITATION (IN)
  TODAY            0.00          0.48 1915   0.04  -0.04     0.00
  MONTH TO DATE    0.31                      1.67  -1.36     1.01
  SINCE SEP 1      0.31                      1.67  -1.36     1.01
  SINCE JAN 1     22.32                     18.26   4.06    20.70

SNOWFALL (IN)
  TODAY            0.0           0.0  2002   0.0    0.0      0.0
                                      2001
  MONTH TO DATE    0.0                       0.0    0.0      0.0
  SINCE SEP 1      0.0                       0.0    0.0      0.0
  SINCE JUL 1      0.0                       0.0    0.0      0.0
  SNOW DEPTH       0

DEGREE DAYS
 HEATING
  TODAY            3                         5     -2        5
  MONTH TO DATE   26                        61    -35       11
  SINCE SEP 1     26                        61    -35       11
  SINCE JUL 1     26                        65    -39       13

 COOLING
  TODAY            0                         3     -3        0
  MONTH TO DATE  242                       187     55      292
  SINCE SEP 1    242                       187     55      292
  SINCE JAN 1   1496                      1433     63     1490
..................................................................


WIND (MPH)
  HIGHEST WIND SPEED    17   HIGHEST WIND DIRECTION    SE (150)
  HIGHEST GUST SPEED    23   HIGHEST GUST DIRECTION    SE (150)
  AVERAGE WIND SPEED    10.2


SKY COVER
  POSSIBLE SUNSHINE  MM
  AVERAGE SKY COVER 0.0


WEATHER CONDITIONS
 THE FOLLOWING WEATHER WAS RECORDED TODAY.
  NO SIGNIFICANT WEATHER WAS OBSERVED.


RELATIVE HUMIDITY (PERCENT)
 HIGHEST    93           600 AM
 LOWEST     33           200 PM
 AVERAGE    63

..........................................................


THE DODGE CITY KS CLIMATE NORMALS FOR TOMORROW
                         NORMAL    RECORD    YEAR
 MAXIMUM TEMPERATURE (F)   76        96      2006
                                             2000
 MINIMUM TEMPERATURE (F)   49        24      1876


SUNRISE AND SUNSET
SEPTEMBER 30 2016.....SUNRISE   735 AM CDT   SUNSET   724 PM CDT
OCTOBER  1 2016.......SUNRISE   736 AM CDT   SUNSET   722 PM CDT


-  INDICATES NEGATIVE NUMBERS.
R  INDICATES RECORD WAS SET OR TIED.
MM INDICATES DATA IS MISSING.
T  INDICATES TRACE AMOUNT.




$$
