000
CDUS43 KDDC 011445
CLIDGC


CLIMATE REPORT
NATIONAL WEATHER SERVICE DODGE CITY KS
945 AM CDT WED OCT 1 2014


...................................

...THE DODGE CITY KS CLIMATE SUMMARY FOR OCTOBER 1 2014...
VALID AS OF 0800 AM LOCAL TIME.

CLIMATE NORMAL PERIOD 1981 TO 2010
CLIMATE RECORD PERIOD 1875 TO 2014


WEATHER ITEM   OBSERVED TIME   RECORD YEAR NORMAL DEPARTURE LAST
                VALUE   (LST)  VALUE       VALUE  FROM      YEAR
                                                  NORMAL
..................................................................
TEMPERATURE (F)
 TODAY
  MAXIMUM         62    759 AM  96    2006  76    -14       82
                                      2000
  MINIMUM         52    700 AM  24    1876  49      3       51
  AVERAGE         57                        62     -5       67

PRECIPITATION (IN)
  TODAY            0.00          1.53 1998   0.06  -0.06     0.00
  MONTH TO DATE    0.00                      0.06  -0.06     0.00
  SINCE SEP 1      1.66                      1.73  -0.07     1.12
  SINCE JAN 1     19.89                     18.32   1.57    16.60

SNOWFALL (IN)
  TODAY            0.0           0.0  2002   0.0    0.0      0.0
                                      2001
  MONTH TO DATE    0.0                       0.0    0.0      0.0
  SINCE SEP 1      0.0                       0.0    0.0      0.0
  SINCE JUL 1      0.0                       0.0    0.0      0.0
  SNOW DEPTH       0

..................................................................


WIND (MPH)
  HIGHEST WIND SPEED     8   HIGHEST WIND DIRECTION     N (360)
  HIGHEST GUST SPEED    10   HIGHEST GUST DIRECTION     N (350)
  AVERAGE WIND SPEED     5.0



WEATHER CONDITIONS
 THE FOLLOWING WEATHER WAS RECORDED TODAY.
  HAZE


RELATIVE HUMIDITY (PERCENT)
 HIGHEST    77           200 AM
 LOWEST     55           800 AM

..........................................................


THE DODGE CITY KS CLIMATE NORMALS FOR TOMORROW
                         NORMAL    RECORD    YEAR
 MAXIMUM TEMPERATURE (F)   75        95      1997
 MINIMUM TEMPERATURE (F)   49        34      2004


SUNRISE AND SUNSET
OCTOBER  1 2014.......SUNRISE   735 AM CDT   SUNSET   723 PM CDT
OCTOBER  2 2014.......SUNRISE   736 AM CDT   SUNSET   721 PM CDT


-  INDICATES NEGATIVE NUMBERS.
R  INDICATES RECORD WAS SET OR TIED.
MM INDICATES DATA IS MISSING.
T  INDICATES TRACE AMOUNT.




$$
