000
CDUS43 KDDC 232326
CLIDGC


CLIMATE REPORT
NATIONAL WEATHER SERVICE DODGE CITY KS
626 PM CDT SUN JUL 23 2017


...................................

...THE DODGE CITY KS CLIMATE SUMMARY FOR JULY 23 2017...
VALID TODAY AS OF 0500 PM LOCAL TIME.

CLIMATE NORMAL PERIOD 1981 TO 2010
CLIMATE RECORD PERIOD 1875 TO 2017


WEATHER ITEM   OBSERVED TIME   RECORD YEAR NORMAL DEPARTURE LAST
                VALUE   (LST)  VALUE       VALUE  FROM      YEAR
                                                  NORMAL
..................................................................
TEMPERATURE (F)
 TODAY
  MAXIMUM         93    458 PM 109    1936  93      0      101
  MINIMUM         67    343 AM  55    1904  67      0       72
  AVERAGE         80                        80      0       87

PRECIPITATION (IN)
  TODAY            T             2.77 1979   0.11  -0.11     0.00
  MONTH TO DATE    1.82                      2.28  -0.46     4.82
  SINCE JUN 1      4.94                      5.52  -0.58     7.53
  SINCE JAN 1     22.37                     13.04   9.33    18.65

SNOWFALL (IN)
  TODAY            0.0           0.0  2002   0.0    0.0      0.0
                                      2001
  MONTH TO DATE    0.0                       0.0    0.0      0.0
  SINCE JUN 1      0.0                       0.0    0.0      0.0
  SINCE JUL 1      0.0                       0.0    0.0      0.0
  SNOW DEPTH       0

DEGREE DAYS
 HEATING
  TODAY            0                         0      0        0
  MONTH TO DATE    0                         0      0        0
  SINCE JUN 1      0                        13    -13        1
  SINCE JUL 1      0                         0      0        0

 COOLING
  TODAY           15                        15      0       22
  MONTH TO DATE  378                       333     45      355
  SINCE JUN 1    699                       611     88      706
  SINCE JAN 1    801                       720     81      764
..................................................................


WIND (MPH)
  HIGHEST WIND SPEED    14   HIGHEST WIND DIRECTION    NE (60)
  HIGHEST GUST SPEED    18   HIGHEST GUST DIRECTION     E (70)
  AVERAGE WIND SPEED     6.4


SKY COVER
  POSSIBLE SUNSHINE  MM
  AVERAGE SKY COVER 0.0


WEATHER CONDITIONS
 THE FOLLOWING WEATHER WAS RECORDED TODAY.
  FOG


RELATIVE HUMIDITY (PERCENT)
 HIGHEST    93           600 AM
 LOWEST     36           400 PM
 AVERAGE    65

..........................................................


THE DODGE CITY KS CLIMATE NORMALS FOR TOMORROW
                         NORMAL    RECORD    YEAR
 MAXIMUM TEMPERATURE (F)   93       106      1940
                                             1936
 MINIMUM TEMPERATURE (F)   67        55      1911


SUNRISE AND SUNSET
JULY 23 2017..........SUNRISE   636 AM CDT   SUNSET   856 PM CDT
JULY 24 2017..........SUNRISE   637 AM CDT   SUNSET   855 PM CDT


-  INDICATES NEGATIVE NUMBERS.
R  INDICATES RECORD WAS SET OR TIED.
MM INDICATES DATA IS MISSING.
T  INDICATES TRACE AMOUNT.




$$
