000
CDUS43 KDDC 281425
CLIDGC


CLIMATE REPORT
NATIONAL WEATHER SERVICE DODGE CITY KS
825 AM CST TUE FEB 28 2017


...................................

...THE DODGE CITY KS CLIMATE SUMMARY FOR FEBRUARY 28 2017...
VALID AS OF 0800 AM LOCAL TIME.

CLIMATE NORMAL PERIOD 1981 TO 2010
CLIMATE RECORD PERIOD 1875 TO 2017


WEATHER ITEM   OBSERVED TIME   RECORD YEAR NORMAL DEPARTURE LAST
                VALUE   (LST)  VALUE       VALUE  FROM      YEAR
                                                  NORMAL
..................................................................
TEMPERATURE (F)
 TODAY
  MAXIMUM         48   1246 AM  85    2006  52     -4       65
  MINIMUM         35    615 AM  -7    1962  27      8       32
  AVERAGE         42                        40      2       49

PRECIPITATION (IN)
  TODAY            0.00          0.43 1927   0.03  -0.03     0.00
  MONTH TO DATE    0.01                      0.68  -0.67     0.31
  SINCE DEC 1      3.19                      2.10   1.09     3.02
  SINCE JAN 1      2.57                      1.26   1.31     0.59

SNOWFALL (IN)
  TODAY            0.0           5.0  1922   0.1   -0.1      0.0
  MONTH TO DATE    0.0                       3.9   -3.9      0.1
  SINCE DEC 1      5.0                      12.9   -7.9      8.9
  SINCE JUL 1      5.0                      15.1  -10.1     10.0
  SNOW DEPTH       0

..................................................................


WIND (MPH)
  HIGHEST WIND SPEED    15   HIGHEST WIND DIRECTION    SW (210)
  HIGHEST GUST SPEED    17   HIGHEST GUST DIRECTION    SW (210)
  AVERAGE WIND SPEED     9.3



WEATHER CONDITIONS
 THE FOLLOWING WEATHER WAS RECORDED TODAY.
  NO SIGNIFICANT WEATHER WAS OBSERVED.


RELATIVE HUMIDITY (PERCENT)
 HIGHEST    52           800 AM
 LOWEST     28          1200 AM

..........................................................


THE DODGE CITY KS CLIMATE NORMALS FOR TOMORROW
                         NORMAL    RECORD    YEAR
 MAXIMUM TEMPERATURE (F)   53        79      1967
 MINIMUM TEMPERATURE (F)   27        -9      1903


SUNRISE AND SUNSET
FEBRUARY 28 2017......SUNRISE   712 AM CST   SUNSET   633 PM CST
MARCH  1 2017.........SUNRISE   711 AM CST   SUNSET   634 PM CST


-  INDICATES NEGATIVE NUMBERS.
R  INDICATES RECORD WAS SET OR TIED.
MM INDICATES DATA IS MISSING.
T  INDICATES TRACE AMOUNT.




$$
