000
CDUS43 KDDC 280708
CLIDGC


CLIMATE REPORT
NATIONAL WEATHER SERVICE DODGE CITY KS
206 AM CDT SUN MAY 28 2017


...................................

...THE DODGE CITY KS CLIMATE SUMMARY FOR MAY 27 2017...

CLIMATE NORMAL PERIOD 1981 TO 2010
CLIMATE RECORD PERIOD 1875 TO 2017


WEATHER ITEM   OBSERVED TIME   RECORD YEAR NORMAL DEPARTURE LAST
                VALUE   (LST)  VALUE       VALUE  FROM      YEAR
                                                  NORMAL
..................................................................
TEMPERATURE (F)
 YESTERDAY
  MAXIMUM         78    233 PM 100    2013  80     -2       75
  MINIMUM         56   1159 PM  30    1907  55      1       55
  AVERAGE         67                        68     -1       65

PRECIPITATION (IN)
  YESTERDAY        0.05          1.54 1944   0.10  -0.05     0.01
  MONTH TO DATE    4.57                      2.40   2.17     1.60
  SINCE MAR 1     14.81                      5.81   9.00     9.72
  SINCE JAN 1     17.38                      7.07  10.31    10.31

SNOWFALL (IN)
  YESTERDAY        0.0           0.0  2002   0.0    0.0      0.0
                                      2001
  MONTH TO DATE    0.0                       0.0    0.0      0.0
  SINCE MAR 1      2.5                       6.0   -3.5      0.4
  SINCE JUL 1      7.5                      21.1  -13.6     10.4
  SNOW DEPTH       0

DEGREE DAYS
 HEATING
  YESTERDAY        0                         2     -2        0
  MONTH TO DATE  142                       109     33      160
  SINCE MAR 1    936                      1101   -165      975
  SINCE JUL 1   4170                      4948   -778     4337

 COOLING
  YESTERDAY        2                         4     -2        0
  MONTH TO DATE   49                        69    -20       41
  SINCE MAR 1     90                        88      2       50
  SINCE JAN 1     90                        88      2       52
..................................................................


WIND (MPH)
  HIGHEST WIND SPEED    24   HIGHEST WIND DIRECTION     N (20)
  HIGHEST GUST SPEED    31   HIGHEST GUST DIRECTION     N (10)
  AVERAGE WIND SPEED    13.2


SKY COVER
  POSSIBLE SUNSHINE  MM
  AVERAGE SKY COVER 0.7


WEATHER CONDITIONS
 THE FOLLOWING WEATHER WAS RECORDED YESTERDAY.
  THUNDERSTORM
  LIGHT RAIN
  FOG


RELATIVE HUMIDITY (PERCENT)
 HIGHEST    86           600 AM
 LOWEST     43           200 PM
 AVERAGE    65

..........................................................


THE DODGE CITY KS CLIMATE NORMALS FOR TODAY
                         NORMAL    RECORD    YEAR
 MAXIMUM TEMPERATURE (F)   80        98      1934
                                             1895
 MINIMUM TEMPERATURE (F)   56        37      1947


SUNRISE AND SUNSET
MAY 28 2017...........SUNRISE   621 AM CDT   SUNSET   854 PM CDT
MAY 29 2017...........SUNRISE   621 AM CDT   SUNSET   854 PM CDT


-  INDICATES NEGATIVE NUMBERS.
R  INDICATES RECORD WAS SET OR TIED.
MM INDICATES DATA IS MISSING.
T  INDICATES TRACE AMOUNT.




$$
