000
CDUS43 KDDC 012327
CLIDGC


CLIMATE REPORT
NATIONAL WEATHER SERVICE DODGE CITY KS
626 PM CDT SUN MAY 1 2016


...................................

...THE DODGE CITY KS CLIMATE SUMMARY FOR MAY 1 2016...
VALID TODAY AS OF 0500 PM LOCAL TIME.

CLIMATE NORMAL PERIOD 1981 TO 2010
CLIMATE RECORD PERIOD 1875 TO 2016


WEATHER ITEM   OBSERVED TIME   RECORD YEAR NORMAL DEPARTURE LAST
                VALUE   (LST)  VALUE       VALUE  FROM      YEAR
                                                  NORMAL
..................................................................
TEMPERATURE (F)
 TODAY
  MAXIMUM         47    356 PM  98    1992  73    -26       80
  MINIMUM         37   1207 AM  19    1909  46     -9       50
  AVERAGE         42                        59    -17       65

PRECIPITATION (IN)
  TODAY            0.00          2.15 1914   0.08  -0.08     0.00
  MONTH TO DATE    0.00                      0.08  -0.08     0.00
  SINCE MAR 1      8.12                      3.49   4.63     2.09
  SINCE JAN 1      8.71                      4.75   3.96     3.39

SNOWFALL (IN)
  TODAY            0.0           T    2013   0.0    0.0      0.0
                                      1954
  MONTH TO DATE    0.0                       0.0    0.0      0.0
  SINCE MAR 1      0.4                       6.0   -5.6       T
  SINCE JUL 1     10.4                      21.1  -10.7     21.4
  SNOW DEPTH       0

DEGREE DAYS
 HEATING
  TODAY           23                         7     16        0
  MONTH TO DATE   23                         7     16        0
  SINCE MAR 1    838                       999   -161      761
  SINCE JUL 1   4200                      4846   -646     4509

 COOLING
  TODAY            0                         1     -1        0
  MONTH TO DATE    0                         1     -1        0
  SINCE MAR 1      9                        20    -11       15
  SINCE JAN 1     11                        20     -9       15
..................................................................


WIND (MPH)
  HIGHEST WIND SPEED    28   HIGHEST WIND DIRECTION     N (360)
  HIGHEST GUST SPEED    35   HIGHEST GUST DIRECTION    NW (320)
  AVERAGE WIND SPEED    18.4


SKY COVER
  POSSIBLE SUNSHINE  MM
  AVERAGE SKY COVER 0.9


WEATHER CONDITIONS
 THE FOLLOWING WEATHER WAS RECORDED TODAY.
  NO SIGNIFICANT WEATHER WAS OBSERVED.


RELATIVE HUMIDITY (PERCENT)
 HIGHEST    85          1200 AM
 LOWEST     70          1100 AM
 AVERAGE    78

..........................................................


THE DODGE CITY KS CLIMATE NORMALS FOR TOMORROW
                         NORMAL    RECORD    YEAR
 MAXIMUM TEMPERATURE (F)   73        95      1965
                                             1902
 MINIMUM TEMPERATURE (F)   47        28      1967


SUNRISE AND SUNSET
MAY  1 2016...........SUNRISE   644 AM CDT   SUNSET   831 PM CDT
MAY  2 2016...........SUNRISE   642 AM CDT   SUNSET   832 PM CDT


-  INDICATES NEGATIVE NUMBERS.
R  INDICATES RECORD WAS SET OR TIED.
MM INDICATES DATA IS MISSING.
T  INDICATES TRACE AMOUNT.




$$
