000
CDUS45 KCYS 040730
CLIDGW


CLIMATE REPORT
NATIONAL WEATHER SERVICE CHEYENNE WY
128 AM MDT WED MAY 4 2016


...................................

...THE DOUGLAS WY AIRPORT CLIMATE SUMMARY FOR MAY 3 2016...

CLIMATE NORMAL PERIOD 1981 TO 2010
CLIMATE RECORD PERIOD 1998 TO 2016


WEATHER ITEM   OBSERVED TIME   RECORD YEAR NORMAL DEPARTURE LAST
                VALUE   (LST)  VALUE       VALUE  FROM      YEAR
                                                  NORMAL
..................................................................
TEMPERATURE (F)
 YESTERDAY
  MAXIMUM         71    304 PM  79    2014  63      8       69
                                      2004
  MINIMUM         36    515 AM  17    2008  34      2       46
  AVERAGE         54                        49      5       58

PRECIPITATION (IN)
  YESTERDAY        0.00          0.57 2007   0.08  -0.08     0.21
  MONTH TO DATE    0.00                      0.25  -0.25     0.21
  SINCE JAN 1      5.45                      3.40   2.05     4.84

DEGREE DAYS
 HEATING
  YESTERDAY       11                        16     -5        7
  MONTH TO DATE   57                        50      7       27
  SINCE MAR 1   1506                      1607   -101     1389
  SINCE JUL 1   6317                      7007   -690     6392

 COOLING
  YESTERDAY        0                         0      0        0
  MONTH TO DATE    0                         0      0        0
  SINCE MAR 1      0                         0      0        1
  SINCE JAN 1      0                         0      0        1
..................................................................


WIND (MPH)
  HIGHEST WIND SPEED    18   HIGHEST WIND DIRECTION     W (280)
  HIGHEST GUST SPEED    24   HIGHEST GUST DIRECTION     W (280)
  AVERAGE WIND SPEED     8.3


SKY COVER
  AVERAGE SKY COVER 0.1


WEATHER CONDITIONS
 THE FOLLOWING WEATHER WAS RECORDED YESTERDAY.
  NO SIGNIFICANT WEATHER WAS OBSERVED.


RELATIVE HUMIDITY (PERCENT)
 HIGHEST    92           500 AM
 LOWEST     28           300 PM
 AVERAGE    60

..........................................................


THE DOUGLAS WY AIRPORT CLIMATE NORMALS FOR TODAY
                         NORMAL    RECORD    YEAR
 MAXIMUM TEMPERATURE (F)   64        86      2000
 MINIMUM TEMPERATURE (F)   34        28      2008
                                             2002


SUNRISE AND SUNSET
MAY  4 2016...........SUNRISE   551 AM MDT   SUNSET   806 PM MDT
MAY  5 2016...........SUNRISE   550 AM MDT   SUNSET   807 PM MDT


-  INDICATES NEGATIVE NUMBERS.
R  INDICATES RECORD WAS SET OR TIED.
MM INDICATES DATA IS MISSING.
T  INDICATES TRACE AMOUNT.




$$
