000
CDUS45 KCYS 250750
CLIDGW


CLIMATE REPORT
NATIONAL WEATHER SERVICE CHEYENNE WY
149 AM MDT WED MAY 25 2016


...................................

...THE DOUGLAS WY AIRPORT CLIMATE SUMMARY FOR MAY 24 2016...

CLIMATE NORMAL PERIOD 1981 TO 2010
CLIMATE RECORD PERIOD 1998 TO 2016


WEATHER ITEM   OBSERVED TIME   RECORD YEAR NORMAL DEPARTURE LAST
                VALUE   (LST)  VALUE       VALUE  FROM      YEAR
                                                  NORMAL
..................................................................
TEMPERATURE (F)
 YESTERDAY
  MAXIMUM         69   1215 PM  79    2013  71     -2       63
                                      2006
  MINIMUM         34    423 AM  31    2001  41     -7       44
  AVERAGE         52                        56     -4       54

PRECIPITATION (IN)
  YESTERDAY        0.07          0.69 2015   0.09  -0.02     0.69
  MONTH TO DATE    1.69                      1.94  -0.25     3.28
  SINCE JAN 1      7.14                      5.09   2.05     7.91

DEGREE DAYS
 HEATING
  YESTERDAY       13                         9      4       11
  MONTH TO DATE  362                       316     46      396
  SINCE MAR 1   1811                      1873    -62     1758
  SINCE JUL 1   6622                      7273   -651     6761

 COOLING
  YESTERDAY        0                         0      0        0
  MONTH TO DATE    0                         0      0        0
  SINCE MAR 1      0                         0      0        1
  SINCE JAN 1      0                         0      0        1
..................................................................


WIND (MPH)
  HIGHEST WIND SPEED    26   HIGHEST WIND DIRECTION     W (260)
  HIGHEST GUST SPEED    34   HIGHEST GUST DIRECTION     W (260)
  AVERAGE WIND SPEED     8.7


SKY COVER
  AVERAGE SKY COVER 0.1


WEATHER CONDITIONS
 THE FOLLOWING WEATHER WAS RECORDED YESTERDAY.
  THUNDERSTORM
  LIGHT RAIN


RELATIVE HUMIDITY (PERCENT)
 HIGHEST    92           500 AM
 LOWEST     37          1000 AM
 AVERAGE    65

..........................................................


THE DOUGLAS WY AIRPORT CLIMATE NORMALS FOR TODAY
                         NORMAL    RECORD    YEAR
 MAXIMUM TEMPERATURE (F)   71        86      2013
 MINIMUM TEMPERATURE (F)   41        30      2002


SUNRISE AND SUNSET
MAY 25 2016...........SUNRISE   530 AM MDT   SUNSET   828 PM MDT
MAY 26 2016...........SUNRISE   529 AM MDT   SUNSET   829 PM MDT


-  INDICATES NEGATIVE NUMBERS.
R  INDICATES RECORD WAS SET OR TIED.
MM INDICATES DATA IS MISSING.
T  INDICATES TRACE AMOUNT.




$$
