000
CDUS45 KCYS 010733
CLIDGW


CLIMATE REPORT
NATIONAL WEATHER SERVICE CHEYENNE WY
132 AM MDT MON SEP 1 2014


...................................

...THE DOUGLAS WY AIRPORT CLIMATE SUMMARY FOR AUGUST 31 2014...

CLIMATE NORMAL PERIOD 1981 TO 2010
CLIMATE RECORD PERIOD 1998 TO 2014


WEATHER ITEM   OBSERVED TIME   RECORD YEAR NORMAL DEPARTURE LAST
                VALUE   (LST)  VALUE       VALUE  FROM      YEAR
                                                  NORMAL
..................................................................
TEMPERATURE (F)
 YESTERDAY
  MAXIMUM         73    103 PM  98    2011  83    -10       87
  MINIMUM         47   1159 PM  34    2005  49     -2       56
  AVERAGE         60                        66     -6       72

PRECIPITATION (IN)
  YESTERDAY        0.25R         0.08 2011   0.05   0.20     0.00
  MONTH TO DATE    1.70                      1.14   0.56     0.43
  SINCE JAN 1     10.68                     10.05   0.63     6.22

DEGREE DAYS
 HEATING
  YESTERDAY        5                         2      3        0
  MONTH TO DATE   23                        27     -4        0
  SINCE JUN 1    180                       151     29       56
  SINCE JUL 1     37                        41     -4        0

 COOLING
  YESTERDAY        0                         3     -3        7
  MONTH TO DATE  139                       176    -37      251
  SINCE JUN 1    372                       452    -80      635
  SINCE JAN 1    377                       458    -81      651
..................................................................


WIND (MPH)
  HIGHEST WIND SPEED    32   HIGHEST WIND DIRECTION     W (280)
  HIGHEST GUST SPEED    42   HIGHEST GUST DIRECTION     W (280)
  AVERAGE WIND SPEED     9.2


SKY COVER
  AVERAGE SKY COVER 0.4


WEATHER CONDITIONS
 THE FOLLOWING WEATHER WAS RECORDED YESTERDAY.
  THUNDERSTORM
  HEAVY RAIN
  RAIN
  LIGHT RAIN
  FOG


RELATIVE HUMIDITY (PERCENT)
 HIGHEST    93           400 AM
 LOWEST     37          1200 PM
 AVERAGE    65

..........................................................


THE DOUGLAS WY AIRPORT CLIMATE NORMALS FOR TODAY
                         NORMAL    RECORD    YEAR
 MAXIMUM TEMPERATURE (F)   82        93      2012
                                             2007
                                             2004
 MINIMUM TEMPERATURE (F)   48        39      2006
                                             2005


SUNRISE AND SUNSET
SEPTEMBER  1 2014.....SUNRISE   626 AM MDT   SUNSET   736 PM MDT
SEPTEMBER  2 2014.....SUNRISE   627 AM MDT   SUNSET   734 PM MDT


-  INDICATES NEGATIVE NUMBERS.
R  INDICATES RECORD WAS SET OR TIED.
MM INDICATES DATA IS MISSING.
T  INDICATES TRACE AMOUNT.




$$
