000
CDUS44 KTAE 250638
CLIDHN


CLIMATE REPORT
NATIONAL WEATHER SERVICE TALLAHASSEE FL
237 AM EDT FRI JUL 25 2014


...................................

...THE DOTHAN CLIMATE SUMMARY FOR JULY 24 2014...

CLIMATE NORMAL PERIOD 1981 TO 2010
CLIMATE RECORD PERIOD 1965 TO 2014


WEATHER ITEM   OBSERVED TIME   NORMAL DEPARTURE LAST
                VALUE   (LST)  VALUE  FROM      YEAR
                                      NORMAL
......................................................
TEMPERATURE (F)
 YESTERDAY
  MAXIMUM         90    108 PM  92     -2       88
  MINIMUM         72    435 AM  72      0       69
  AVERAGE         81            82     -1       79

PRECIPITATION (IN)
  YESTERDAY        0.26          0.21   0.05     1.27
  MONTH TO DATE    3.23          4.62  -1.39    17.51
  SINCE JUN 1      5.71         10.22  -4.51    22.10
  SINCE JAN 1     35.78         32.58   3.20    49.40

SNOWFALL (IN)
  YESTERDAY        0.0

DEGREE DAYS
 COOLING
  YESTERDAY       16            17     -1       14
  MONTH TO DATE  390           407    -17      334
  SINCE JUN 1    864           851     13      794
  SINCE JAN 1   1249          1264    -15     1166
......................................................










-  INDICATES NEGATIVE NUMBERS.
R  INDICATES RECORD WAS SET OR TIED.
MM INDICATES DATA IS MISSING.
T  INDICATES TRACE AMOUNT.




$$
