000
CDUS44 KTAE 210635
CLIDHN


CLIMATE REPORT
NATIONAL WEATHER SERVICE TALLAHASSEE FL
233 AM EDT FRI JUL 21 2017

...................................

...THE DOTHAN CLIMATE SUMMARY FOR JULY 20 2017...

CLIMATE NORMAL PERIOD 1981 TO 2010
CLIMATE RECORD PERIOD 1965 TO 2017


WEATHER ITEM   OBSERVED TIME   NORMAL DEPARTURE LAST
                VALUE   (LST)  VALUE  FROM      YEAR
                                      NORMAL
......................................................
TEMPERATURE (F)
 YESTERDAY
  MAXIMUM         96    339 PM  92      4       95
  MINIMUM         75    603 AM  72      3       72
  AVERAGE         86            82      4       84

PRECIPITATION (IN)
  YESTERDAY        0.00          0.17  -0.17     0.00
  MONTH TO DATE    1.93          3.86  -1.93     4.90
  SINCE JUN 1      7.32          9.46  -2.14     9.99
  SINCE JAN 1     34.57         31.82   2.75    34.41

SNOWFALL (IN)
  YESTERDAY        0.0

DEGREE DAYS
 COOLING
  YESTERDAY       21            17      4       19
  MONTH TO DATE  341           339      2      368
  SINCE JUN 1    750           783    -33      859
  SINCE JAN 1   1346          1196    150     1312
......................................................


WIND (MPH)
  HIGHEST WIND SPEED    12   HIGHEST WIND DIRECTION     N (360)
  HIGHEST GUST SPEED    15   HIGHEST GUST DIRECTION     N (360)
  AVERAGE WIND SPEED     4.0




-  INDICATES NEGATIVE NUMBERS.
R  INDICATES RECORD WAS SET OR TIED.
MM INDICATES DATA IS MISSING.
T  INDICATES TRACE AMOUNT.

$$
