608
CDUS44 KTAE 220632
CLIDHN


CLIMATE REPORT
NATIONAL WEATHER SERVICE TALLAHASSEE FL
132 AM EST WED NOV 22 2017


...................................

...THE DOTHAN CLIMATE SUMMARY FOR NOVEMBER 21 2017...

CLIMATE NORMAL PERIOD 1981 TO 2010
CLIMATE RECORD PERIOD 1965 TO 2017


WEATHER ITEM   OBSERVED TIME   NORMAL DEPARTURE LAST
                VALUE   (LST)  VALUE  FROM      YEAR
                                      NORMAL
......................................................
TEMPERATURE (F)
 YESTERDAY
  MAXIMUM         67    159 PM  69     -2       68
  MINIMUM         45   1209 AM  45      0       31
  AVERAGE         56            57     -1       50

PRECIPITATION (IN)
  YESTERDAY        0.01          0.17  -0.16     0.00
  MONTH TO DATE    0.47          2.60  -2.13      T
  SINCE SEP 1      6.40          9.60  -3.20     0.76
  SINCE JAN 1     47.65         47.99  -0.34    43.99

SNOWFALL (IN)
  YESTERDAY       MM

DEGREE DAYS
 HEATING
  YESTERDAY        9             9      0       15
  MONTH TO DATE  101           130    -29      103
  SINCE SEP 1    166           189    -23      115
  SINCE JUL 1    166           189    -23      115
......................................................


WIND (MPH)
  HIGHEST WIND SPEED     9   HIGHEST WIND DIRECTION     N (340)
  HIGHEST GUST SPEED    12   HIGHEST GUST DIRECTION     N (340)
  AVERAGE WIND SPEED     3.7








-  INDICATES NEGATIVE NUMBERS.
R  INDICATES RECORD WAS SET OR TIED.
MM INDICATES DATA IS MISSING.
T  INDICATES TRACE AMOUNT.




$$
