000
CDUS44 KTAE 250631
CLIDHN


CLIMATE REPORT
NATIONAL WEATHER SERVICE TALLAHASSEE FL
231 AM EDT FRI APR 25 2014


...................................

...THE DOTHAN CLIMATE SUMMARY FOR APRIL 24 2014...

CLIMATE NORMAL PERIOD 1981 TO 2010
CLIMATE RECORD PERIOD 1965 TO 2014


WEATHER ITEM   OBSERVED TIME   NORMAL DEPARTURE LAST
                VALUE   (LST)  VALUE  FROM      YEAR
                                      NORMAL
......................................................
TEMPERATURE (F)
 YESTERDAY
  MAXIMUM         85    226 PM  81      4       80
  MINIMUM         62    214 AM  56      6       56
  AVERAGE         74            68      6       68

PRECIPITATION (IN)
  YESTERDAY        0.00          0.08  -0.08      T
  MONTH TO DATE    8.42          3.05   5.37     3.75
  SINCE MAR 1     13.72          8.93   4.79     4.90
  SINCE JAN 1     21.45         18.33   3.12    25.90

SNOWFALL (IN)
  YESTERDAY        0.0

DEGREE DAYS
 HEATING
  YESTERDAY        0             1     -1        0
  MONTH TO DATE   72            64      8       63
  SINCE MAR 1    338           275     63      404
  SINCE JUL 1   2003          1834    169     1611

 COOLING
  YESTERDAY        9             4      5        3
  MONTH TO DATE   49            60    -11       60
  SINCE MAR 1     51            81    -30       66
  SINCE JAN 1     60            91    -31      104
......................................................










-  INDICATES NEGATIVE NUMBERS.
R  INDICATES RECORD WAS SET OR TIED.
MM INDICATES DATA IS MISSING.
T  INDICATES TRACE AMOUNT.




$$
