000
CDUS44 KTAE 210633
CLIDHN


CLIMATE REPORT
NATIONAL WEATHER SERVICE TALLAHASSEE FL
231 AM EDT THU SEP 21 2017


...................................

...THE DOTHAN CLIMATE SUMMARY FOR SEPTEMBER 20 2017...

CLIMATE NORMAL PERIOD 1981 TO 2010
CLIMATE RECORD PERIOD 1965 TO 2017


WEATHER ITEM   OBSERVED TIME   NORMAL DEPARTURE LAST
                VALUE   (LST)  VALUE  FROM      YEAR
                                      NORMAL
......................................................
TEMPERATURE (F)
 YESTERDAY
  MAXIMUM         91    357 PM  87      4       96
  MINIMUM         70    707 AM  64      6       70
  AVERAGE         81            76      5       83

PRECIPITATION (IN)
  YESTERDAY        0.00          0.09  -0.09     0.00
  MONTH TO DATE    2.83          2.68   0.15     0.76
  SINCE SEP 1      2.83          2.68   0.15     0.76
  SINCE JAN 1     44.08         41.07   3.01    43.99

SNOWFALL (IN)
  YESTERDAY        0.0

DEGREE DAYS
 HEATING
  YESTERDAY        0             0      0        0
  MONTH TO DATE    4             0      4        0
  SINCE SEP 1      4             0      4        0
  SINCE JUL 1      4             0      4        0

 COOLING
  YESTERDAY       16            11      5       18
  MONTH TO DATE  220           258    -38      287
  SINCE SEP 1    220           258    -38      287
  SINCE JAN 1   2278          2138    140     2355
......................................................


WIND (MPH)
  HIGHEST WIND SPEED    12   HIGHEST WIND DIRECTION    SW (230)
  HIGHEST GUST SPEED    14   HIGHEST GUST DIRECTION    SW (240)
  AVERAGE WIND SPEED     3.2








-  INDICATES NEGATIVE NUMBERS.
R  INDICATES RECORD WAS SET OR TIED.
MM INDICATES DATA IS MISSING.
T  INDICATES TRACE AMOUNT.




$$
