000
CDUS44 KTAE 020620
CLIDHN


CLIMATE REPORT
NATIONAL WEATHER SERVICE TALLAHASSEE FL
118 AM EST MON MAR 2 2015

...................................

...THE DOTHAN CLIMATE SUMMARY FOR MARCH 1 2015...

CLIMATE NORMAL PERIOD 1981 TO 2010
CLIMATE RECORD PERIOD 1965 TO 2015


WEATHER ITEM   OBSERVED TIME   NORMAL DEPARTURE LAST
                VALUE   (LST)  VALUE  FROM      YEAR
                                      NORMAL
......................................................
TEMPERATURE (F)
 YESTERDAY
  MAXIMUM         52    354 PM  68    -16       70
  MINIMUM         44    717 AM  44      0       43
  AVERAGE         48            56     -8       57

PRECIPITATION (IN)
  YESTERDAY        T             0.14  -0.14     0.00
  MONTH TO DATE    T             0.14  -0.14     0.00
  SINCE MAR 1      T             0.14  -0.14     0.00
  SINCE JAN 1      6.67          9.54  -2.87     7.73

SNOWFALL (IN)
  YESTERDAY        0.0

DEGREE DAYS
 HEATING
  YESTERDAY       17             9      8        8
  MONTH TO DATE   17             9      8        8
  SINCE MAR 1     17             9      8        8
  SINCE JUL 1   1704          1568    136     1673
......................................................


WIND (MPH)
  HIGHEST WIND SPEED    13   HIGHEST WIND DIRECTION     E (80)
  HIGHEST GUST SPEED    MM   HIGHEST GUST DIRECTION    MM
  AVERAGE WIND SPEED     6.7




-  INDICATES NEGATIVE NUMBERS.
R  INDICATES RECORD WAS SET OR TIED.
MM INDICATES DATA IS MISSING.
T  INDICATES TRACE AMOUNT.

$$
