000
CDUS44 KAMA 212133
CLIDHT


CLIMATE REPORT
NATIONAL WEATHER SERVICE AMARILLO TX
431 PM CDT FRI JUL 21 2017


...................................

...THE DALHART CLIMATE SUMMARY FOR JULY 21 2017...
VALID TODAY AS OF 0400 PM LOCAL TIME.

CLIMATE NORMAL PERIOD 1981 TO 2010
CLIMATE RECORD PERIOD 1948 TO 2017


WEATHER ITEM   OBSERVED TIME   RECORD YEAR NORMAL DEPARTURE LAST
                VALUE   (LST)  VALUE       VALUE  FROM      YEAR
                                                  NORMAL
..................................................................
TEMPERATURE (F)
 TODAY
  MAXIMUM        100    322 PM 103    2016  92      8      103
                                      1951
  MINIMUM         68    300 AM  56    1959  62      6       69
  AVERAGE         84                        77      7       86

PRECIPITATION (IN)
  TODAY            0.00          1.69 1986   0.10  -0.10     0.00
  MONTH TO DATE    0.48                      1.79  -1.31     1.34
  SINCE JUN 1      1.74                      4.09  -2.35     3.35
  SINCE JAN 1     10.88                      9.50   1.38    10.57

SNOWFALL (IN)
  TODAY            0.0           0.0    MM   0.0    0.0      0.0
  MONTH TO DATE    0.0                       0.0    0.0      0.0
  SINCE JUN 1      0.0                       0.0    0.0      0.0
  SINCE JUL 1      0.0                       0.0    0.0      0.0
  SNOW DEPTH       0

DEGREE DAYS
 HEATING
  TODAY            0                         0      0        0
  MONTH TO DATE    0                         0      0        0
  SINCE JUN 1      0                        12    -12        0
  SINCE JUL 1      0                         0      0        0

 COOLING
  TODAY           19                        12      7       21
  MONTH TO DATE  318                       248     70      366
  SINCE JUN 1    664                       488    176      716
  SINCE JAN 1    741                       560    181      762
..................................................................


WIND (MPH)
  RESULTANT WIND SPEED  13   RESULTANT WIND DIRECTION   S (200)
  HIGHEST WIND SPEED    26   HIGHEST WIND DIRECTION    SW (210)
  HIGHEST GUST SPEED    30   HIGHEST GUST DIRECTION    SW (210)
  AVERAGE WIND SPEED    13.4


SKY COVER
  AVERAGE SKY COVER 0.0


WEATHER CONDITIONS
 THE FOLLOWING WEATHER WAS RECORDED TODAY.
  NO SIGNIFICANT WEATHER WAS OBSERVED.


RELATIVE HUMIDITY (PERCENT)
 HIGHEST    61           400 AM
 LOWEST     18           200 PM
 AVERAGE    40

..........................................................


THE DALHART CLIMATE NORMALS FOR TOMORROW
                         NORMAL    RECORD    YEAR
 MAXIMUM TEMPERATURE (F)   91       104      2016
 MINIMUM TEMPERATURE (F)   62        55      1970


SUNRISE AND SUNSET
JULY 21 2017..........SUNRISE   649 AM CDT   SUNSET   903 PM CDT
JULY 22 2017..........SUNRISE   650 AM CDT   SUNSET   903 PM CDT


-  INDICATES NEGATIVE NUMBERS.
R  INDICATES RECORD WAS SET OR TIED.
MM INDICATES DATA IS MISSING.
T  INDICATES TRACE AMOUNT.




$$
