084
CDUS44 KAMA 292201
CLIDHT


CLIMATE REPORT
NATIONAL WEATHER SERVICE AMARILLO TX
501 PM CDT FRI APR 29 2016


...................................

...THE DALHART CLIMATE SUMMARY FOR APRIL 29 2016...
VALID TODAY AS OF 0500 PM LOCAL TIME.

CLIMATE NORMAL PERIOD 1981 TO 2010
CLIMATE RECORD PERIOD 1948 TO 2016


WEATHER ITEM   OBSERVED TIME   RECORD YEAR NORMAL DEPARTURE LAST
                VALUE   (LST)  VALUE       VALUE  FROM      YEAR
                                                  NORMAL
..................................................................
TEMPERATURE (F)
 TODAY
  MAXIMUM         51    123 AM  92    2011  73    -22       73
  MINIMUM         45    431 AM  31    1996  42      3       39
  AVERAGE         48                        58    -10       56

PRECIPITATION (IN)
  TODAY            0.74          0.86 1955   0.05   0.69     0.00
  MONTH TO DATE    4.16                      1.04   3.12     1.30
  SINCE MAR 1      4.32                      2.21   2.11     1.38
  SINCE JAN 1      4.57                      3.13   1.44     4.69

SNOWFALL (IN)
  TODAY            0.0           1.2  1994   0.0    0.0      0.0
  MONTH TO DATE    0.0                       1.2   -1.2      0.0
  SINCE MAR 1      0.0                       5.4   -5.4      0.8
  SINCE JUL 1      2.5                      18.9  -16.4     34.1
  SNOW DEPTH       0

DEGREE DAYS
 HEATING
  TODAY           17                         8      9        9
  MONTH TO DATE  268                       340    -72      247
  SINCE MAR 1    739                       951   -212      730
  SINCE JUL 1   3684                      4594   -910     4023

 COOLING
  TODAY            0                         1     -1        0
  MONTH TO DATE    2                         2      0        1
  SINCE MAR 1      2                         2      0        1
  SINCE JAN 1      2                         2      0        1
..................................................................


WIND (MPH)
  RESULTANT WIND SPEED  16   RESULTANT WIND DIRECTION  NE (50)
  HIGHEST WIND SPEED    32   HIGHEST WIND DIRECTION    NE (50)
  HIGHEST GUST SPEED    38   HIGHEST GUST DIRECTION    NE (50)
  AVERAGE WIND SPEED    17.5


SKY COVER
  AVERAGE SKY COVER 1.0


WEATHER CONDITIONS
 THE FOLLOWING WEATHER WAS RECORDED TODAY.
  THUNDERSTORM
  HEAVY RAIN
  RAIN
  LIGHT RAIN
  FOG


RELATIVE HUMIDITY (PERCENT)
 HIGHEST    93           800 AM
 LOWEST     83          1200 AM
 AVERAGE    88

..........................................................


THE DALHART CLIMATE NORMALS FOR TOMORROW
                         NORMAL    RECORD    YEAR
 MAXIMUM TEMPERATURE (F)   74        96      2013
 MINIMUM TEMPERATURE (F)   43        26      1950


SUNRISE AND SUNSET
APRIL 29 2016.........SUNRISE   659 AM CDT   SUNSET   836 PM CDT
APRIL 30 2016.........SUNRISE   658 AM CDT   SUNSET   837 PM CDT


-  INDICATES NEGATIVE NUMBERS.
R  INDICATES RECORD WAS SET OR TIED.
MM INDICATES DATA IS MISSING.
T  INDICATES TRACE AMOUNT.




$$
