000
CDUS44 KAMA 170728
CLIDHT


CLIMATE REPORT
NATIONAL WEATHER SERVICE AMARILLO TX
127 AM CST WED JAN 17 2018


...................................

...THE DALHART CLIMATE SUMMARY FOR JANUARY 16 2018...

CLIMATE NORMAL PERIOD 1981 TO 2010
CLIMATE RECORD PERIOD 1948 TO 2018


WEATHER ITEM   OBSERVED TIME   RECORD YEAR NORMAL DEPARTURE LAST
                VALUE   (LST)  VALUE       VALUE  FROM      YEAR
                                                  NORMAL
..................................................................
TEMPERATURE (F)
 YESTERDAY
  MAXIMUM         29    510 PM  74    1974  50    -21       42
  MINIMUM          1R   432 AM   3    2007  19    -18       31
                                      1982
  AVERAGE         15                        35    -20       37

PRECIPITATION (IN)
  YESTERDAY        0.00          0.52 1960   0.02  -0.02     0.12
  MONTH TO DATE    T                         0.23  -0.23     0.90
  SINCE DEC 1      T                         0.77  -0.77     1.10
  SINCE JAN 1      T                         0.23  -0.23     0.90

SNOWFALL (IN)
  YESTERDAY        0.0           6.0  1960   0.2   -0.2     MM
  MONTH TO DATE    0.0                       2.0   -2.0      0.0
  SINCE DEC 1      T                         6.3   -6.3      1.3
  SINCE JUL 1      2.3                       8.2   -5.9      1.3
  SNOW DEPTH       0

DEGREE DAYS
 HEATING
  YESTERDAY       50                        30     20       28
  MONTH TO DATE  409                       491    -82      468
  SINCE DEC 1   1096                      1439   -343     1360
  SINCE JUL 1   1771                      2434   -663     1936

 COOLING
  YESTERDAY        0                         0      0        0
  MONTH TO DATE    0                         0      0        0
  SINCE DEC 1      0                         0      0        0
  SINCE JAN 1      0                         0      0        0
..................................................................


WIND (MPH)
  RESULTANT WIND SPEED   1   RESULTANT WIND DIRECTION   E (80)
  HIGHEST WIND SPEED    15   HIGHEST WIND DIRECTION    NE (50)
  HIGHEST GUST SPEED    17   HIGHEST GUST DIRECTION    NE (50)
  AVERAGE WIND SPEED     6.6


SKY COVER
  AVERAGE SKY COVER 0.1


WEATHER CONDITIONS
 THE FOLLOWING WEATHER WAS RECORDED YESTERDAY.
  NO SIGNIFICANT WEATHER WAS OBSERVED.


RELATIVE HUMIDITY (PERCENT)
 HIGHEST    79           600 AM
 LOWEST     35           500 PM
 AVERAGE    57

..........................................................


THE DALHART CLIMATE NORMALS FOR TODAY
                         NORMAL    RECORD    YEAR
 MAXIMUM TEMPERATURE (F)   50        76      1974
 MINIMUM TEMPERATURE (F)   19         1      2008


SUNRISE AND SUNSET
JANUARY 17 2018.......SUNRISE   759 AM CST   SUNSET   602 PM CST
JANUARY 18 2018.......SUNRISE   759 AM CST   SUNSET   603 PM CST


-  INDICATES NEGATIVE NUMBERS.
R  INDICATES RECORD WAS SET OR TIED.
MM INDICATES DATA IS MISSING.
T  INDICATES TRACE AMOUNT.




$$
