000
CDUS44 KAMA 241512
CLIDHT


CLIMATE REPORT
NATIONAL WEATHER SERVICE AMARILLO TX
911 AM CST TUE JAN 24 2017


...................................

...THE DALHART CLIMATE SUMMARY FOR JANUARY 24 2017...
VALID AS OF 0900 AM LOCAL TIME.

CLIMATE NORMAL PERIOD 1981 TO 2010
CLIMATE RECORD PERIOD 1948 TO 2017


WEATHER ITEM   OBSERVED TIME   RECORD YEAR NORMAL DEPARTURE LAST
                VALUE   (LST)  VALUE       VALUE  FROM      YEAR
                                                  NORMAL
..................................................................
TEMPERATURE (F)
 TODAY
  MINIMUM         32    146 AM   3    1969  20     12       26
                                      1966

PRECIPITATION (IN)
  TODAY            0.00          0.15 1978   0.02  -0.02     0.00
  MONTH TO DATE    1.03                      0.38   0.65     0.24
  SINCE DEC 1      1.23                      0.92   0.31     0.79
  SINCE JAN 1      1.03                      0.38   0.65     0.24

SNOWFALL (IN)
  TODAY            0.0           2.0  1978   0.2   -0.2      0.0
  MONTH TO DATE    0.0                       3.2   -3.2      4.0
  SINCE DEC 1      1.3                       7.5   -6.2      5.5
  SINCE JUL 1      1.3                       9.4   -8.1      6.0
  SNOW DEPTH       0

..................................................................


WIND (MPH)
  RESULTANT WIND SPEED  10   RESULTANT WIND DIRECTION  SW (220)
  HIGHEST WIND SPEED    16   HIGHEST WIND DIRECTION    SW (210)
  HIGHEST GUST SPEED    19   HIGHEST GUST DIRECTION    SW (210)
  AVERAGE WIND SPEED    10.6


SKY COVER
  AVERAGE SKY COVER 0.2


WEATHER CONDITIONS
 THE FOLLOWING WEATHER WAS RECORDED TODAY.
  NO SIGNIFICANT WEATHER WAS OBSERVED.


RELATIVE HUMIDITY (PERCENT)
 HIGHEST    89           800 AM
 LOWEST     57          1200 AM
 AVERAGE    73

..........................................................


THE DALHART CLIMATE NORMALS FOR TOMORROW
                         NORMAL    RECORD    YEAR
 MAXIMUM TEMPERATURE (F)   51        76      1953
 MINIMUM TEMPERATURE (F)   20         2      1957


SUNRISE AND SUNSET
JANUARY 24 2017.......SUNRISE   756 AM CST   SUNSET   609 PM CST
JANUARY 25 2017.......SUNRISE   755 AM CST   SUNSET   610 PM CST


-  INDICATES NEGATIVE NUMBERS.
R  INDICATES RECORD WAS SET OR TIED.
MM INDICATES DATA IS MISSING.
T  INDICATES TRACE AMOUNT.




$$
