000
CDUS44 KAMA 272146
CLIDHT


CLIMATE REPORT
NATIONAL WEATHER SERVICE AMARILLO TX
446 PM CDT WED AUG 27 2014


...................................

...THE DALHART CLIMATE SUMMARY FOR AUGUST 27 2014...
VALID TODAY AS OF 0400 PM LOCAL TIME.

CLIMATE NORMAL PERIOD 1981 TO 2010
CLIMATE RECORD PERIOD 1894 TO 2014


WEATHER ITEM   OBSERVED TIME   RECORD YEAR NORMAL DEPARTURE LAST
                VALUE   (LST)  VALUE       VALUE  FROM      YEAR
                                                  NORMAL
..................................................................
TEMPERATURE (F)
 TODAY
  MAXIMUM         86    239 PM  99    1978  88     -2       92
  MINIMUM         66    747 AM  49    1992  60      6       62
  AVERAGE         76                        74      2       77

PRECIPITATION (IN)
  TODAY            0.00          1.42 2006   0.07  -0.07     0.00
  MONTH TO DATE    0.88                      2.58  -1.70     1.56
  SINCE JUN 1      6.80                      7.67  -0.87     3.72
  SINCE JAN 1      8.64                     13.08  -4.44     5.02

SNOWFALL (IN)
  TODAY            0.0           0.0    MM   0.0    0.0      0.0
  MONTH TO DATE    0.0                       0.0    0.0      0.0
  SINCE JUN 1      0.0                       0.0    0.0      0.0
  SINCE JUL 1      0.0                       0.0    0.0      0.0
  SNOW DEPTH       0

DEGREE DAYS
 HEATING
  TODAY            0                         0      0        0
  MONTH TO DATE    0                         0      0        0
  SINCE JUN 1      4                        13     -9        0
  SINCE JUL 1      0                         1     -1        0

 COOLING
  TODAY           11                         9      2       12
  MONTH TO DATE  372                       284     88      327
  SINCE JUN 1   1045                       889    156     1136
  SINCE JAN 1   1165                       961    204     1290
..................................................................


WIND (MPH)
  RESULTANT WIND SPEED   8   RESULTANT WIND DIRECTION   S (170)
  HIGHEST WIND SPEED    20   HIGHEST WIND DIRECTION     S (190)
  HIGHEST GUST SPEED    25   HIGHEST GUST DIRECTION     S (190)
  AVERAGE WIND SPEED    10.2


SKY COVER
  AVERAGE SKY COVER 0.4


WEATHER CONDITIONS
 THE FOLLOWING WEATHER WAS RECORDED TODAY.
  FOG


RELATIVE HUMIDITY (PERCENT)
 HIGHEST    93           100 AM
 LOWEST     44           300 PM
 AVERAGE    69

..........................................................


THE DALHART CLIMATE NORMALS FOR TOMORROW
                         NORMAL    RECORD    YEAR
 MAXIMUM TEMPERATURE (F)   88       101      2011
 MINIMUM TEMPERATURE (F)   60        48      1987


SUNRISE AND SUNSET
AUGUST 27 2014........SUNRISE   718 AM CDT   SUNSET   825 PM CDT
AUGUST 28 2014........SUNRISE   719 AM CDT   SUNSET   823 PM CDT


-  INDICATES NEGATIVE NUMBERS.
R  INDICATES RECORD WAS SET OR TIED.
MM INDICATES DATA IS MISSING.
T  INDICATES TRACE AMOUNT.




$$
