664
CDUS44 KAMA 220630
CLIDHT


CLIMATE REPORT
NATIONAL WEATHER SERVICE AMARILLO TX
127 AM CDT FRI MAY 22 2015


...................................

...THE DALHART CLIMATE SUMMARY FOR MAY 21 2015...

CLIMATE NORMAL PERIOD 1981 TO 2010
CLIMATE RECORD PERIOD 1894 TO 2015


WEATHER ITEM   OBSERVED TIME   RECORD YEAR NORMAL DEPARTURE LAST
                VALUE   (LST)  VALUE       VALUE  FROM      YEAR
                                                  NORMAL
..................................................................
TEMPERATURE (F)
 YESTERDAY
  MAXIMUM         56    307 PM  97    2005  80    -24       85
  MINIMUM         45    730 AM  35    1967  50     -5       52
  AVERAGE         51                        65    -14       69

PRECIPITATION (IN)
  YESTERDAY        0.29          2.46 1991   0.09   0.20      T
  MONTH TO DATE    1.61                      1.43   0.18     0.16
  SINCE MAR 1      2.99                      3.68  -0.69     0.36
  SINCE JAN 1      6.30                      4.60   1.70     0.45

SNOWFALL (IN)
  YESTERDAY        0.0           T    1993   0.0    0.0      0.0
  MONTH TO DATE    0.0                       0.1   -0.1      0.0
  SINCE MAR 1      0.8                       5.5   -4.7      2.1
  SINCE JUL 1     34.1                      19.0   15.1     17.4
  SNOW DEPTH       0

DEGREE DAYS
 HEATING
  YESTERDAY       14                         3     11        0
  MONTH TO DATE  113                        97     16       90
  SINCE MAR 1    847                      1056   -209      997
  SINCE JUL 1   4140                      4699   -559     4591

 COOLING
  YESTERDAY        0                         3     -3        4
  MONTH TO DATE   12                        30    -18       59
  SINCE MAR 1     13                        36    -23       75
  SINCE JAN 1     13                        36    -23       75
..................................................................


WIND (MPH)
  RESULTANT WIND SPEED   7   RESULTANT WIND DIRECTION   E (110)
  HIGHEST WIND SPEED    16   HIGHEST WIND DIRECTION    NE (50)
  HIGHEST GUST SPEED    19   HIGHEST GUST DIRECTION    NE (50)
  AVERAGE WIND SPEED     8.3


SKY COVER
  AVERAGE SKY COVER 1.0


WEATHER CONDITIONS
 THE FOLLOWING WEATHER WAS RECORDED YESTERDAY.
  THUNDERSTORM
  RAIN
  LIGHT RAIN
  FOG
  HAZE


RELATIVE HUMIDITY (PERCENT)
 HIGHEST    93           800 PM
 LOWEST     66           300 PM
 AVERAGE    80

..........................................................


THE DALHART CLIMATE NORMALS FOR TODAY
                         NORMAL    RECORD    YEAR
 MAXIMUM TEMPERATURE (F)   80        99      1996
 MINIMUM TEMPERATURE (F)   51        38      2001


SUNRISE AND SUNSET
MAY 22 2015...........SUNRISE   640 AM CDT   SUNSET   854 PM CDT
MAY 23 2015...........SUNRISE   639 AM CDT   SUNSET   855 PM CDT


-  INDICATES NEGATIVE NUMBERS.
R  INDICATES RECORD WAS SET OR TIED.
MM INDICATES DATA IS MISSING.
T  INDICATES TRACE AMOUNT.




$$
