000
CDUS44 KAMA 280627
CLIDHT


CLIMATE REPORT
NATIONAL WEATHER SERVICE AMARILLO TX
127 AM CDT SUN MAY 28 2017


...................................

...THE DALHART CLIMATE SUMMARY FOR MAY 27 2017...

CLIMATE NORMAL PERIOD 1981 TO 2010
CLIMATE RECORD PERIOD 1948 TO 2017


WEATHER ITEM   OBSERVED TIME   RECORD YEAR NORMAL DEPARTURE LAST
                VALUE   (LST)  VALUE       VALUE  FROM      YEAR
                                                  NORMAL
..................................................................
TEMPERATURE (F)
 YESTERDAY
  MAXIMUM         81    458 PM  97    2006  82     -1       74
  MINIMUM         48    536 AM  39    1992  52     -4       45
  AVERAGE         65                        67     -2       60

PRECIPITATION (IN)
  YESTERDAY        0.00          1.59 1980   0.08  -0.08      T
  MONTH TO DATE    1.30                      1.90  -0.60     2.35
  SINCE MAR 1      7.97                      4.15   3.82     6.83
  SINCE JAN 1      9.05                      5.07   3.98     7.21

SNOWFALL (IN)
  YESTERDAY        0.0           T    1950   0.0    0.0      0.0
  MONTH TO DATE    0.0                       0.1   -0.1      0.0
  SINCE MAR 1     10.0                       5.5    4.5      6.0
  SINCE JUL 1     11.3                      19.0   -7.7     12.7
  SNOW DEPTH       0

DEGREE DAYS
 HEATING
  YESTERDAY        0                         2     -2        5
  MONTH TO DATE  118                       109      9      143
  SINCE MAR 1    817                      1068   -251      904
  SINCE JUL 1   3634                      4711  -1077     3849

 COOLING
  YESTERDAY        0                         4     -4        0
  MONTH TO DATE   36                        49    -13       38
  SINCE MAR 1     71                        55     16       40
  SINCE JAN 1     71                        55     16       40
..................................................................


WIND (MPH)
  RESULTANT WIND SPEED  10   RESULTANT WIND DIRECTION   N (0)
  HIGHEST WIND SPEED    40   HIGHEST WIND DIRECTION     N (360)
  HIGHEST GUST SPEED    50   HIGHEST GUST DIRECTION     N (10)
  AVERAGE WIND SPEED    14.8


SKY COVER
  AVERAGE SKY COVER 0.2


WEATHER CONDITIONS
 THE FOLLOWING WEATHER WAS RECORDED YESTERDAY.
  HAZE


RELATIVE HUMIDITY (PERCENT)
 HIGHEST    77          1000 PM
 LOWEST     33           600 PM
 AVERAGE    55

..........................................................


THE DALHART CLIMATE NORMALS FOR TODAY
                         NORMAL    RECORD    YEAR
 MAXIMUM TEMPERATURE (F)   82       100      1974
 MINIMUM TEMPERATURE (F)   53        38      1992


SUNRISE AND SUNSET
MAY 28 2017...........SUNRISE   636 AM CDT   SUNSET   859 PM CDT
MAY 29 2017...........SUNRISE   636 AM CDT   SUNSET   900 PM CDT


-  INDICATES NEGATIVE NUMBERS.
R  INDICATES RECORD WAS SET OR TIED.
MM INDICATES DATA IS MISSING.
T  INDICATES TRACE AMOUNT.




$$
