000
CDUS44 KAMA 012127
CLIDHT


CLIMATE REPORT
NATIONAL WEATHER SERVICE AMARILLO TX
426 PM CDT SAT OCT 1 2016


...................................

...THE DALHART CLIMATE SUMMARY FOR OCTOBER 1 2016...
VALID TODAY AS OF 0400 PM LOCAL TIME.

CLIMATE NORMAL PERIOD 1981 TO 2010
CLIMATE RECORD PERIOD 1948 TO 2016


WEATHER ITEM   OBSERVED TIME   RECORD YEAR NORMAL DEPARTURE LAST
                VALUE   (LST)  VALUE       VALUE  FROM      YEAR
                                                  NORMAL
..................................................................
TEMPERATURE (F)
 TODAY
  MAXIMUM         83    251 PM  94    2000  76      7       85
  MINIMUM         51    707 AM  34    1965  46      5       59
  AVERAGE         67                        61      6       72

PRECIPITATION (IN)
  TODAY            0.00          1.74 1982   0.05  -0.05      T
  MONTH TO DATE    0.00                      0.05  -0.05      T
  SINCE SEP 1      3.42                      1.70   1.72     1.07
  SINCE JAN 1     17.61                     15.05   2.56    14.50

SNOWFALL (IN)
  TODAY            0.0           T    1950   0.0    0.0      0.0
  MONTH TO DATE    0.0                       0.0    0.0      0.0
  SINCE SEP 1      0.0                       0.0    0.0      0.0
  SINCE JUL 1      0.0                       0.0    0.0      0.0
  SNOW DEPTH       0

DEGREE DAYS
 HEATING
  TODAY            0                         5     -5        0
  MONTH TO DATE    0                         5     -5        0
  SINCE SEP 1     11                        65    -54        1
  SINCE JUL 1     11                        68    -57        1

 COOLING
  TODAY            2                         1      1        7
  MONTH TO DATE    2                         1      1        7
  SINCE SEP 1    222                       133     89      300
  SINCE JAN 1   1497                      1129    368     1509
..................................................................


WIND (MPH)
  RESULTANT WIND SPEED   3   RESULTANT WIND DIRECTION   S (180)
  HIGHEST WIND SPEED    14   HIGHEST WIND DIRECTION    SE (140)
  HIGHEST GUST SPEED    18   HIGHEST GUST DIRECTION    SE (130)
  AVERAGE WIND SPEED     4.4


SKY COVER
  AVERAGE SKY COVER 0.1


WEATHER CONDITIONS
 THE FOLLOWING WEATHER WAS RECORDED TODAY.
  NO SIGNIFICANT WEATHER WAS OBSERVED.


RELATIVE HUMIDITY (PERCENT)
 HIGHEST    83           500 AM
 LOWEST     34           300 PM
 AVERAGE    59

..........................................................


THE DALHART CLIMATE NORMALS FOR TOMORROW
                         NORMAL    RECORD    YEAR
 MAXIMUM TEMPERATURE (F)   76        92      2006
 MINIMUM TEMPERATURE (F)   46        31      2009


SUNRISE AND SUNSET
OCTOBER  1 2016.......SUNRISE   746 AM CDT   SUNSET   733 PM CDT
OCTOBER  2 2016.......SUNRISE   746 AM CDT   SUNSET   732 PM CDT


-  INDICATES NEGATIVE NUMBERS.
R  INDICATES RECORD WAS SET OR TIED.
MM INDICATES DATA IS MISSING.
T  INDICATES TRACE AMOUNT.




$$
