000
CDUS44 KAMA 280630
CLIDHT


CLIMATE REPORT
NATIONAL WEATHER SERVICE AMARILLO TX
130 AM CDT SAT MAR 28 2015


...THE DALHART CLIMATE SUMMARY FOR MARCH 27 2015...

CLIMATE NORMAL PERIOD 1981 TO 2010
CLIMATE RECORD PERIOD 1894 TO 2015


WEATHER ITEM   OBSERVED TIME   RECORD YEAR NORMAL DEPARTURE LAST
                VALUE   (LST)  VALUE       VALUE  FROM      YEAR
                                                  NORMAL
..................................................................
TEMPERATURE (F)
 YESTERDAY
  MAXIMUM         72    607 PM  90    1971  64      8       73
  MINIMUM         33    647 AM   7    1955  32      1       47
  AVERAGE         53                        48      5       60

PRECIPITATION (IN)
  YESTERDAY        0.00          0.68 2009   0.04  -0.04     0.00
  MONTH TO DATE    0.08                      0.99  -0.91     0.09
  SINCE MAR 1      0.08                      0.99  -0.91     0.09
  SINCE JAN 1      3.39                      1.91   1.48     0.18

SNOWFALL (IN)
  YESTERDAY        0.0          11.0  2009   0.2   -0.2      0.0
  MONTH TO DATE    0.8                       3.7   -2.9      1.1
  SINCE MAR 1      0.8                       3.7   -2.9      1.1
  SINCE JUL 1     34.1                      17.2   16.9     16.4
  SNOW DEPTH       0

DEGREE DAYS
 HEATING
  YESTERDAY       12                        17     -5        5
  MONTH TO DATE  467                       547    -80      549
  SINCE MAR 1    467                       547    -80      549
  SINCE JUL 1   3760                      4190   -430     4143

 COOLING
  YESTERDAY        0                         0      0        0
  MONTH TO DATE    0                         0      0        0
  SINCE MAR 1      0                         0      0        0
  SINCE JAN 1      0                         0      0        0
..................................................................


WIND (MPH)
  RESULTANT WIND SPEED   3   RESULTANT WIND DIRECTION   E (110)
  HIGHEST WIND SPEED    14   HIGHEST WIND DIRECTION     S (180)
  HIGHEST GUST SPEED    16   HIGHEST GUST DIRECTION     S (170)
  AVERAGE WIND SPEED   6.5


SKY COVER
  AVERAGE SKY COVER 0.0


WEATHER CONDITIONS
 THE FOLLOWING WEATHER WAS RECORDED YESTERDAY.
  NO SIGNIFICANT WEATHER WAS OBSERVED.


RELATIVE HUMIDITY (PERCENT)
 HIGHEST    70           200 AM
 LOWEST     19           300 PM
 AVERAGE    45

..................................................................


THE DALHART CLIMATE NORMALS FOR TODAY
                         NORMAL    RECORD    YEAR
 MAXIMUM TEMPERATURE (F)   65        86      2012
                                             1963
 MINIMUM TEMPERATURE (F)   32        11      1975


SUNRISE AND SUNSET
MARCH 28 2015.........SUNRISE   743 AM CDT   SUNSET   809 PM CDT
MARCH 29 2015.........SUNRISE   741 AM CDT   SUNSET   809 PM CDT


-  INDICATES NEGATIVE NUMBERS.
R  INDICATES RECORD WAS SET OR TIED.
MM INDICATES DATA IS MISSING.
T  INDICATES TRACE AMOUNT.


$$
