000
CDUS44 KAMA 200726
CLIDHT


CLIMATE REPORT
NATIONAL WEATHER SERVICE AMARILLO TX
126 AM CST MON FEB 20 2017


...................................

...THE DALHART CLIMATE SUMMARY FOR FEBRUARY 19 2017...

CLIMATE NORMAL PERIOD 1981 TO 2010
CLIMATE RECORD PERIOD 1948 TO 2017


WEATHER ITEM   OBSERVED TIME   RECORD YEAR NORMAL DEPARTURE LAST
                VALUE   (LST)  VALUE       VALUE  FROM      YEAR
                                                  NORMAL
..................................................................
TEMPERATURE (F)
 YESTERDAY
  MAXIMUM         62    423 PM  76    2011  54      8       74
                                      1986
  MINIMUM         36    619 AM   2    1955  23     13       39
  AVERAGE         49                        38     11       57

PRECIPITATION (IN)
  YESTERDAY        0.00          0.70 1954   0.01  -0.01     0.00
  MONTH TO DATE    0.05                      0.27  -0.22     0.03
  SINCE DEC 1      1.28                      1.33  -0.05     0.82
  SINCE JAN 1      1.08                      0.79   0.29     0.27

SNOWFALL (IN)
  YESTERDAY        0.0           3.0  1969   0.1   -0.1      0.0
  MONTH TO DATE    T                         2.3   -2.3      0.5
  SINCE DEC 1      1.3                      10.9   -9.6      6.0
  SINCE JUL 1      1.3                      12.8  -11.5      6.5
  SNOW DEPTH       0

DEGREE DAYS
 HEATING
  YESTERDAY       16                        26    -10        8
  MONTH TO DATE  368                       534   -166      397
  SINCE DEC 1   2082                      2421   -339     2051
  SINCE JUL 1   2658                      3416   -758     2761

 COOLING
  YESTERDAY        0                         0      0        0
  MONTH TO DATE    0                         0      0        0
  SINCE DEC 1      0                         0      0        0
  SINCE JAN 1      0                         0      0        0
..................................................................


WIND (MPH)
  RESULTANT WIND SPEED  10   RESULTANT WIND DIRECTION   S (190)
  HIGHEST WIND SPEED    30   HIGHEST WIND DIRECTION    SE (150)
  HIGHEST GUST SPEED    43   HIGHEST GUST DIRECTION     S (180)
  AVERAGE WIND SPEED    10.6


SKY COVER
  AVERAGE SKY COVER 0.2


WEATHER CONDITIONS
 THE FOLLOWING WEATHER WAS RECORDED YESTERDAY.
  FOG


RELATIVE HUMIDITY (PERCENT)
 HIGHEST   100           600 AM
 LOWEST     29           500 PM
 AVERAGE    65

..........................................................


THE DALHART CLIMATE NORMALS FOR TODAY
                         NORMAL    RECORD    YEAR
 MAXIMUM TEMPERATURE (F)   54        81      1981
 MINIMUM TEMPERATURE (F)   24         0      1955


SUNRISE AND SUNSET
FEBRUARY 20 2017......SUNRISE   731 AM CST   SUNSET   637 PM CST
FEBRUARY 21 2017......SUNRISE   730 AM CST   SUNSET   638 PM CST


-  INDICATES NEGATIVE NUMBERS.
R  INDICATES RECORD WAS SET OR TIED.
MM INDICATES DATA IS MISSING.
T  INDICATES TRACE AMOUNT.




$$
