000
CDUS44 KAMA 070632
CLIDHT


CLIMATE REPORT
NATIONAL WEATHER SERVICE AMARILLO TX
131 AM CDT TUE JUL 7 2015


...................................

...THE DALHART CLIMATE SUMMARY FOR JULY 6 2015...

CLIMATE NORMAL PERIOD 1981 TO 2010
CLIMATE RECORD PERIOD 1894 TO 2015


WEATHER ITEM   OBSERVED TIME   RECORD YEAR NORMAL DEPARTURE LAST
                VALUE   (LST)  VALUE       VALUE  FROM      YEAR
                                                  NORMAL
..................................................................
TEMPERATURE (F)
 YESTERDAY
  MAXIMUM         89   1247 PM 105    1973  92     -3       97
  MINIMUM         67   1147 PM  50    1958  62      5       63
  AVERAGE         78                        77      1       80

PRECIPITATION (IN)
  YESTERDAY        T             1.96 1988   0.08  -0.08      T
  MONTH TO DATE    T                         0.48  -0.48     0.09
  SINCE JUN 1      0.85                      2.78  -1.93     3.86
  SINCE JAN 1      7.56                      8.19  -0.63     5.70

SNOWFALL (IN)
  YESTERDAY        0.0           0.0    MM   0.0    0.0      0.0
  MONTH TO DATE    0.0                       0.0    0.0      0.0
  SINCE JUN 1      0.0                       0.0    0.0      0.0
  SINCE JUL 1      0.0                       0.0    0.0      0.0
  SNOW DEPTH       0

DEGREE DAYS
 HEATING
  YESTERDAY        0                         0      0        0
  MONTH TO DATE    0                         0      0        0
  SINCE JUN 1      0                        12    -12        4
  SINCE JUL 1      0                         0      0        0

 COOLING
  YESTERDAY       13                        12      1       15
  MONTH TO DATE   89                        68     21       62
  SINCE JUN 1    422                       308    114      358
  SINCE JAN 1    444                       380     64      478
..................................................................


WIND (MPH)
  RESULTANT WIND SPEED  12   RESULTANT WIND DIRECTION   N (10)
  HIGHEST WIND SPEED    35   HIGHEST WIND DIRECTION     N (360)
  HIGHEST GUST SPEED    43   HIGHEST GUST DIRECTION     N (360)
  AVERAGE WIND SPEED    17.7


SKY COVER
  AVERAGE SKY COVER 0.4


WEATHER CONDITIONS
 THE FOLLOWING WEATHER WAS RECORDED YESTERDAY.
  LIGHT RAIN


RELATIVE HUMIDITY (PERCENT)
 HIGHEST    73           300 AM
 LOWEST     40          1200 PM
 AVERAGE    57

..........................................................


THE DALHART CLIMATE NORMALS FOR TODAY
                         NORMAL    RECORD    YEAR
 MAXIMUM TEMPERATURE (F)   92       103      1957
 MINIMUM TEMPERATURE (F)   62        55      1989


SUNRISE AND SUNSET
JULY  7 2015..........SUNRISE   640 AM CDT   SUNSET   910 PM CDT
JULY  8 2015..........SUNRISE   640 AM CDT   SUNSET   910 PM CDT


-  INDICATES NEGATIVE NUMBERS.
R  INDICATES RECORD WAS SET OR TIED.
MM INDICATES DATA IS MISSING.
T  INDICATES TRACE AMOUNT.




$$
