000
CDUS43 KBIS 260729
CLIDIK


CLIMATE REPORT
NATIONAL WEATHER SERVICE BISMARCK ND
228 AM CDT TUE SEP 26 2017


...................................

...THE DICKINSON ND CLIMATE SUMMARY FOR SEPTEMBER 25 2017...

CLIMATE NORMAL PERIOD 1981 TO 2010
CLIMATE RECORD PERIOD 1893 TO 2017


WEATHER ITEM   OBSERVED TIME   RECORD YEAR NORMAL DEPARTURE LAST
                VALUE   (LST)  VALUE       VALUE  FROM      YEAR
                                                  NORMAL
..................................................................
TEMPERATURE (F)
 YESTERDAY
  MAXIMUM         47    523 PM  91    2014  67    -20       62
  MINIMUM         43    642 AM  12    1926  39      4       38
  AVERAGE         45                        53     -8       50

PRECIPITATION (IN)
  YESTERDAY        0.03          2.00 1923   0.05  -0.02     0.06
  MONTH TO DATE    2.83                      1.23   1.60     3.42
  SINCE SEP 1      2.83                      1.23   1.60     3.42
  SINCE JAN 1     10.07                     13.52  -3.45    15.05

DEGREE DAYS
 HEATING
  YESTERDAY       20                        13      7       15
  MONTH TO DATE  197                       199     -2      189
  SINCE SEP 1    197                       199     -2      189
  SINCE JUL 1    248                       285    -37      249

 COOLING
  YESTERDAY        0                         0      0        0
  MONTH TO DATE   41                        30     11       21
  SINCE SEP 1     41                        30     11       21
  SINCE JAN 1    487                       416     71      315
..................................................................


WIND (MPH)
  HIGHEST WIND SPEED     8   HIGHEST WIND DIRECTION     W (250)
  HIGHEST GUST SPEED    10   HIGHEST GUST DIRECTION     W (250)
  AVERAGE WIND SPEED     2.4


SKY COVER
  POSSIBLE SUNSHINE  MM
  AVERAGE SKY COVER 1.0


WEATHER CONDITIONS
 THE FOLLOWING WEATHER WAS RECORDED YESTERDAY.
  RAIN
  LIGHT RAIN
  FOG


RELATIVE HUMIDITY (PERCENT)
 HIGHEST   100           700 PM
 LOWEST     82           400 PM
 AVERAGE    91

..........................................................


THE DICKINSON ND CLIMATE NORMALS FOR TODAY
                         NORMAL    RECORD    YEAR
 MAXIMUM TEMPERATURE (F)   66        92      1963
 MINIMUM TEMPERATURE (F)   39        18      1942
                                             1928


SUNRISE AND SUNSET
SEPTEMBER 26 2017.....SUNRISE   644 AM MDT   SUNSET   640 PM MDT
SEPTEMBER 27 2017.....SUNRISE   645 AM MDT   SUNSET   638 PM MDT


-  INDICATES NEGATIVE NUMBERS.
R  INDICATES RECORD WAS SET OR TIED.
MM INDICATES DATA IS MISSING.
T  INDICATES TRACE AMOUNT.




$$
