000
CDUS43 KBIS 290727
CLIDIK


CLIMATE REPORT
NATIONAL WEATHER SERVICE BISMARCK ND
127 AM CST MON DEC 29 2014


...................................

...THE DICKINSON ND CLIMATE SUMMARY FOR DECEMBER 28 2014...

CLIMATE NORMAL PERIOD 1981 TO 2010
CLIMATE RECORD PERIOD 1903 TO 2014


WEATHER ITEM   OBSERVED TIME   RECORD YEAR NORMAL DEPARTURE LAST
                VALUE   (LST)  VALUE       VALUE  FROM      YEAR
                                                  NORMAL
..................................................................
TEMPERATURE (F)
 YESTERDAY
  MAXIMUM         20    227 AM  54    2011  26     -6       41
  MINIMUM          3   1159 PM -30    1917   6     -3       -4
  AVERAGE         12                        16     -4       19

PRECIPITATION (IN)
  YESTERDAY        T             0.12 1978   0.01  -0.01      T
  MONTH TO DATE    0.07                      0.21  -0.14     0.30
  SINCE DEC 1      0.07                      0.21  -0.14     0.30
  SINCE JAN 1     21.86                     15.74   6.12    23.14

DEGREE DAYS
 HEATING
  YESTERDAY       53                        49      4       46
  MONTH TO DATE 1052                      1312   -260     1541
  SINCE DEC 1   1052                      1312   -260     1541
  SINCE JUL 1   3258                      3389   -131     3485

 COOLING
  YESTERDAY        0                         0      0        0
  MONTH TO DATE    0                         0      0        0
  SINCE DEC 1      0                         0      0        0
  SINCE JAN 1    256                       419   -163      386
..................................................................


WIND (MPH)
  HIGHEST WIND SPEED    18   HIGHEST WIND DIRECTION    NE (50)
  HIGHEST GUST SPEED    21   HIGHEST GUST DIRECTION    NE (50)
  AVERAGE WIND SPEED    11.5


SKY COVER
  POSSIBLE SUNSHINE  MM
  AVERAGE SKY COVER 1.0


WEATHER CONDITIONS
 THE FOLLOWING WEATHER WAS RECORDED YESTERDAY.
  LIGHT SNOW
  FOG
  HAZE


RELATIVE HUMIDITY (PERCENT)
 HIGHEST    84          1200 AM
 LOWEST     73           300 PM
 AVERAGE    79

..........................................................


THE DICKINSON ND CLIMATE NORMALS FOR TODAY
                         NORMAL    RECORD    YEAR
 MAXIMUM TEMPERATURE (F)   26        56      1965
 MINIMUM TEMPERATURE (F)    6       -32      1916


SUNRISE AND SUNSET
DECEMBER 29 2014......SUNRISE   736 AM MST   SUNSET   411 PM MST
DECEMBER 30 2014......SUNRISE   736 AM MST   SUNSET   412 PM MST


-  INDICATES NEGATIVE NUMBERS.
R  INDICATES RECORD WAS SET OR TIED.
MM INDICATES DATA IS MISSING.
T  INDICATES TRACE AMOUNT.




$$
