000
CDUS43 KBIS 230910
CLIDIK


CLIMATE REPORT
NATIONAL WEATHER SERVICE BISMARCK ND
310 AM CST MON JAN 23 2017


...................................

...THE DICKINSON ND CLIMATE SUMMARY FOR JANUARY 22 2017...

CLIMATE NORMAL PERIOD 1981 TO 2010
CLIMATE RECORD PERIOD 1893 TO 2017


WEATHER ITEM   OBSERVED TIME   RECORD YEAR NORMAL DEPARTURE LAST
                VALUE   (LST)  VALUE       VALUE  FROM      YEAR
                                                  NORMAL
..................................................................
TEMPERATURE (F)
 YESTERDAY
  MAXIMUM         27    434 PM  60    1981  27      0       31
  MINIMUM         11    320 AM -35    1895   7      4       18
  AVERAGE         19                        17      2       25

PRECIPITATION (IN)
  YESTERDAY        T             0.40 1897   0.01  -0.01     0.00
  MONTH TO DATE    0.04                      0.23  -0.19     0.05
  SINCE DEC 1      0.20                      0.47  -0.27     0.31
  SINCE JAN 1      0.04                      0.23  -0.19     0.05

DEGREE DAYS
 HEATING
  YESTERDAY       46                        48     -2       40
  MONTH TO DATE 1270                      1077    193     1126
  SINCE DEC 1   2899                      2537    362     2404
  SINCE JUL 1   4566                      4614    -48     4078

 COOLING
  YESTERDAY        0                         0      0        0
  MONTH TO DATE    0                         0      0        0
  SINCE DEC 1      0                         0      0        0
  SINCE JAN 1      0                         0      0        0
..................................................................


WIND (MPH)
  HIGHEST WIND SPEED    23   HIGHEST WIND DIRECTION     W (290)
  HIGHEST GUST SPEED    28   HIGHEST GUST DIRECTION    NW (300)
  AVERAGE WIND SPEED    13.6


SKY COVER
  POSSIBLE SUNSHINE  MM
  AVERAGE SKY COVER 0.9


WEATHER CONDITIONS
 THE FOLLOWING WEATHER WAS RECORDED YESTERDAY.
  LIGHT SNOW
  FOG


RELATIVE HUMIDITY (PERCENT)
 HIGHEST   100          1000 AM
 LOWEST     81          1100 PM
 AVERAGE    91

..........................................................


THE DICKINSON ND CLIMATE NORMALS FOR TODAY
                         NORMAL    RECORD    YEAR
 MAXIMUM TEMPERATURE (F)   27        63      1981
 MINIMUM TEMPERATURE (F)    7       -37      1935


SUNRISE AND SUNSET
JANUARY 23 2017.......SUNRISE   725 AM MST   SUNSET   442 PM MST
JANUARY 24 2017.......SUNRISE   724 AM MST   SUNSET   443 PM MST


-  INDICATES NEGATIVE NUMBERS.
R  INDICATES RECORD WAS SET OR TIED.
MM INDICATES DATA IS MISSING.
T  INDICATES TRACE AMOUNT.




$$
