000
CDUS43 KBIS 060743
CLIDIK


CLIMATE REPORT
NATIONAL WEATHER SERVICE BISMARCK ND
143 AM CST SAT FEB 6 2016


...................................

...THE DICKINSON ND CLIMATE SUMMARY FOR FEBRUARY 5 2016...

CLIMATE NORMAL PERIOD 1981 TO 2010
CLIMATE RECORD PERIOD 1893 TO 2016


WEATHER ITEM   OBSERVED TIME   RECORD YEAR NORMAL DEPARTURE LAST
                VALUE   (LST)  VALUE       VALUE  FROM      YEAR
                                                  NORMAL
..................................................................
TEMPERATURE (F)
 YESTERDAY
  MAXIMUM         41    328 PM  61    1963  29     12       41
  MINIMUM         20    641 AM -34    1905   8     12       13
  AVERAGE         31                        18     13       27

PRECIPITATION (IN)
  YESTERDAY        T             0.36 1896   0.01  -0.01     0.00
  MONTH TO DATE    T                         0.04  -0.04     0.02
  SINCE DEC 1      0.42                      0.58  -0.16     0.21
  SINCE JAN 1      0.16                      0.34  -0.18     0.14

DEGREE DAYS
 HEATING
  YESTERDAY       34                        47    -13       38
  MONTH TO DATE  209                       235    -26      285
  SINCE DEC 1   2931                      3205   -274     2864
  SINCE JUL 1   4605                      5282   -677     5070

 COOLING
  YESTERDAY        0                         0      0        0
  MONTH TO DATE    0                         0      0        0
  SINCE DEC 1      0                         0      0        0
  SINCE JAN 1      0                         0      0        0
..................................................................


WIND (MPH)
  HIGHEST WIND SPEED    22   HIGHEST WIND DIRECTION     W (290)
  HIGHEST GUST SPEED    30   HIGHEST GUST DIRECTION     W (270)
  AVERAGE WIND SPEED    13.1


SKY COVER
  POSSIBLE SUNSHINE  MM
  AVERAGE SKY COVER 0.3


WEATHER CONDITIONS
 THE FOLLOWING WEATHER WAS RECORDED YESTERDAY.
  LIGHT SNOW
  FOG


RELATIVE HUMIDITY (PERCENT)
 HIGHEST    96           700 AM
 LOWEST     44           300 PM
 AVERAGE    70

..........................................................


THE DICKINSON ND CLIMATE NORMALS FOR TODAY
                         NORMAL    RECORD    YEAR
 MAXIMUM TEMPERATURE (F)   29        63      1963
 MINIMUM TEMPERATURE (F)    8       -43      1914


SUNRISE AND SUNSET
FEBRUARY  6 2016......SUNRISE   710 AM MST   SUNSET   502 PM MST
FEBRUARY  7 2016......SUNRISE   708 AM MST   SUNSET   503 PM MST


-  INDICATES NEGATIVE NUMBERS.
R  INDICATES RECORD WAS SET OR TIED.
MM INDICATES DATA IS MISSING.
T  INDICATES TRACE AMOUNT.




$$
