000
CDUS43 KBIS 230722
CLIDIK


CLIMATE REPORT
NATIONAL WEATHER SERVICE BISMARCK ND
221 AM CDT WED JUL 23 2014


...................................

...THE DICKINSON ND CLIMATE SUMMARY FOR JULY 22 2014...

CLIMATE NORMAL PERIOD 1981 TO 2010
CLIMATE RECORD PERIOD 1903 TO 2014


WEATHER ITEM   OBSERVED TIME   RECORD YEAR NORMAL DEPARTURE LAST
                VALUE   (LST)  VALUE       VALUE  FROM      YEAR
                                                  NORMAL
..................................................................
TEMPERATURE (F)
 YESTERDAY
  MAXIMUM         80    343 PM 101    1919  85     -5       76
  MINIMUM         53    448 AM  39    1926  56     -3       51
  AVERAGE         67                        70     -3       64

PRECIPITATION (IN)
  YESTERDAY        0.04          1.41 2011   0.07  -0.03     0.00
  MONTH TO DATE    0.95                      1.88  -0.93     1.93
  SINCE JUN 1      4.78                      5.08  -0.30     4.25
  SINCE JAN 1     12.82                     10.19   2.63    13.18

DEGREE DAYS
 HEATING
  YESTERDAY        0                         1     -1        1
  MONTH TO DATE   44                        28     16        7
  SINCE JUN 1    209                       165     44      131
  SINCE JUL 1     44                        28     16        7

 COOLING
  YESTERDAY        2                         6     -4        0
  MONTH TO DATE   66                       108    -42      102
  SINCE JUN 1     78                       162    -84      128
  SINCE JAN 1    108                       172    -64      137
..................................................................


WIND (MPH)
  HIGHEST WIND SPEED    23   HIGHEST WIND DIRECTION    SE (120)
  HIGHEST GUST SPEED    28   HIGHEST GUST DIRECTION    SE (120)
  AVERAGE WIND SPEED     4.6


SKY COVER
  POSSIBLE SUNSHINE  MM
  AVERAGE SKY COVER 0.2


WEATHER CONDITIONS
 THE FOLLOWING WEATHER WAS RECORDED YESTERDAY.
  THUNDERSTORM
  LIGHT RAIN
  FOG
  FOG W/VISIBILITY <= 1/4 MILE


RELATIVE HUMIDITY (PERCENT)
 HIGHEST   100          1200 AM
 LOWEST     52           400 PM
 AVERAGE    76

..........................................................


THE DICKINSON ND CLIMATE NORMALS FOR TODAY
                         NORMAL    RECORD    YEAR
 MAXIMUM TEMPERATURE (F)   85       108      1936
 MINIMUM TEMPERATURE (F)   56        42      1933


SUNRISE AND SUNSET
JULY 23 2014..........SUNRISE   521 AM MDT   SUNSET   834 PM MDT
JULY 24 2014..........SUNRISE   522 AM MDT   SUNSET   833 PM MDT


-  INDICATES NEGATIVE NUMBERS.
R  INDICATES RECORD WAS SET OR TIED.
MM INDICATES DATA IS MISSING.
T  INDICATES TRACE AMOUNT.




$$
