331
CDUS43 KBIS 250923
CLIDIK


CLIMATE REPORT
NATIONAL WEATHER SERVICE BISMARCK ND
323 AM CST SUN FEB 25 2018


...................................

...THE DICKINSON ND CLIMATE SUMMARY FOR FEBRUARY 24 2018...

CLIMATE NORMAL PERIOD 1981 TO 2010
CLIMATE RECORD PERIOD 1893 TO 2018


WEATHER ITEM   OBSERVED TIME   RECORD YEAR NORMAL DEPARTURE LAST
                VALUE   (LST)  VALUE       VALUE  FROM      YEAR
                                                  NORMAL
..................................................................
TEMPERATURE (F)
 YESTERDAY
  MAXIMUM         24    225 PM  62    1995  33     -9       25
  MINIMUM          3    340 AM -26    1993  12     -9        3
                                      1922
  AVERAGE         14                        23     -9       14

PRECIPITATION (IN)
  YESTERDAY        0.02          0.35 1948   0.02   0.00     0.00
  MONTH TO DATE    0.15                      0.27  -0.12     0.23
  SINCE DEC 1      0.31                      0.81  -0.50     0.46
  SINCE JAN 1      0.18                      0.57  -0.39     0.30

DEGREE DAYS
 HEATING
  YESTERDAY       51                        42      9       51
  MONTH TO DATE 1447                      1081    366     1009
  SINCE DEC 1   4400                      4051    349     4281
  SINCE JUL 1   6353                      6128    225     5948

 COOLING
  YESTERDAY        0                         0      0        0
  MONTH TO DATE    0                         0      0        0
  SINCE DEC 1      0                         0      0        0
  SINCE JAN 1      0                         0      0        0
..................................................................


WIND (MPH)
  HIGHEST WIND SPEED    24   HIGHEST WIND DIRECTION     W (280)
  HIGHEST GUST SPEED    30   HIGHEST GUST DIRECTION     W (280)
  AVERAGE WIND SPEED    12.2


SKY COVER
  POSSIBLE SUNSHINE  MM
  AVERAGE SKY COVER 0.3


WEATHER CONDITIONS
 THE FOLLOWING WEATHER WAS RECORDED YESTERDAY.
  LIGHT SNOW
  FOG


RELATIVE HUMIDITY (PERCENT)
 HIGHEST    92           800 AM
 LOWEST     55           200 PM
 AVERAGE    74

..........................................................


THE DICKINSON ND CLIMATE NORMALS FOR TODAY
                         NORMAL    RECORD    YEAR
 MAXIMUM TEMPERATURE (F)   34        66      1958
 MINIMUM TEMPERATURE (F)   13       -25      1934


SUNRISE AND SUNSET
FEBRUARY 25 2018......SUNRISE   638 AM MST   SUNSET   531 PM MST
FEBRUARY 26 2018......SUNRISE   636 AM MST   SUNSET   533 PM MST


-  INDICATES NEGATIVE NUMBERS.
R  INDICATES RECORD WAS SET OR TIED.
MM INDICATES DATA IS MISSING.
T  INDICATES TRACE AMOUNT.




$$
