575
CDUS43 KBIS 300757
CLIDIK


CLIMATE REPORT
NATIONAL WEATHER SERVICE BISMARCK ND
256 AM CDT THU MAR 30 2017


...................................

...THE DICKINSON ND CLIMATE SUMMARY FOR MARCH 29 2017...

CLIMATE NORMAL PERIOD 1981 TO 2010
CLIMATE RECORD PERIOD 1893 TO 2017


WEATHER ITEM   OBSERVED TIME   RECORD YEAR NORMAL DEPARTURE LAST
                VALUE   (LST)  VALUE       VALUE  FROM      YEAR
                                                  NORMAL
..................................................................
TEMPERATURE (F)
 YESTERDAY
  MAXIMUM         63    354 PM  74    1967  47     16       56
  MINIMUM         34    150 AM -18    1898  23     11       37
  AVERAGE         49                        35     14       47

PRECIPITATION (IN)
  YESTERDAY        0.00          0.84 1977   0.03  -0.03     0.00
  MONTH TO DATE    0.33                      0.63  -0.30     0.10
  SINCE MAR 1      0.33                      0.63  -0.30     0.10
  SINCE JAN 1      0.61                      1.26  -0.65     0.52

DEGREE DAYS
 HEATING
  YESTERDAY       16                        30    -14       18
  MONTH TO DATE  977                      1029    -52      816
  SINCE MAR 1    977                      1029    -52      816
  SINCE JUL 1   7107                      7323   -216     6225

 COOLING
  YESTERDAY        0                         0      0        0
  MONTH TO DATE    0                         0      0        0
  SINCE MAR 1      0                         0      0        0
  SINCE JAN 1      0                         0      0        0
..................................................................


WIND (MPH)
  HIGHEST WIND SPEED    20   HIGHEST WIND DIRECTION    SW (220)
  HIGHEST GUST SPEED    25   HIGHEST GUST DIRECTION    SW (230)
  AVERAGE WIND SPEED    11.0


SKY COVER
  POSSIBLE SUNSHINE  MM
  AVERAGE SKY COVER 0.5


WEATHER CONDITIONS
 THE FOLLOWING WEATHER WAS RECORDED YESTERDAY.
  FOG
  FOG W/VISIBILITY <= 1/4 MILE


RELATIVE HUMIDITY (PERCENT)
 HIGHEST   100          1200 AM
 LOWEST     23           400 PM
 AVERAGE    62

..........................................................


THE DICKINSON ND CLIMATE NORMALS FOR TODAY
                         NORMAL    RECORD    YEAR
 MAXIMUM TEMPERATURE (F)   48        76      1986
                                             1966
 MINIMUM TEMPERATURE (F)   24        -5      1954


SUNRISE AND SUNSET
MARCH 30 2017.........SUNRISE   634 AM MDT   SUNSET   718 PM MDT
MARCH 31 2017.........SUNRISE   632 AM MDT   SUNSET   719 PM MDT


-  INDICATES NEGATIVE NUMBERS.
R  INDICATES RECORD WAS SET OR TIED.
MM INDICATES DATA IS MISSING.
T  INDICATES TRACE AMOUNT.




$$
