000
CDUS43 KBIS 280725
CLIDIK


CLIMATE REPORT
NATIONAL WEATHER SERVICE BISMARCK ND
225 AM CDT SUN MAY 28 2017


...................................

...THE DICKINSON ND CLIMATE SUMMARY FOR MAY 27 2017...

CLIMATE NORMAL PERIOD 1981 TO 2010
CLIMATE RECORD PERIOD 1893 TO 2017


WEATHER ITEM   OBSERVED TIME   RECORD YEAR NORMAL DEPARTURE LAST
                VALUE   (LST)  VALUE       VALUE  FROM      YEAR
                                                  NORMAL
..................................................................
TEMPERATURE (F)
 YESTERDAY
  MAXIMUM         74    253 PM 106    1900  69      5       70
  MINIMUM         38    411 AM  25    1947  44     -6       37
  AVERAGE         56                        56      0       54

PRECIPITATION (IN)
  YESTERDAY        T             1.52 1929   0.08  -0.08     0.00
  MONTH TO DATE    1.21                      1.98  -0.77     0.18
  SINCE MAR 1      2.05                      4.14  -2.09     2.81
  SINCE JAN 1      2.33                      4.77  -2.44     3.23

DEGREE DAYS
 HEATING
  YESTERDAY        9                         9      0       11
  MONTH TO DATE  309                       345    -36      339
  SINCE MAR 1   2025                      2113    -88     1885
  SINCE JUL 1   8155                      8407   -252     7294

 COOLING
  YESTERDAY        0                         0      0        0
  MONTH TO DATE   10                         0     10        3
  SINCE MAR 1     10                         1      9        3
  SINCE JAN 1     10                         1      9        3
..................................................................


WIND (MPH)
  HIGHEST WIND SPEED    36   HIGHEST WIND DIRECTION    NW (330)
  HIGHEST GUST SPEED    45   HIGHEST GUST DIRECTION    NW (320)
  AVERAGE WIND SPEED    14.3


SKY COVER
  POSSIBLE SUNSHINE  MM
  AVERAGE SKY COVER 0.3


WEATHER CONDITIONS
 THE FOLLOWING WEATHER WAS RECORDED YESTERDAY.
  NO SIGNIFICANT WEATHER WAS OBSERVED.


RELATIVE HUMIDITY (PERCENT)
 HIGHEST    85           400 AM
 LOWEST     24           300 PM
 AVERAGE    55

..........................................................


THE DICKINSON ND CLIMATE NORMALS FOR TODAY
                         NORMAL    RECORD    YEAR
 MAXIMUM TEMPERATURE (F)   70       101      1934
 MINIMUM TEMPERATURE (F)   44        18      1947


SUNRISE AND SUNSET
MAY 28 2017...........SUNRISE   503 AM MDT   SUNSET   834 PM MDT
MAY 29 2017...........SUNRISE   503 AM MDT   SUNSET   835 PM MDT


-  INDICATES NEGATIVE NUMBERS.
R  INDICATES RECORD WAS SET OR TIED.
MM INDICATES DATA IS MISSING.
T  INDICATES TRACE AMOUNT.




$$
