000
CDUS43 KBIS 230800
CLIDIK


CLIMATE REPORT
NATIONAL WEATHER SERVICE BISMARCK ND
300 AM CDT SAT AUG 23 2014


...................................

...THE DICKINSON ND CLIMATE SUMMARY FOR AUGUST 22 2014...

CLIMATE NORMAL PERIOD 1981 TO 2010
CLIMATE RECORD PERIOD 1903 TO 2014


WEATHER ITEM   OBSERVED TIME   RECORD YEAR NORMAL DEPARTURE LAST
                VALUE   (LST)  VALUE       VALUE  FROM      YEAR
                                                  NORMAL
..................................................................
TEMPERATURE (F)
 YESTERDAY
  MAXIMUM         71    334 PM 105    1960  82    -11       83
  MINIMUM         62   1159 PM  27    1908  53      9       54
  AVERAGE         67                        67      0       69

PRECIPITATION (IN)
  YESTERDAY        0.29          0.65 1982   0.05   0.24     0.00
  MONTH TO DATE    5.12                      1.09   4.03     1.67
  SINCE JUN 1     10.06                      6.73   3.33     6.08
  SINCE JAN 1     18.10                     11.84   6.26    15.01

DEGREE DAYS
 HEATING
  YESTERDAY        0                         2     -2        0
  MONTH TO DATE    2                        27    -25        8
  SINCE JUN 1    216                       198     18      164
  SINCE JUL 1     51                        61    -10       40

 COOLING
  YESTERDAY        2                         4     -2        4
  MONTH TO DATE   90                       122    -32       68
  SINCE JUN 1    197                       341   -144      202
  SINCE JAN 1    227                       351   -124      211
..................................................................


WIND (MPH)
  HIGHEST WIND SPEED    18   HIGHEST WIND DIRECTION     E (80)
  HIGHEST GUST SPEED    22   HIGHEST GUST DIRECTION     E (70)
  AVERAGE WIND SPEED     8.8


SKY COVER
  POSSIBLE SUNSHINE  MM
  AVERAGE SKY COVER 1.0


WEATHER CONDITIONS
 THE FOLLOWING WEATHER WAS RECORDED YESTERDAY.
  HEAVY RAIN
  RAIN
  LIGHT RAIN
  FOG


RELATIVE HUMIDITY (PERCENT)
 HIGHEST    93          1200 AM
 LOWEST     73           300 PM
 AVERAGE    83

..........................................................


THE DICKINSON ND CLIMATE NORMALS FOR TODAY
                         NORMAL    RECORD    YEAR
 MAXIMUM TEMPERATURE (F)   82       104      1937
 MINIMUM TEMPERATURE (F)   52        31      1911


SUNRISE AND SUNSET
AUGUST 23 2014........SUNRISE   559 AM MDT   SUNSET   747 PM MDT
AUGUST 24 2014........SUNRISE   601 AM MDT   SUNSET   746 PM MDT


-  INDICATES NEGATIVE NUMBERS.
R  INDICATES RECORD WAS SET OR TIED.
MM INDICATES DATA IS MISSING.
T  INDICATES TRACE AMOUNT.




$$
