000
CDUS43 KDLH 190645
CLIDLH


CLIMATE REPORT
NATIONAL WEATHER SERVICE DULUTH MN
144 AM CDT SAT APR 19 2014


...................................

...THE DULUTH MN CLIMATE SUMMARY FOR APRIL 18 2014...

CLIMATE NORMAL PERIOD 1981 TO 2010
CLIMATE RECORD PERIOD 1870 TO 2014


WEATHER ITEM   OBSERVED TIME   RECORD YEAR NORMAL DEPARTURE LAST
                VALUE   (LST)  VALUE       VALUE  FROM      YEAR
                                                  NORMAL
..................................................................
TEMPERATURE (F)
 YESTERDAY
  MAXIMUM         38    409 PM  81    1915  51    -13       35
  MINIMUM         20    519 AM  12    1983  31    -11       30
  AVERAGE         29                        41    -12       33

PRECIPITATION (IN)
  YESTERDAY        0.00          0.96 2013   0.09  -0.09     0.96
  MONTH TO DATE    1.44                      1.33   0.11     3.48
  SINCE MAR 1      3.35                      2.82   0.53     5.52
  SINCE JAN 1      6.20                      4.59   1.61     8.07

SNOWFALL (IN)
  YESTERDAY        0.0          11.2  2013   0.2   -0.2     11.2
  MONTH TO DATE   20.6                       5.2   15.4     36.7
  SINCE MAR 1     41.5                      18.4   23.1     62.5
  SINCE JUL 1    125.3                      84.0   41.3    115.3
  SNOW DEPTH      10

DEGREE DAYS
 HEATING
  YESTERDAY       36                        24     12       32
  MONTH TO DATE  580                       508     72      612
  SINCE MAR 1   2019                      1718    301     1945
  SINCE JUL 1   9460                      8585    875     8453

 COOLING
  YESTERDAY        0                         0      0        0
  MONTH TO DATE    0                         0      0        0
  SINCE MAR 1      0                         0      0        0
  SINCE JAN 1      0                         0      0        0
..................................................................


WIND (MPH)
  HIGHEST WIND SPEED    20   HIGHEST WIND DIRECTION     E (100)
  HIGHEST GUST SPEED    25   HIGHEST GUST DIRECTION     E (90)
  AVERAGE WIND SPEED     9.1


SKY COVER
  AVERAGE SKY COVER 0.4


WEATHER CONDITIONS
 THE FOLLOWING WEATHER WAS RECORDED YESTERDAY.
  NO SIGNIFICANT WEATHER WAS OBSERVED.


RELATIVE HUMIDITY (PERCENT)
 HIGHEST    84           400 AM
 LOWEST     40           900 AM
 AVERAGE    62

..........................................................


THE DULUTH MN CLIMATE NORMALS FOR TODAY
                         NORMAL    RECORD    YEAR
 MAXIMUM TEMPERATURE (F)   51        79      1923
 MINIMUM TEMPERATURE (F)   32        14      1897


SUNRISE AND SUNSET
APRIL 19 2014.........SUNRISE   614 AM CDT   SUNSET   802 PM CDT
APRIL 20 2014.........SUNRISE   612 AM CDT   SUNSET   804 PM CDT


-  INDICATES NEGATIVE NUMBERS.
R  INDICATES RECORD WAS SET OR TIED.
MM INDICATES DATA IS MISSING.
T  INDICATES TRACE AMOUNT.




$$
