000
CDUS45 KTFX 270832
CLIDLN


CLIMATE REPORT
NATIONAL WEATHER SERVICE GREAT FALLS MT
230 AM MDT THU JUL 27 2017


...................................

...THE DILLON AIRPORT MT CLIMATE SUMMARY FOR JULY 26 2017...

CLIMATE NORMAL PERIOD 1981 TO 2010
CLIMATE RECORD PERIOD 1929 TO 2017


WEATHER ITEM   OBSERVED TIME   RECORD YEAR NORMAL DEPARTURE LAST
                VALUE   (LST)  VALUE       VALUE  FROM      YEAR
                                                  NORMAL
..................................................................
TEMPERATURE (F)
 YESTERDAY
  MAXIMUM         83    312 PM  95    1939  84     -1       83
  MINIMUM         53    538 AM  39    2014  50      3       49
                                      2005
  AVERAGE         68                        67      1       66

PRECIPITATION (IN)
  YESTERDAY        0.00          0.20 1990   0.04  -0.04      T
  MONTH TO DATE    0.05                      1.02  -0.97     0.85
  SINCE OCT 1      8.19                      8.46  -0.27     7.45
  SINCE JAN 1      5.65                      7.06  -1.41     5.37

SNOWFALL (IN)
  YESTERDAY       MM
  SNOW DEPTH       0

DEGREE DAYS
 HEATING
  YESTERDAY        0                               -1        0
  MONTH TO DATE    0                              -49       54
  SINCE JUN 1    180                              -92      162
  SINCE JUL 1      0                              -49       54

 COOLING
  YESTERDAY        3                                0        1
  MONTH TO DATE  146                               80       57
  SINCE JUN 1    168                               86       98
  SINCE JAN 1    168                               85       98
..................................................................


WIND (MPH)
  HIGHEST WIND SPEED    14   HIGHEST WIND DIRECTION     S (190)
  HIGHEST GUST SPEED    18   HIGHEST GUST DIRECTION     S (200)
  AVERAGE WIND SPEED     8.0


SKY COVER
  AVERAGE SKY COVER 0.3


WEATHER CONDITIONS
 THE FOLLOWING WEATHER WAS RECORDED YESTERDAY.
  NO SIGNIFICANT WEATHER WAS OBSERVED.


RELATIVE HUMIDITY (PERCENT)
 HIGHEST    83
 LOWEST     32
 AVERAGE    58

..........................................................


THE DILLON AIRPORT MT CLIMATE NORMALS FOR TODAY
                         NORMAL    RECORD    YEAR
 MAXIMUM TEMPERATURE (F)   84        95      1975
 MINIMUM TEMPERATURE (F)   50        39      1963


SUNRISE AND SUNSET
JULY 27 2017..........SUNRISE   610 AM MDT   SUNSET   903 PM MDT
JULY 28 2017..........SUNRISE   611 AM MDT   SUNSET   902 PM MDT


-  INDICATES NEGATIVE NUMBERS.
R  INDICATES RECORD WAS SET OR TIED.
MM INDICATES DATA IS MISSING.
T  INDICATES TRACE AMOUNT.




$$
