000
CDUS45 KTFX 280951
CLIDLN


CLIMATE REPORT
NATIONAL WEATHER SERVICE GREAT FALLS MT
250 AM MST FRI NOV 28 2014


...................................

...THE DILLON AIRPORT MT CLIMATE SUMMARY FOR NOVEMBER 27 2014...

CLIMATE NORMAL PERIOD 1981 TO 2010
CLIMATE RECORD PERIOD 1929 TO 2014


WEATHER ITEM   OBSERVED TIME   RECORD YEAR NORMAL DEPARTURE LAST
                VALUE   (LST)  VALUE       VALUE  FROM      YEAR
                                                  NORMAL
..................................................................
TEMPERATURE (F)
 YESTERDAY
  MAXIMUM         59   1255 PM  61    1949  35     24       41
  MINIMUM         33    111 AM -15    1952  15     18       24
  AVERAGE         46                        25     21       33

PRECIPITATION (IN)
  YESTERDAY        T             0.58 1962   0.01  -0.01     0.00
  MONTH TO DATE    0.22                      0.34  -0.12     0.08
  SINCE OCT 1      0.48                      1.10  -0.62     0.35
  SINCE JAN 1     10.21                     10.27  -0.06     9.81

SNOWFALL (IN)
  YESTERDAY       MM
  SNOW DEPTH       0

DEGREE DAYS
 HEATING
  YESTERDAY       19                              -21       32
  MONTH TO DATE 1013                              102      837
  SINCE SEP 1   1756                             -135     1836
  SINCE JUL 1   1848                             -179     1842

 COOLING
  YESTERDAY        0                                0        0
  MONTH TO DATE    0                                0        0
  SINCE SEP 1      6                               -2       19
  SINCE JAN 1    170                               14      247
..................................................................


WIND (MPH)
  HIGHEST WIND SPEED    28   HIGHEST WIND DIRECTION    SW (230)
  HIGHEST GUST SPEED    36   HIGHEST GUST DIRECTION    SW (220)
  AVERAGE WIND SPEED    13.1



WEATHER CONDITIONS
 THE FOLLOWING WEATHER WAS RECORDED YESTERDAY.
  LIGHT RAIN


RELATIVE HUMIDITY (PERCENT)
 HIGHEST    75
 LOWEST     32
 AVERAGE    54

..........................................................


THE DILLON AIRPORT MT CLIMATE NORMALS FOR TODAY
                         NORMAL    RECORD    YEAR
 MAXIMUM TEMPERATURE (F)   34        56      1945
 MINIMUM TEMPERATURE (F)   14       -14      1952


SUNRISE AND SUNSET
NOVEMBER 28 2014......SUNRISE   746 AM MST   SUNSET   451 PM MST
NOVEMBER 29 2014......SUNRISE   747 AM MST   SUNSET   450 PM MST


-  INDICATES NEGATIVE NUMBERS.
R  INDICATES RECORD WAS SET OR TIED.
MM INDICATES DATA IS MISSING.
T  INDICATES TRACE AMOUNT.




$$
