000
CDUS45 KTFX 290907
CLIDLN


CLIMATE REPORT
NATIONAL WEATHER SERVICE GREAT FALLS MT
305 AM MDT SUN MAR 29 2015


...................................

...THE DILLON AIRPORT MT CLIMATE SUMMARY FOR MARCH 28 2015...

CLIMATE NORMAL PERIOD 1981 TO 2010
CLIMATE RECORD PERIOD 1929 TO 2015


WEATHER ITEM   OBSERVED TIME   RECORD YEAR NORMAL DEPARTURE LAST
                VALUE   (LST)  VALUE       VALUE  FROM      YEAR
                                                  NORMAL
..................................................................
TEMPERATURE (F)
 YESTERDAY
  MAXIMUM         61    910 AM  72    1986  49     12       51
  MINIMUM         33   1159 PM  -6    1975  25      8       25
  AVERAGE         47                        37     10       38

PRECIPITATION (IN)
  YESTERDAY        0.00          0.25 1960   0.02  -0.02     0.00
  MONTH TO DATE    0.14                      0.48  -0.34     0.23
  SINCE OCT 1      1.49                      2.40  -0.91     0.95
  SINCE JAN 1      0.33                      1.00  -0.67     0.46

SNOWFALL (IN)
  YESTERDAY       MM
  SNOW DEPTH       0

DEGREE DAYS
 HEATING
  YESTERDAY       18                              -10       27
  MONTH TO DATE  675                             -193      839
  SINCE MAR 1    675                             -193      839
  SINCE JUL 1   5787                             -998     6619

 COOLING
  YESTERDAY        0                                0        0
  MONTH TO DATE    0                                0        0
  SINCE MAR 1      0                                0        0
  SINCE JAN 1      0                                0        0
..................................................................


WIND (MPH)
  HIGHEST WIND SPEED    37   HIGHEST WIND DIRECTION     W (270)
  HIGHEST GUST SPEED    49   HIGHEST GUST DIRECTION     W (270)
  AVERAGE WIND SPEED    13.4


SKY COVER
  AVERAGE SKY COVER 0.2


WEATHER CONDITIONS
 THE FOLLOWING WEATHER WAS RECORDED YESTERDAY.
  HAZE


RELATIVE HUMIDITY (PERCENT)
 HIGHEST    62
 LOWEST     24
 AVERAGE    43

..........................................................


THE DILLON AIRPORT MT CLIMATE NORMALS FOR TODAY
                         NORMAL    RECORD    YEAR
 MAXIMUM TEMPERATURE (F)   49        79      1986
 MINIMUM TEMPERATURE (F)   26        -3      1987


SUNRISE AND SUNSET
MARCH 29 2015.........SUNRISE   717 AM MDT   SUNSET   754 PM MDT
MARCH 30 2015.........SUNRISE   715 AM MDT   SUNSET   755 PM MDT


-  INDICATES NEGATIVE NUMBERS.
R  INDICATES RECORD WAS SET OR TIED.
MM INDICATES DATA IS MISSING.
T  INDICATES TRACE AMOUNT.




$$
