000
CDUS45 KTFX 020859
CLIDLN


CLIMATE REPORT
NATIONAL WEATHER SERVICE GREAT FALLS MT
258 AM MDT TUE JUN 2 2015


...................................

...THE DILLON AIRPORT MT CLIMATE SUMMARY FOR JUNE 1 2015...

CLIMATE NORMAL PERIOD 1981 TO 2010
CLIMATE RECORD PERIOD 1929 TO 2015


WEATHER ITEM   OBSERVED TIME   RECORD YEAR NORMAL DEPARTURE LAST
                VALUE   (LST)  VALUE       VALUE  FROM      YEAR
                                                  NORMAL
..................................................................
TEMPERATURE (F)
 YESTERDAY
  MAXIMUM         72   1229 PM  86    1977  67      5       64
  MINIMUM         48   1145 PM  27    1984  41      7       45
  AVERAGE         60                        54      6       55

PRECIPITATION (IN)
  YESTERDAY        0.12          0.78 2005   0.09   0.03     0.18
  MONTH TO DATE    0.12                      0.09   0.03     0.18
  SINCE OCT 1      5.67                      5.56   0.11     3.91
  SINCE JAN 1      4.51                      4.16   0.35     3.42

SNOWFALL (IN)
  YESTERDAY        0.0
  SNOW DEPTH       0

DEGREE DAYS
 HEATING
  YESTERDAY        5                               -6       10
  MONTH TO DATE    5                               -6       10
  SINCE JUN 1      5                               -6       10
  SINCE JUL 1   6917                            -1119     7772

 COOLING
  YESTERDAY        0                                0        0
  MONTH TO DATE    0                                0        0
  SINCE JUN 1      0                                0        0
  SINCE JAN 1      0                               -1        0
..................................................................


WIND (MPH)
  HIGHEST WIND SPEED    48   HIGHEST WIND DIRECTION     W (280)
  HIGHEST GUST SPEED    55   HIGHEST GUST DIRECTION     W (280)
  AVERAGE WIND SPEED     8.2


SKY COVER
  AVERAGE SKY COVER 0.2


WEATHER CONDITIONS
 THE FOLLOWING WEATHER WAS RECORDED YESTERDAY.
  THUNDERSTORM
  LIGHT RAIN
  HAZE


RELATIVE HUMIDITY (PERCENT)
 HIGHEST    86
 LOWEST     44
 AVERAGE    65

..........................................................


THE DILLON AIRPORT MT CLIMATE NORMALS FOR TODAY
                         NORMAL    RECORD    YEAR
 MAXIMUM TEMPERATURE (F)   68        86      1968
 MINIMUM TEMPERATURE (F)   41        28      1951


SUNRISE AND SUNSET
JUNE  2 2015..........SUNRISE   545 AM MDT   SUNSET   911 PM MDT
JUNE  3 2015..........SUNRISE   545 AM MDT   SUNSET   912 PM MDT


-  INDICATES NEGATIVE NUMBERS.
R  INDICATES RECORD WAS SET OR TIED.
MM INDICATES DATA IS MISSING.
T  INDICATES TRACE AMOUNT.




$$
