000
CDUS45 KTFX 301018
CLIDLN


CLIMATE REPORT
NATIONAL WEATHER SERVICE GREAT FALLS MT
315 AM MST FRI JAN 30 2015


...................................

...THE DILLON AIRPORT MT CLIMATE SUMMARY FOR JANUARY 29 2015...

CLIMATE NORMAL PERIOD 1981 TO 2010
CLIMATE RECORD PERIOD 1929 TO 2015


WEATHER ITEM   OBSERVED TIME   RECORD YEAR NORMAL DEPARTURE LAST
                VALUE   (LST)  VALUE       VALUE  FROM      YEAR
                                                  NORMAL
..................................................................
TEMPERATURE (F)
 YESTERDAY
  MAXIMUM         40    350 PM  52    1971  34      6       40
  MINIMUM         22    759 AM -32    1951  14      8       27
  AVERAGE         31                        24      7       34

PRECIPITATION (IN)
  YESTERDAY        0.00          0.03 1946   0.01  -0.01      T
  MONTH TO DATE    T                         0.26  -0.26     0.02
  SINCE OCT 1      1.16                      1.66  -0.50     0.51
  SINCE JAN 1      T                         0.26  -0.26     0.02

SNOWFALL (IN)
  YESTERDAY       MM
  SNOW DEPTH       0

DEGREE DAYS
 HEATING
  YESTERDAY       34                               -7       31
  MONTH TO DATE 1003                             -226     1011
  SINCE DEC 1   2194                             -405     2412
  SINCE JUL 1   4168                             -582     4341

 COOLING
  YESTERDAY        0                                0        0
  MONTH TO DATE    0                                0        0
  SINCE DEC 1      0                                0        0
  SINCE JAN 1      0                                0        0
..................................................................


WIND (MPH)
  HIGHEST WIND SPEED    15   HIGHEST WIND DIRECTION    SW (210)
  HIGHEST GUST SPEED    16   HIGHEST GUST DIRECTION    SW (220)
  AVERAGE WIND SPEED     8.8



WEATHER CONDITIONS
 THE FOLLOWING WEATHER WAS RECORDED YESTERDAY.
  NO SIGNIFICANT WEATHER WAS OBSERVED.


RELATIVE HUMIDITY (PERCENT)
 HIGHEST    92
 LOWEST     48
 AVERAGE    70

..........................................................


THE DILLON AIRPORT MT CLIMATE NORMALS FOR TODAY
                         NORMAL    RECORD    YEAR
 MAXIMUM TEMPERATURE (F)   34        55      1971
 MINIMUM TEMPERATURE (F)   14       -26      1951


SUNRISE AND SUNSET
JANUARY 30 2015.......SUNRISE   753 AM MST   SUNSET   534 PM MST
JANUARY 31 2015.......SUNRISE   752 AM MST   SUNSET   536 PM MST


-  INDICATES NEGATIVE NUMBERS.
R  INDICATES RECORD WAS SET OR TIED.
MM INDICATES DATA IS MISSING.
T  INDICATES TRACE AMOUNT.




$$
