000
CDUS45 KTFX 281055
CLIDLN


CLIMATE REPORT
NATIONAL WEATHER SERVICE GREAT FALLS MT
454 AM MDT WED SEP 28 2016


...................................

...THE DILLON AIRPORT MT CLIMATE SUMMARY FOR SEPTEMBER 27 2016...

CLIMATE NORMAL PERIOD 1981 TO 2010
CLIMATE RECORD PERIOD 1929 TO 2016


WEATHER ITEM   OBSERVED TIME   RECORD YEAR NORMAL DEPARTURE LAST
                VALUE   (LST)  VALUE       VALUE  FROM      YEAR
                                                  NORMAL
..................................................................
TEMPERATURE (F)
 YESTERDAY
  MAXIMUM         80    334 PM  84    1963  65     15       76
  MINIMUM         45    614 AM  22    1961  36      9       42
  AVERAGE         63                        50     13       59

PRECIPITATION (IN)
  YESTERDAY        0.00          0.53 2014   0.03  -0.03     0.00
  MONTH TO DATE    1.48                      0.79   0.69     1.25
  SINCE OCT 1      9.09                     10.49  -1.40     9.12
  SINCE JAN 1      7.01                      9.09  -2.08     7.96

SNOWFALL (IN)
  YESTERDAY       MM
  SNOW DEPTH       0

DEGREE DAYS
 HEATING
  YESTERDAY        2                              -13        6
  MONTH TO DATE  296                               30      176
  SINCE SEP 1    296                               30      176
  SINCE JUL 1    422                               20      282

 COOLING
  YESTERDAY        0                                0        0
  MONTH TO DATE    8                                1       19
  SINCE SEP 1      8                                1       19
  SINCE JAN 1    168                               13      258
..................................................................


WIND (MPH)
  HIGHEST WIND SPEED    16   HIGHEST WIND DIRECTION     S (200)
  HIGHEST GUST SPEED    23   HIGHEST GUST DIRECTION     S (180)
  AVERAGE WIND SPEED     8.5


SKY COVER
  AVERAGE SKY COVER 0.0


WEATHER CONDITIONS
 THE FOLLOWING WEATHER WAS RECORDED YESTERDAY.
  HAZE


RELATIVE HUMIDITY (PERCENT)
 HIGHEST    66
 LOWEST     19
 AVERAGE    43

..........................................................


THE DILLON AIRPORT MT CLIMATE NORMALS FOR TODAY
                         NORMAL    RECORD    YEAR
 MAXIMUM TEMPERATURE (F)   64        86      2010
 MINIMUM TEMPERATURE (F)   36        21      1985


SUNRISE AND SUNSET
SEPTEMBER 28 2016.....SUNRISE   725 AM MDT   SUNSET   715 PM MDT
SEPTEMBER 29 2016.....SUNRISE   727 AM MDT   SUNSET   713 PM MDT


-  INDICATES NEGATIVE NUMBERS.
R  INDICATES RECORD WAS SET OR TIED.
MM INDICATES DATA IS MISSING.
T  INDICATES TRACE AMOUNT.




$$
