000
CDUS45 KTFX 170921
CLIDLN


CLIMATE REPORT
NATIONAL WEATHER SERVICE GREAT FALLS MT
320 AM MDT THU APR 17 2014


...................................

...THE DILLON AIRPORT MT CLIMATE SUMMARY FOR APRIL 16 2014...

CLIMATE NORMAL PERIOD 1981 TO 2010
CLIMATE RECORD PERIOD 1929 TO 2014


WEATHER ITEM   OBSERVED TIME   RECORD YEAR NORMAL DEPARTURE LAST
                VALUE   (LST)  VALUE       VALUE  FROM      YEAR
                                                  NORMAL
..................................................................
TEMPERATURE (F)
 YESTERDAY
  MAXIMUM         53    255 PM  76    1988  54     -1       35
  MINIMUM         28    535 AM  12    2013  29     -1       12
  AVERAGE         41                        42     -1       24

PRECIPITATION (IN)
  YESTERDAY        0.00          0.49 1941   0.04  -0.04     0.00
  MONTH TO DATE    0.01                      0.53  -0.52     0.11
  SINCE OCT 1      1.07                      3.01  -1.94     1.53
  SINCE JAN 1      0.58                      1.61  -1.03     0.51

SNOWFALL (IN)
  YESTERDAY       MM
  SNOW DEPTH       0

DEGREE DAYS
 HEATING
  YESTERDAY       24                                1       41
  MONTH TO DATE  374                              -32      420
  SINCE MAR 1   1298                              -58     1336
  SINCE JUL 1   7078                             -195     6751

 COOLING
  YESTERDAY        0                                0        0
  MONTH TO DATE    0                                0        0
  SINCE MAR 1      0                                0        0
  SINCE JAN 1      0                                0        0
..................................................................


WIND (MPH)
  HIGHEST WIND SPEED    21   HIGHEST WIND DIRECTION     W (290)
  HIGHEST GUST SPEED    30   HIGHEST GUST DIRECTION     W (280)
  AVERAGE WIND SPEED    10.1



WEATHER CONDITIONS
 THE FOLLOWING WEATHER WAS RECORDED YESTERDAY.
  NO SIGNIFICANT WEATHER WAS OBSERVED.


RELATIVE HUMIDITY (PERCENT)
 HIGHEST    63
 LOWEST     21
 AVERAGE    42

..........................................................


THE DILLON AIRPORT MT CLIMATE NORMALS FOR TODAY
                         NORMAL    RECORD    YEAR
 MAXIMUM TEMPERATURE (F)   55        77      1987
 MINIMUM TEMPERATURE (F)   29        11      2013


SUNRISE AND SUNSET
APRIL 17 2014.........SUNRISE   642 AM MDT   SUNSET   819 PM MDT
APRIL 18 2014.........SUNRISE   640 AM MDT   SUNSET   820 PM MDT


-  INDICATES NEGATIVE NUMBERS.
R  INDICATES RECORD WAS SET OR TIED.
MM INDICATES DATA IS MISSING.
T  INDICATES TRACE AMOUNT.




$$
