000
CDUS45 KTFX 012237
CLIDLN


CLIMATE REPORT
NATIONAL WEATHER SERVICE GREAT FALLS MT
436 PM MDT SAT AUG 1 2015


...................................

...THE DILLON AIRPORT MT CLIMATE SUMMARY FOR AUGUST 1 2015...
VALID TODAY AS OF 0400 PM LOCAL TIME.

CLIMATE NORMAL PERIOD 1981 TO 2010
CLIMATE RECORD PERIOD 1929 TO 2015


WEATHER ITEM   OBSERVED TIME   RECORD YEAR NORMAL DEPARTURE LAST
                VALUE   (LST)  VALUE       VALUE  FROM      YEAR
                                                  NORMAL
..................................................................
TEMPERATURE (F)
 TODAY
  MAXIMUM         92    258 PM  98    1931  83      9       89
  MINIMUM         48    533 AM  34    1985  50     -2       48
  AVERAGE         70                        66      4       69

PRECIPITATION (IN)
  TODAY            0.00          0.29 1944   0.03  -0.03     0.00
  MONTH TO DATE    0.00                      0.03  -0.03     0.00
  SINCE OCT 1      7.57                      8.68  -1.11     6.58
  SINCE JAN 1      6.41                      7.28  -0.87     6.09

SNOWFALL (IN)
  TODAY            0.0
  SNOW DEPTH       0

DEGREE DAYS
 HEATING
  TODAY            0                         1     -1        0
  MONTH TO DATE    0                         1     -1        0
  SINCE JUN 1    125                       279   -154      266
  SINCE JUL 1     49                        56     -7       16

 COOLING
  TODAY            5                         3      2        4
  MONTH TO DATE    5                         3      2        4
  SINCE JUN 1    148                        96     52      116
  SINCE JAN 1    148                        97     51      116
..................................................................


WIND (MPH)
  HIGHEST WIND SPEED    16   HIGHEST WIND DIRECTION     S (190)
  HIGHEST GUST SPEED    19   HIGHEST GUST DIRECTION    SW (210)
  AVERAGE WIND SPEED     9.3


SKY COVER
  AVERAGE SKY COVER 0.0


WEATHER CONDITIONS
 THE FOLLOWING WEATHER WAS RECORDED TODAY.
  HAZE


RELATIVE HUMIDITY (PERCENT)
 HIGHEST    71
 LOWEST     14
 AVERAGE    43

..........................................................


THE DILLON AIRPORT MT CLIMATE NORMALS FOR TOMORROW
                         NORMAL    RECORD    YEAR
 MAXIMUM TEMPERATURE (F)   83        98      1954
 MINIMUM TEMPERATURE (F)   50        35      1985


SUNRISE AND SUNSET
AUGUST  1 2015........SUNRISE   615 AM MDT   SUNSET   858 PM MDT
AUGUST  2 2015........SUNRISE   616 AM MDT   SUNSET   856 PM MDT


-  INDICATES NEGATIVE NUMBERS.
R  INDICATES RECORD WAS SET OR TIED.
MM INDICATES DATA IS MISSING.
T  INDICATES TRACE AMOUNT.




$$
