000
CDUS45 KTFX 292230
CLIDLN


CLIMATE REPORT
NATIONAL WEATHER SERVICE GREAT FALLS MT
430 PM MDT MON MAY 29 2017


...................................

...THE DILLON AIRPORT MT CLIMATE SUMMARY FOR MAY 29 2017...
VALID TODAY AS OF 0400 PM LOCAL TIME.

CLIMATE NORMAL PERIOD 1981 TO 2010
CLIMATE RECORD PERIOD 1929 TO 2017


WEATHER ITEM   OBSERVED TIME   RECORD YEAR NORMAL DEPARTURE LAST
                VALUE   (LST)  VALUE       VALUE  FROM      YEAR
                                                  NORMAL
..................................................................
TEMPERATURE (F)
 TODAY
  MAXIMUM         73    259 PM  87    2003  67      6       71
  MINIMUM         38    412 AM  23    1982  40     -2       36
  AVERAGE         56                        54      2       54

PRECIPITATION (IN)
  TODAY            0.00          0.64 1988   0.08  -0.08     0.00
  MONTH TO DATE    1.49                      1.78  -0.29     1.68
  SINCE OCT 1      6.77                      5.30   1.47     5.48
  SINCE JAN 1      4.23                      3.90   0.33     3.40

DEGREE DAYS
 HEATING
  TODAY            9                        12     -3       11
  MONTH TO DATE  407                       434    -27      442
  SINCE MAR 1   1823                      2086   -263     1847
  SINCE JUL 1   7778                      8003   -225     7347

 COOLING
  TODAY            0                         0      0        0
  MONTH TO DATE    0                         0      0        0
  SINCE MAR 1      0                         0      0        0
  SINCE JAN 1      0                         0      0        0
..................................................................


WIND (MPH)
  HIGHEST WIND SPEED    21   HIGHEST WIND DIRECTION    NW (320)
  HIGHEST GUST SPEED    25   HIGHEST GUST DIRECTION    NW (320)
  AVERAGE WIND SPEED     5.5


SKY COVER
  AVERAGE SKY COVER 0.0


WEATHER CONDITIONS
 THE FOLLOWING WEATHER WAS RECORDED TODAY.
  HAZE


RELATIVE HUMIDITY (PERCENT)
 HIGHEST    85
 LOWEST     27
 AVERAGE    56

..........................................................


THE DILLON AIRPORT MT CLIMATE NORMALS FOR TOMORROW
                         NORMAL    RECORD    YEAR
 MAXIMUM TEMPERATURE (F)   67        87      1986
 MINIMUM TEMPERATURE (F)   40        28      1978


SUNRISE AND SUNSET
MAY 29 2017...........SUNRISE   547 AM MDT   SUNSET   908 PM MDT
MAY 30 2017...........SUNRISE   547 AM MDT   SUNSET   909 PM MDT


-  INDICATES NEGATIVE NUMBERS.
R  INDICATES RECORD WAS SET OR TIED.
MM INDICATES DATA IS MISSING.
T  INDICATES TRACE AMOUNT.




$$
