000
CDUS41 KLWX 280528
CLIDMH


CLIMATE REPORT
NATIONAL WEATHER SERVICE BALTIMORE MD/WASHINGTON DC
126 AM EDT TUE JUL 28 2015


...................................

...THE BALTIMORE INNER HARBOR MD CLIMATE SUMMARY FOR JULY 27 2015...

CLIMATE NORMAL PERIOD 1981 TO 2010
CLIMATE RECORD PERIOD 9999 TO 9999


WEATHER ITEM   OBSERVED TIME   RECORD YEAR NORMAL DEPARTURE LAST
                VALUE   (LST)  VALUE       VALUE  FROM      YEAR
                                                  NORMAL
..................................................................
TEMPERATURE (F)
 YESTERDAY
  MAXIMUM         84    554 PM  MM      MM  88     -4       92
  MINIMUM         71    358 AM  MM      MM  73     -2       73
  AVERAGE         78                        80     -2       83

PRECIPITATION (IN)
  YESTERDAY        0.53         MM      MM   0.14   0.39     0.10
  MONTH TO DATE    1.87                      4.06  -2.19     3.44
  SINCE JUN 1      9.51                      7.33   2.18    10.21
  SINCE JAN 1     25.85                     23.42   2.43    33.26

DEGREE DAYS
 HEATING
  YESTERDAY        0                         0      0        0
  MONTH TO DATE    0                         0      0        0
  SINCE JUN 1     10                         5      5        0
  SINCE JUL 1      0                         0      0        0

 COOLING
  YESTERDAY       13                        15     -2       18
  MONTH TO DATE  391                       428    -37      385
  SINCE JUN 1    745                       765    -20      713
  SINCE JAN 1    991                       904     87      843
..................................................................


WIND (MPH)
  HIGHEST WIND SPEED    MM   HIGHEST WIND DIRECTION    MM
  HIGHEST GUST SPEED    MM   HIGHEST GUST DIRECTION    MM
  AVERAGE WIND SPEED    MM


SKY COVER
  POSSIBLE SUNSHINE  MM



RELATIVE HUMIDITY (PERCENT)
 HIGHEST    93           200 AM
 LOWEST     54          1200 AM
 AVERAGE    74

..........................................................


THE BALTIMORE INNER HARBOR MD CLIMATE NORMALS FOR TODAY
                         NORMAL
 MAXIMUM TEMPERATURE (F)   88
 MINIMUM TEMPERATURE (F)   73


SUNRISE AND SUNSET
JULY 28 2015..........SUNRISE   603 AM EDT   SUNSET   823 PM EDT
JULY 29 2015..........SUNRISE   604 AM EDT   SUNSET   822 PM EDT


-  INDICATES NEGATIVE NUMBERS.
R  INDICATES RECORD WAS SET OR TIED.
MM INDICATES DATA IS MISSING.
T  INDICATES TRACE AMOUNT.




$$
