000
CDUS41 KLWX 232140
CLIDMH


CLIMATE REPORT
NATIONAL WEATHER SERVICE BALTIMORE MD/WASHINGTON DC
439 PM EST THU FEB 23 2017


...................................

...THE BALTIMORE INNER HARBOR MD CLIMATE SUMMARY FOR FEBRUARY 23 2017...
VALID TODAY AS OF 0400 PM LOCAL TIME.

CLIMATE NORMAL PERIOD 1981 TO 2010
CLIMATE RECORD PERIOD 9999 TO 9999


WEATHER ITEM   OBSERVED TIME   RECORD YEAR NORMAL DEPARTURE LAST
                VALUE   (LST)  VALUE       VALUE  FROM      YEAR
                                                  NORMAL
..................................................................
TEMPERATURE (F)
 TODAY
  MAXIMUM         72    242 PM  MM      MM  47     25       44
  MINIMUM         50    749 AM  MM      MM  33     17       40
  AVERAGE         61                        40     21       42

PRECIPITATION (IN)
  TODAY            0.00         MM      MM   0.09  -0.09     0.57
  MONTH TO DATE    0.51                      2.17  -1.66     2.83
  SINCE DEC 1      5.44                      8.50  -3.06    12.35
  SINCE JAN 1      3.10                      5.09  -1.99     6.11

DEGREE DAYS
 HEATING
  TODAY            4                        25    -21       23
  MONTH TO DATE  438                       620   -182      629
  SINCE DEC 1   1886                      2317   -431     1980
  SINCE JUL 1   2395                      2968   -573     2508

 COOLING
  TODAY            0                         0      0        0
  MONTH TO DATE    0                         0      0        0
  SINCE DEC 1      0                         0      0        3
  SINCE JAN 1      0                         0      0        0
..................................................................


WIND (MPH)
  HIGHEST WIND SPEED    MM   HIGHEST WIND DIRECTION    MM
  HIGHEST GUST SPEED    MM   HIGHEST GUST DIRECTION    MM
  AVERAGE WIND SPEED    MM


SKY COVER
  POSSIBLE SUNSHINE  MM



RELATIVE HUMIDITY (PERCENT)
 HIGHEST    89           800 AM
 LOWEST     49           200 PM
 AVERAGE    69

..........................................................


THE BALTIMORE INNER HARBOR MD CLIMATE NORMALS FOR TOMORROW
                         NORMAL    RECORD    YEAR
 MAXIMUM TEMPERATURE (F)   48        MM        MM
 MINIMUM TEMPERATURE (F)   33        MM        MM


SUNRISE AND SUNSET
FEBRUARY 23 2017......SUNRISE   647 AM EST   SUNSET   553 PM EST
FEBRUARY 24 2017......SUNRISE   646 AM EST   SUNSET   554 PM EST


-  INDICATES NEGATIVE NUMBERS.
R  INDICATES RECORD WAS SET OR TIED.
MM INDICATES DATA IS MISSING.
T  INDICATES TRACE AMOUNT.




$$
