000
CDUS41 KLWX 230523
CLIDMH


CLIMATE REPORT
NATIONAL WEATHER SERVICE BALTIMORE MD/WASHINGTON DC
123 AM EDT SAT MAY 23 2015


...................................

...THE BALTIMORE INNER HARBOR MD CLIMATE SUMMARY FOR MAY 22 2015...

CLIMATE NORMAL PERIOD 1981 TO 2010
CLIMATE RECORD PERIOD 9999 TO 9999


WEATHER ITEM   OBSERVED TIME   RECORD YEAR NORMAL DEPARTURE LAST
                VALUE   (LST)  VALUE       VALUE  FROM      YEAR
                                                  NORMAL
..................................................................
TEMPERATURE (F)
 YESTERDAY
  MAXIMUM         76    403 PM  MM      MM  77     -1       86
  MINIMUM         52    514 AM  MM      MM  59     -7       64
  AVERAGE         64                        68     -4       75

PRECIPITATION (IN)
  YESTERDAY        0.00         MM      MM   0.12  -0.12     0.11
  MONTH TO DATE    3.13                      2.33   0.80     2.65
  SINCE MAR 1     10.52                      9.41   1.11    16.15
  SINCE JAN 1     16.34                     14.93   1.41    22.48

DEGREE DAYS
 HEATING
  YESTERDAY        1                         2     -1        0
  MONTH TO DATE   26                        70    -44       29
  SINCE MAR 1    860                       927    -67     1048
  SINCE JUL 1   4374                      4015    359     4118

 COOLING
  YESTERDAY        0                         5     -5       10
  MONTH TO DATE  139                        63     76       63
  SINCE MAR 1    148                        88     60       77
  SINCE JAN 1    148                        88     60       77
..................................................................


WIND (MPH)
  HIGHEST WIND SPEED    MM   HIGHEST WIND DIRECTION    MM
  HIGHEST GUST SPEED    MM   HIGHEST GUST DIRECTION    MM
  AVERAGE WIND SPEED    MM


SKY COVER
  POSSIBLE SUNSHINE  MM



RELATIVE HUMIDITY (PERCENT)
 HIGHEST    83          1200 AM
 LOWEST     25           400 PM
 AVERAGE    54

..........................................................


THE BALTIMORE INNER HARBOR MD CLIMATE NORMALS FOR TODAY
                         NORMAL
 MAXIMUM TEMPERATURE (F)   77
 MINIMUM TEMPERATURE (F)   59


SUNRISE AND SUNSET
MAY 23 2015...........SUNRISE   547 AM EDT   SUNSET   820 PM EDT
MAY 24 2015...........SUNRISE   546 AM EDT   SUNSET   821 PM EDT


-  INDICATES NEGATIVE NUMBERS.
R  INDICATES RECORD WAS SET OR TIED.
MM INDICATES DATA IS MISSING.
T  INDICATES TRACE AMOUNT.




$$
