000
CDUS45 KEPZ 190930
CLIDMN


CLIMATE REPORT
NATIONAL WEATHER SERVICE EL PASO, TX
329 AM MDT FRI SEP 19 2014


...................................

...THE DEMING CLIMATE SUMMARY FOR SEPTEMBER 18 2014...

CLIMATE NORMAL PERIOD 1981 TO 2010
CLIMATE RECORD PERIOD 2000 TO 2014


WEATHER ITEM   OBSERVED TIME   NORMAL DEPARTURE LAST
                VALUE   (LST)  VALUE  FROM      YEAR
                                      NORMAL
......................................................
TEMPERATURE (F)
 YESTERDAY
  MAXIMUM         66    528 PM  87              86
  MINIMUM         63    105 PM  57              61
  AVERAGE         65            72     -7       74

PRECIPITATION (IN)
  YESTERDAY        2.09          0.04   2.05     0.00
  MONTH TO DATE    4.49          0.79   3.70     3.06
  SINCE SEP 1      4.49          0.79   3.70     3.06
  SINCE JAN 1      8.07          8.38  -0.31     9.30

......................................................


WIND (MPH)
  HIGHEST WIND SPEED    18   HIGHEST WIND DIRECTION     E (70)
  HIGHEST GUST SPEED    23   HIGHEST GUST DIRECTION     E (70)
  AVERAGE WIND SPEED    10.1


SKY COVER
  AVERAGE SKY COVER 1.0


WEATHER CONDITIONS
 THE FOLLOWING WEATHER WAS RECORDED YESTERDAY.
  HEAVY RAIN
  RAIN
  LIGHT RAIN
  FOG


RELATIVE HUMIDITY (PERCENT)
 HIGHEST   100           300 AM
 LOWEST     93          1200 AM
 AVERAGE    97

..........................................................


THE DEMING CLIMATE NORMALS FOR TODAY
                         NORMAL
 MAXIMUM TEMPERATURE (F)   87
 MINIMUM TEMPERATURE (F)   57


SUNRISE AND SUNSET
SEPTEMBER 19 2014.....SUNRISE   657 AM MDT   SUNSET   711 PM MDT
SEPTEMBER 20 2014.....SUNRISE   658 AM MDT   SUNSET   710 PM MDT


-  INDICATES NEGATIVE NUMBERS.
R  INDICATES RECORD WAS SET OR TIED.
MM INDICATES DATA IS MISSING.
T  INDICATES TRACE AMOUNT.




$$
