000
CDUS45 KEPZ 282328
CLIDMN


CLIMATE REPORT
NATIONAL WEATHER SERVICE EL PASO, TX
425 PM MST FRI NOV 28 2014


...................................

...THE DEMING CLIMATE SUMMARY FOR NOVEMBER 28 2014...
VALID TODAY AS OF 0400 PM LOCAL TIME.

CLIMATE NORMAL PERIOD 1981 TO 2010
CLIMATE RECORD PERIOD 2000 TO 2014


WEATHER ITEM   OBSERVED TIME   NORMAL DEPARTURE LAST
                VALUE   (LST)  VALUE  FROM      YEAR
                                      NORMAL
......................................................
TEMPERATURE (F)
 TODAY
  MAXIMUM         69    259 PM  61      8       55
  MINIMUM         28    648 AM  30     -2       23

PRECIPITATION (IN)
  TODAY            0.00          0.03  -0.03     0.00
  MONTH TO DATE    0.51          0.66  -0.15     0.28
  SINCE SEP 1      5.69          3.02   2.67     3.40
  SINCE JAN 1      9.27         10.61  -1.34     9.64

......................................................


WIND (MPH)
  HIGHEST WIND SPEED     7   HIGHEST WIND DIRECTION    SW (220)
  HIGHEST GUST SPEED    10   HIGHEST GUST DIRECTION     S (170)


SKY COVER
  AVERAGE SKY COVER 0.0


WEATHER CONDITIONS
 THE FOLLOWING WEATHER WAS RECORDED TODAY.
  NO SIGNIFICANT WEATHER WAS OBSERVED.


RELATIVE HUMIDITY (PERCENT)
 HIGHEST    69           700 AM
 LOWEST     15           300 PM
 AVERAGE    42

..........................................................


THE DEMING CLIMATE NORMALS FOR TOMORROW
                         NORMAL
 MAXIMUM TEMPERATURE (F)   61
 MINIMUM TEMPERATURE (F)   30


SUNRISE AND SUNSET
NOVEMBER 28 2014......SUNRISE   651 AM MST   SUNSET   506 PM MST
NOVEMBER 29 2014......SUNRISE   652 AM MST   SUNSET   506 PM MST


-  INDICATES NEGATIVE NUMBERS.
R  INDICATES RECORD WAS SET OR TIED.
MM INDICATES DATA IS MISSING.
T  INDICATES TRACE AMOUNT.




$$
